2020: Jan | Feb | Mar | Apr | May | Jun | Jul | Aug | Sep | Oct | Nov | Dec 
2019: Jan | Feb | Mar | Apr | May | Jun | Jul | Aug | Sep | Oct | Nov | Dec 
2018: Jan | Feb | Mar | Apr | May | Jun | Jul | Aug | Sep | Oct | Nov | Dec 
2017: Jan | Feb | Mar | Apr | May | Jun | Jul | Aug | Sep | Oct | Nov | Dec 
2016: Jan | Feb | Mar | Apr | May | Jun | Jul | Aug | Sep | Oct | Nov | Dec 
2015: Jan | Feb | Mar | Apr | May | Jun | Jul | Aug | Sep | Oct | Nov | Dec 
2014: Jan | Feb | Mar | Apr | May | Jun | Jul | Aug | Sep | Oct | Nov | Dec 
2013: Jan | Feb | Mar | Apr | May | Jun | Jul | Aug | Sep | Oct | Nov | Dec 
2012: Jan | Feb | Mar | Apr | May | Jun | Jul | Aug | Sep | Oct | Nov | Dec 
2011: Jan | Feb | Mar | Apr | May | Jun | Jul | Aug | Sep | Oct | Nov | Dec 
2010: Jan | Feb | Mar | Apr | May | Jun | Jul | Aug | Sep | Oct | Nov | Dec 
2009: Jan | Feb | Mar | Apr | May | Jun | Jul | Aug | Sep | Oct | Nov | Dec 
2008: Jan | Feb | Mar | Apr | May | Jun | Jul | Aug | Sep | Oct | Nov | Dec 
2007: Jan | Feb | Mar | Apr | May | Jun | Jul | Aug | Sep | Oct | Nov | Dec 

Report for 2019 04
MONTHLY CLIMATOLOGICAL SUMMARY for APR. 2019 NAME: VantagePro2 CITY: Urswick STATE: Cumbria ELEV: 128 ft LAT: 54 09' 33" N LONG: 3 07' 24" W TEMPERATURE (C), RAIN (mm), WIND SPEED (mph) HEAT COOL AVG MEAN DEG DEG WIND DOM DAY TEMP HIGH TIME LOW TIME DAYS DAYS RAIN SPEED HIGH TIME DIR ------------------------------------------------------------------------------------ 1 5.9 9.9 14:25 1.9 2:15 12.4 0.0 6.0 0.0 5.0 8:40 NE 2 5.3 8.7 12:45 0.6 00:00 13.0 0.0 12.8 0.4 13.0 7:55 NW 3 4.4 8.4 13:50 0.3 1:30 13.9 0.0 1.6 1.1 14.0 10:00 NW 4 5.2 8.2 12:30 1.5 4:35 13.1 0.0 3.4 1.4 21.0 17:20 NNE 5 8.4 12.2 16:40 5.1 6:50 9.9 0.0 0.0 1.1 15.0 10:15 NNW 6 7.9 14.6 12:55 3.3 7:05 10.4 0.0 0.0 0.1 10.0 13:20 NNW 7 9.9 14.9 17:35 4.4 0:05 8.4 0.0 0.0 0.0 5.0 15:10 NNW 8 10.1 15.5 13:35 6.7 00:00 8.2 0.0 0.0 0.8 10.0 13:50 NNW 9 7.8 11.9 13:00 4.3 00:00 10.4 0.0 0.0 1.0 12.0 11:00 NNW 10 6.3 12.2 14:40 0.2 4:30 12.0 0.0 0.0 0.0 9.0 13:20 NNE 11 4.8 12.1 14:15 -2.4 6:30 13.5 0.0 0.0 0.0 6.0 9:10 SE 12 5.9 13.1 14:00 -0.7 6:30 12.4 0.0 0.0 0.1 14.0 15:55 NNE 13 5.2 11.5 15:40 0.7 5:05 13.1 0.0 0.0 0.4 14.0 14:25 NNE 14 5.1 9.8 14:15 0.8 3:25 13.2 0.0 0.0 0.3 9.0 10:15 NE 15 7.9 13.1 12:40 2.9 4:00 10.4 0.0 0.0 1.0 13.0 17:05 NNE 16 9.4 13.4 12:35 6.9 1:05 8.9 0.0 1.2 0.1 7.0 0:55 NNE 17 11.7 19.4 14:30 6.3 7:50 6.7 0.1 0.0 0.1 7.0 0:10 NNE 18 13.3 19.6 14:50 7.8 5:20 5.1 0.2 0.0 0.2 9.0 15:30 NNW 19 14.4 24.4 14:20 5.3 6:05 5.0 1.2 0.0 0.0 5.0 17:10 NNW 20 14.9 23.3 13:50 8.2 6:40 4.3 0.9 0.0 0.0 5.0 17:30 NW 21 13.2 22.9 13:30 6.6 23:40 5.8 0.7 0.0 0.0 4.0 15:10 NW 22 14.2 23.1 14:35 4.4 5:50 5.0 0.9 0.0 0.0 7.0 12:45 NNE 23 15.1 20.3 13:45 9.1 5:35 3.4 0.3 0.0 0.5 10.0 14:10 NNW 24 12.8 19.2 15:20 8.4 6:10 5.5 0.0 2.6 0.2 13.0 19:20 NNW 25 10.8 15.7 13:50 7.7 7:00 7.4 0.0 0.8 0.1 12.0 14:50 SSW 26 8.9 11.0 11:40 7.3 6:40 9.4 0.0 8.8 0.5 16.0 12:45 SSE 27 8.1 11.6 16:35 6.0 7:30 10.2 0.0 3.4 4.0 24.0 13:45 NW 28 9.8 14.7 12:40 6.2 23:20 8.4 0.0 0.0 0.4 13.0 0:05 NW 29 10.8 17.9 13:55 4.6 5:00 7.5 0.0 0.0 0.0 2.0 12:20 SSW 30 11.7 18.4 17:15 3.8 4:10 6.4 0.0 0.0 0.0 2.0 15:15 SE ------------------------------------------------------------------------------------- 9.3 24.4 19 -2.4 11 273.4 4.2 40.6 0.5 24.0 27 NNW Max >= 32.0: 0 Max <= 0.0: 0 Min <= 0.0: 2 Min <= -18.0: 0 Max Rain: 12.80 ON 02/04/19 Days of Rain: 9 (> .2 mm) 6 (> 2 mm) 0 (> 20 mm) Heat Base: 18.3 Cool Base: 18.3 Method: Integration