2020: Jan | Feb | Mar | Apr | May | Jun | Jul | Aug | Sep | Oct | Nov | Dec 
2019: Jan | Feb | Mar | Apr | May | Jun | Jul | Aug | Sep | Oct | Nov | Dec 
2018: Jan | Feb | Mar | Apr | May | Jun | Jul | Aug | Sep | Oct | Nov | Dec 
2017: Jan | Feb | Mar | Apr | May | Jun | Jul | Aug | Sep | Oct | Nov | Dec 
2016: Jan | Feb | Mar | Apr | May | Jun | Jul | Aug | Sep | Oct | Nov | Dec 
2015: Jan | Feb | Mar | Apr | May | Jun | Jul | Aug | Sep | Oct | Nov | Dec 
2014: Jan | Feb | Mar | Apr | May | Jun | Jul | Aug | Sep | Oct | Nov | Dec 
2013: Jan | Feb | Mar | Apr | May | Jun | Jul | Aug | Sep | Oct | Nov | Dec 
2012: Jan | Feb | Mar | Apr | May | Jun | Jul | Aug | Sep | Oct | Nov | Dec 
2011: Jan | Feb | Mar | Apr | May | Jun | Jul | Aug | Sep | Oct | Nov | Dec 
2010: Jan | Feb | Mar | Apr | May | Jun | Jul | Aug | Sep | Oct | Nov | Dec 
2009: Jan | Feb | Mar | Apr | May | Jun | Jul | Aug | Sep | Oct | Nov | Dec 
2008: Jan | Feb | Mar | Apr | May | Jun | Jul | Aug | Sep | Oct | Nov | Dec 
2007: Jan | Feb | Mar | Apr | May | Jun | Jul | Aug | Sep | Oct | Nov | Dec 

Report for 2019 05
MONTHLY CLIMATOLOGICAL SUMMARY for MAY. 2019 NAME: VantagePro2 CITY: Urswick STATE: Cumbria ELEV: 128 ft LAT: 54 09' 33" N LONG: 3 07' 24" W TEMPERATURE (C), RAIN (mm), WIND SPEED (mph) HEAT COOL AVG MEAN DEG DEG WIND DOM DAY TEMP HIGH TIME LOW TIME DAYS DAYS RAIN SPEED HIGH TIME DIR ------------------------------------------------------------------------------------ 1 10.8 14.4 13:25 5.8 23:55 7.5 0.0 1.6 0.0 8.0 15:05 SSE 2 9.9 13.8 17:15 4.2 4:05 8.4 0.0 3.2 0.6 13.0 14:05 NW 3 7.4 10.5 14:35 5.4 6:30 10.9 0.0 1.4 0.1 8.0 20:00 NNW 4 7.1 12.0 14:30 1.7 5:15 11.2 0.0 0.0 0.9 12.0 16:30 NNE 5 7.6 12.3 12:25 2.2 3:45 10.7 0.0 0.0 0.8 15.0 15:45 NW 6 8.0 11.8 13:30 2.6 6:20 10.3 0.0 1.8 0.4 10.0 12:15 NW 7 8.8 14.1 14:15 4.2 2:15 9.5 0.0 1.8 0.1 7.0 15:35 NNW 8 7.9 9.1 11:55 6.9 22:50 10.4 0.0 5.0 0.2 10.0 17:05 NNW 9 7.4 10.2 12:50 5.6 23:45 10.8 0.0 1.8 0.1 9.0 2:45 NNW 10 7.9 14.2 18:10 4.8 4:50 10.4 0.0 2.6 0.0 5.0 13:55 NNW 11 8.6 13.8 13:35 0.4 6:00 9.7 0.0 0.0 1.2 16.0 15:25 NW 12 8.1 15.4 11:30 -0.6 5:25 10.2 0.0 0.0 0.0 9.0 12:30 NW 13 10.9 19.3 18:20 2.8 0:25 7.4 0.0 0.0 0.1 10.0 14:35 NW 14 13.6 23.1 14:05 4.9 5:15 5.7 1.0 0.0 0.0 2.0 8:45 SE 15 14.2 23.4 14:05 6.4 4:00 4.9 0.9 0.0 0.0 5.0 18:05 NNW 16 13.4 18.8 14:15 7.7 5:10 4.9 0.0 0.0 0.3 11.0 16:05 NNW 17 13.6 20.5 16:30 8.2 7:05 4.9 0.2 2.2 0.2 8.0 17:20 NNW 18 12.7 17.7 17:40 7.4 23:55 5.6 0.0 0.0 0.1 9.0 12:35 NNW 19 12.2 16.2 12:55 7.4 0:05 6.1 0.0 0.0 0.2 9.0 11:30 NW 20 12.3 15.9 13:10 8.2 23:25 6.0 0.0 0.0 0.4 13.0 12:35 NW 21 11.5 15.5 13:40 5.0 00:00 6.8 0.0 0.0 0.6 14.0 15:55 NW 22 10.3 16.8 12:10 3.1 5:40 8.0 0.0 0.0 0.3 11.0 12:10 NNW 23 10.8 16.4 18:00 3.9 2:20 7.5 0.0 0.0 0.1 8.0 13:40 NNW 24 11.4 16.3 17:00 4.3 5:10 6.9 0.0 0.0 0.9 16.0 13:10 NNW 25 11.3 14.7 11:10 5.1 5:10 7.0 0.0 1.0 0.1 10.0 0:45 NNW 26 13.7 16.3 13:35 11.4 23:05 4.7 0.0 6.6 0.7 18.0 12:50 SSE 27 11.3 14.8 12:30 7.7 22:15 7.0 0.0 7.4 0.2 11.0 8:55 NW 28 10.9 15.4 13:10 3.6 00:00 7.4 0.0 0.4 0.6 13.0 14:15 NNW 29 9.2 14.3 13:30 1.5 4:15 9.1 0.0 18.2 0.3 18.0 22:45 SSE 30 14.1 17.6 15:50 12.9 1:15 4.2 0.0 1.6 1.3 19.0 17:45 SSE 31 13.5 16.1 17:20 12.4 5:50 4.8 0.0 2.0 1.9 24.0 20:20 SSE ------------------------------------------------------------------------------------- 10.6 23.4 15 -0.6 12 239.1 2.1 58.6 0.4 24.0 31 NNW Max >= 32.0: 0 Max <= 0.0: 0 Min <= 0.0: 1 Min <= -18.0: 0 Max Rain: 18.21 ON 29/05/19 Days of Rain: 16 (> .2 mm) 8 (> 2 mm) 0 (> 20 mm) Heat Base: 18.3 Cool Base: 18.3 Method: Integration