2020: Jan | Feb | Mar | Apr | May | Jun | Jul | Aug | Sep | Oct | Nov | Dec 
2019: Jan | Feb | Mar | Apr | May | Jun | Jul | Aug | Sep | Oct | Nov | Dec 
2018: Jan | Feb | Mar | Apr | May | Jun | Jul | Aug | Sep | Oct | Nov | Dec 
2017: Jan | Feb | Mar | Apr | May | Jun | Jul | Aug | Sep | Oct | Nov | Dec 
2016: Jan | Feb | Mar | Apr | May | Jun | Jul | Aug | Sep | Oct | Nov | Dec 
2015: Jan | Feb | Mar | Apr | May | Jun | Jul | Aug | Sep | Oct | Nov | Dec 
2014: Jan | Feb | Mar | Apr | May | Jun | Jul | Aug | Sep | Oct | Nov | Dec 
2013: Jan | Feb | Mar | Apr | May | Jun | Jul | Aug | Sep | Oct | Nov | Dec 
2012: Jan | Feb | Mar | Apr | May | Jun | Jul | Aug | Sep | Oct | Nov | Dec 
2011: Jan | Feb | Mar | Apr | May | Jun | Jul | Aug | Sep | Oct | Nov | Dec 
2010: Jan | Feb | Mar | Apr | May | Jun | Jul | Aug | Sep | Oct | Nov | Dec 
2009: Jan | Feb | Mar | Apr | May | Jun | Jul | Aug | Sep | Oct | Nov | Dec 
2008: Jan | Feb | Mar | Apr | May | Jun | Jul | Aug | Sep | Oct | Nov | Dec 
2007: Jan | Feb | Mar | Apr | May | Jun | Jul | Aug | Sep | Oct | Nov | Dec 

Report for 2019 06
MONTHLY CLIMATOLOGICAL SUMMARY for JUN. 2019 NAME: VantagePro2 CITY: Urswick STATE: Cumbria ELEV: 128 ft LAT: 54 09' 33" N LONG: 3 07' 24" W TEMPERATURE (C), RAIN (mm), WIND SPEED (mph) HEAT COOL AVG MEAN DEG DEG WIND DOM DAY TEMP HIGH TIME LOW TIME DAYS DAYS RAIN SPEED HIGH TIME DIR ------------------------------------------------------------------------------------ 1 13.7 20.1 19:35 8.1 5:30 4.6 0.1 1.4 0.0 7.0 0:35 SE 2 14.6 16.1 18:05 12.2 23:50 3.7 0.0 4.6 1.1 22.0 16:00 SSE 3 13.2 16.0 14:20 10.7 4:35 5.2 0.0 0.0 1.9 20.0 16:30 SSE 4 12.3 17.2 12:40 9.9 22:55 6.0 0.0 12.0 0.0 7.0 0:05 NNW 5 11.4 14.1 15:25 8.3 00:00 6.9 0.0 2.0 0.4 14.0 18:10 SSE 6 11.9 18.3 20:30 5.2 5:25 6.4 0.0 0.0 0.1 11.0 10:45 SE 7 11.4 18.4 11:50 5.2 4:55 6.9 0.0 11.4 0.1 9.0 14:35 NNW 8 10.9 12.8 17:25 9.6 5:30 7.4 0.0 15.8 0.4 13.0 13:00 NNW 9 12.7 17.3 17:55 6.4 00:00 5.6 0.0 0.0 0.1 11.0 9:25 SSE 10 12.4 19.6 16:45 4.7 3:40 5.9 0.0 0.0 0.1 8.0 12:25 NNW 11 11.3 14.8 11:50 8.9 22:55 7.0 0.0 5.2 0.4 12.0 14:40 NNW 12 11.2 14.1 14:40 8.5 4:30 7.1 0.0 8.6 0.2 11.0 9:10 NNW 13 10.7 13.1 14:55 8.8 23:40 7.6 0.0 6.6 0.2 11.0 7:00 NNW 14 11.4 16.4 17:00 3.4 5:00 6.9 0.0 2.2 0.0 8.0 11:45 SSE 15 13.1 17.2 13:55 7.3 23:10 5.2 0.0 0.0 0.2 13.0 13:25 SSE 16 13.1 19.2 13:05 6.9 1:40 5.2 0.0 10.2 0.4 14.0 16:25 SSE 17 14.4 18.7 14:20 11.8 4:20 3.9 0.0 0.6 1.7 19.0 12:00 SSE 18 14.8 19.3 14:30 11.8 1:20 3.6 0.1 0.0 0.1 9.0 0:10 SSE 19 14.8 19.9 12:30 11.2 4:40 3.6 0.1 1.0 0.0 8.0 18:45 SSE 20 13.6 16.7 14:15 9.7 23:10 4.7 0.0 0.0 0.2 12.0 11:35 SSE 21 13.3 17.7 18:30 6.4 23:50 5.0 0.0 0.0 0.3 10.0 9:45 NNW 22 14.4 23.4 18:20 4.1 3:55 5.1 1.2 0.0 0.0 6.0 14:10 NNW 23 16.3 21.2 13:10 13.4 23:55 2.2 0.2 1.8 0.3 10.0 11:40 NNW 24 17.6 23.2 17:55 13.4 0:25 1.9 1.1 5.6 0.0 5.0 13:45 NNW 25 16.8 21.8 16:25 12.6 1:40 1.9 0.4 0.0 0.2 7.0 11:05 NW 26 16.6 23.7 17:35 11.0 00:00 2.9 1.2 0.0 0.0 5.0 9:10 NNW 27 18.0 27.0 14:05 6.4 4:40 3.4 3.1 0.0 0.1 9.0 16:25 NNW 28 18.4 26.2 17:30 12.2 2:55 2.0 2.1 0.0 0.6 11.0 11:15 NNW 29 18.4 26.1 14:50 13.9 4:00 1.3 1.4 0.6 0.1 9.0 15:10 NNW 30 16.5 19.7 14:25 14.2 2:55 2.0 0.1 0.0 1.9 20.0 16:20 SSE ------------------------------------------------------------------------------------- 14.0 27.0 27 3.4 14 140.7 11.2 89.6 0.4 22.0 2 SSE Max >= 32.0: 0 Max <= 0.0: 0 Min <= 0.0: 0 Min <= -18.0: 0 Max Rain: 15.80 ON 08/06/19 Days of Rain: 16 (> .2 mm) 11 (> 2 mm) 0 (> 20 mm) Heat Base: 18.3 Cool Base: 18.3 Method: Integration