2020: Jan | Feb | Mar | Apr | May | Jun | Jul | Aug | Sep | Oct | Nov | Dec 
2019: Jan | Feb | Mar | Apr | May | Jun | Jul | Aug | Sep | Oct | Nov | Dec 
2018: Jan | Feb | Mar | Apr | May | Jun | Jul | Aug | Sep | Oct | Nov | Dec 
2017: Jan | Feb | Mar | Apr | May | Jun | Jul | Aug | Sep | Oct | Nov | Dec 
2016: Jan | Feb | Mar | Apr | May | Jun | Jul | Aug | Sep | Oct | Nov | Dec 
2015: Jan | Feb | Mar | Apr | May | Jun | Jul | Aug | Sep | Oct | Nov | Dec 
2014: Jan | Feb | Mar | Apr | May | Jun | Jul | Aug | Sep | Oct | Nov | Dec 
2013: Jan | Feb | Mar | Apr | May | Jun | Jul | Aug | Sep | Oct | Nov | Dec 
2012: Jan | Feb | Mar | Apr | May | Jun | Jul | Aug | Sep | Oct | Nov | Dec 
2011: Jan | Feb | Mar | Apr | May | Jun | Jul | Aug | Sep | Oct | Nov | Dec 
2010: Jan | Feb | Mar | Apr | May | Jun | Jul | Aug | Sep | Oct | Nov | Dec 
2009: Jan | Feb | Mar | Apr | May | Jun | Jul | Aug | Sep | Oct | Nov | Dec 
2008: Jan | Feb | Mar | Apr | May | Jun | Jul | Aug | Sep | Oct | Nov | Dec 
2007: Jan | Feb | Mar | Apr | May | Jun | Jul | Aug | Sep | Oct | Nov | Dec 

Report for 2019 07
MONTHLY CLIMATOLOGICAL SUMMARY for JUL. 2019 NAME: VantagePro2 CITY: Urswick STATE: Cumbria ELEV: 128 ft LAT: 54 09' 33" N LONG: 3 07' 24" W TEMPERATURE (C), RAIN (mm), WIND SPEED (mph) HEAT COOL AVG MEAN DEG DEG WIND DOM DAY TEMP HIGH TIME LOW TIME DAYS DAYS RAIN SPEED HIGH TIME DIR ------------------------------------------------------------------------------------ 1 14.9 17.8 13:45 11.9 23:40 3.4 0.0 0.0 1.9 21.0 13:35 NNW 2 14.4 18.8 13:45 8.7 2:50 4.0 0.0 0.0 1.1 12.0 11:35 NNW 3 14.1 20.7 14:20 4.7 5:15 4.7 0.4 0.0 0.2 9.0 15:45 NNW 4 14.2 18.8 12:35 7.7 3:55 4.2 0.0 0.0 0.2 12.0 13:40 NNW 5 16.1 20.6 14:10 13.4 2:05 2.4 0.1 0.0 0.2 9.0 14:10 NNW 6 15.9 19.7 18:30 11.3 22:40 2.5 0.1 0.0 0.6 13.0 15:20 NNW 7 16.1 20.4 19:55 11.7 0:40 2.6 0.4 0.0 0.2 9.0 14:45 NNW 8 15.8 21.3 16:05 11.2 6:25 3.1 0.6 0.0 0.0 4.0 18:25 NNW 9 15.2 17.8 17:30 13.3 6:30 3.2 0.0 1.4 0.0 8.0 17:20 SSE 10 16.2 20.3 14:45 12.9 1:30 2.3 0.1 1.4 0.1 10.0 11:20 SE 11 17.0 21.8 14:30 13.6 22:00 1.7 0.5 1.6 0.2 12.0 13:05 SSE 12 16.4 20.3 14:10 13.1 4:35 2.3 0.4 0.6 1.2 15.0 12:55 NNW 13 16.6 22.7 14:30 11.1 00:00 2.7 0.9 0.0 0.3 10.0 13:40 NNW 14 16.8 22.9 14:45 10.1 0:40 2.7 1.3 0.0 0.0 0.0 --- --- 15 17.2 25.4 14:45 9.3 5:20 3.1 2.1 0.0 0.0 1.0 12:40 SE 16 16.7 23.3 13:20 10.2 5:20 2.9 1.3 0.0 0.1 9.0 14:15 SSE 17 14.9 20.1 12:55 9.7 3:25 3.5 0.2 9.6 0.8 19.0 12:50 SSE 18 15.6 18.9 14:30 10.3 5:15 2.8 0.0 2.6 0.6 12.0 20:05 SSE 19 15.9 19.2 18:15 11.9 3:10 2.4 0.0 2.0 0.3 12.0 18:20 SSE 20 16.3 18.4 17:40 14.9 23:15 2.0 0.0 10.2 0.6 15.0 13:40 SE 21 16.6 19.8 13:15 13.2 3:30 1.9 0.2 29.4 0.8 15.0 13:00 SSE 22 18.7 21.9 17:55 16.6 0:05 0.5 0.9 2.0 2.5 28.0 5:55 SSE 23 22.1 28.8 17:30 16.4 5:15 0.4 4.3 0.0 0.0 8.0 0:40 SE 24 20.2 23.2 0:15 16.2 00:00 0.2 2.1 9.8 0.0 9.0 12:40 SE 25 21.8 31.0 14:10 15.7 5:55 0.5 4.0 2.2 0.0 5.0 22:20 NNW 26 18.9 23.3 11:40 15.4 23:55 0.7 1.3 0.0 0.0 8.0 16:10 SE 27 15.6 17.7 12:45 14.5 22:05 2.7 0.0 15.4 0.0 1.0 9:25 NNE 28 16.1 19.2 12:20 14.4 6:20 2.2 0.0 19.0 0.0 2.0 23:50 NNW 29 16.7 22.2 18:05 12.6 22:45 2.2 0.6 6.2 0.0 5.0 4:45 NNW 30 16.9 24.4 14:10 12.8 2:45 2.2 0.8 18.4 0.0 2.0 14:00 NNW 31 17.4 22.2 15:00 14.1 00:00 1.5 0.7 0.4 0.1 12.0 15:45 NNW ------------------------------------------------------------------------------------- 16.7 31.0 25 4.7 3 73.4 23.6 132.2 0.4 28.0 22 NNW Max >= 32.0: 0 Max <= 0.0: 0 Min <= 0.0: 0 Min <= -18.0: 0 Max Rain: 29.39 ON 21/07/19 Days of Rain: 17 (> .2 mm) 12 (> 2 mm) 1 (> 20 mm) Heat Base: 18.3 Cool Base: 18.3 Method: Integration