2020: Jan | Feb | Mar | Apr | May | Jun | Jul | Aug | Sep | Oct | Nov | Dec 
2019: Jan | Feb | Mar | Apr | May | Jun | Jul | Aug | Sep | Oct | Nov | Dec 
2018: Jan | Feb | Mar | Apr | May | Jun | Jul | Aug | Sep | Oct | Nov | Dec 
2017: Jan | Feb | Mar | Apr | May | Jun | Jul | Aug | Sep | Oct | Nov | Dec 
2016: Jan | Feb | Mar | Apr | May | Jun | Jul | Aug | Sep | Oct | Nov | Dec 
2015: Jan | Feb | Mar | Apr | May | Jun | Jul | Aug | Sep | Oct | Nov | Dec 
2014: Jan | Feb | Mar | Apr | May | Jun | Jul | Aug | Sep | Oct | Nov | Dec 
2013: Jan | Feb | Mar | Apr | May | Jun | Jul | Aug | Sep | Oct | Nov | Dec 
2012: Jan | Feb | Mar | Apr | May | Jun | Jul | Aug | Sep | Oct | Nov | Dec 
2011: Jan | Feb | Mar | Apr | May | Jun | Jul | Aug | Sep | Oct | Nov | Dec 
2010: Jan | Feb | Mar | Apr | May | Jun | Jul | Aug | Sep | Oct | Nov | Dec 
2009: Jan | Feb | Mar | Apr | May | Jun | Jul | Aug | Sep | Oct | Nov | Dec 
2008: Jan | Feb | Mar | Apr | May | Jun | Jul | Aug | Sep | Oct | Nov | Dec 
2007: Jan | Feb | Mar | Apr | May | Jun | Jul | Aug | Sep | Oct | Nov | Dec 

Report for 2019 08
MONTHLY CLIMATOLOGICAL SUMMARY for AUG. 2019 NAME: VantagePro2 CITY: Urswick STATE: Cumbria ELEV: 128 ft LAT: 54 09' 33" N LONG: 3 07' 24" W TEMPERATURE (C), RAIN (mm), WIND SPEED (mph) HEAT COOL AVG MEAN DEG DEG WIND DOM DAY TEMP HIGH TIME LOW TIME DAYS DAYS RAIN SPEED HIGH TIME DIR ------------------------------------------------------------------------------------ 1 17.1 23.5 13:10 11.7 5:20 2.2 0.9 0.2 0.0 4.0 17:25 NNE 2 17.6 24.2 14:15 10.7 4:55 2.4 1.7 0.0 0.0 1.0 17:45 NNW 3 19.3 26.3 14:05 12.6 4:55 1.2 2.2 0.0 0.0 0.0 --- --- 4 18.7 23.5 12:05 14.4 22:30 0.8 1.2 1.2 0.0 0.0 --- --- 5 17.0 19.5 17:30 14.6 7:45 1.5 0.2 1.4 0.1 15.0 18:50 SE 6 16.5 18.9 15:50 15.5 23:00 1.8 0.0 10.8 0.8 19.0 18:20 SE 7 16.3 20.2 13:10 14.1 00:00 2.1 0.1 0.0 0.0 8.0 16:10 SE 8 16.7 22.8 18:00 11.4 5:50 2.4 0.8 0.0 0.0 1.0 5:25 NNW 9 17.8 23.7 13:15 14.6 4:05 1.2 0.8 40.2 0.0 8.0 21:55 SE 10 16.2 17.1 14:40 14.9 22:05 2.1 0.0 31.8 3.7 27.0 17:25 SSE 11 13.7 15.2 0:05 11.6 22:40 4.6 0.0 7.2 0.8 23.0 0:25 SSE 12 13.2 16.9 17:55 9.1 6:20 5.1 0.0 0.0 0.1 10.0 13:20 NNW 13 12.9 17.9 14:10 8.7 23:50 5.4 0.0 7.0 0.0 9.0 13:45 SSE 14 13.9 16.4 19:35 8.8 0:05 4.4 0.0 16.4 0.0 7.0 22:55 SE 15 15.1 17.6 12:50 11.7 21:40 3.3 0.0 1.0 1.2 20.0 7:45 NNW 16 15.3 16.7 20:20 14.0 6:55 3.0 0.0 23.8 1.2 15.0 20:20 SSE 17 15.7 17.9 13:30 13.7 7:15 2.6 0.0 2.6 2.4 20.0 13:50 SSE 18 15.3 17.2 17:25 13.7 5:25 3.0 0.0 0.4 2.2 22.0 15:40 SSE 19 14.9 17.2 17:05 12.8 6:15 3.4 0.0 0.2 0.6 14.0 13:50 SSE 20 14.7 17.8 14:45 12.4 6:05 3.6 0.0 11.4 0.1 11.0 14:10 SSE 21 15.3 18.4 12:40 13.3 0:35 3.0 0.0 8.2 1.4 24.0 22:05 SSE 22 15.8 17.1 19:05 14.1 0:05 2.5 0.0 22.2 1.8 20.0 16:35 SSE 23 17.0 20.6 17:45 13.4 22:05 1.7 0.3 0.0 0.7 15.0 2:15 SSE 24 17.4 25.7 14:20 10.6 4:40 2.6 1.8 0.2 0.0 12.0 15:45 SE 25 18.2 29.4 14:25 12.3 00:00 2.1 2.0 0.0 0.1 9.0 15:35 NNW 26 17.1 21.3 14:10 12.0 0:45 1.8 0.6 0.0 0.0 1.0 12:30 SE 27 15.5 23.6 13:10 10.3 5:55 3.3 0.4 0.6 0.0 1.0 12:35 SE 28 14.5 16.0 17:45 9.9 23:50 3.8 0.0 4.4 0.2 15.0 13:20 SSE 29 15.9 18.5 16:00 10.8 0:05 2.3 0.0 0.4 3.0 25.0 14:20 SSE 30 16.7 17.5 15:15 15.8 10:30 1.7 0.0 1.0 3.9 22.0 5:55 SSE 31 14.7 16.6 14:20 11.6 21:25 3.7 0.0 8.6 1.0 18.0 0:50 SSE ------------------------------------------------------------------------------------- 16.0 29.4 25 8.7 13 84.5 13.0 201.2 0.8 27.0 10 SSE Max >= 32.0: 0 Max <= 0.0: 0 Min <= 0.0: 0 Min <= -18.0: 0 Max Rain: 40.21 ON 09/08/19 Days of Rain: 23 (> .2 mm) 13 (> 2 mm) 4 (> 20 mm) Heat Base: 18.3 Cool Base: 18.3 Method: Integration