2020: Jan | Feb | Mar | Apr | May | Jun | Jul | Aug | Sep | Oct | Nov | Dec 
2019: Jan | Feb | Mar | Apr | May | Jun | Jul | Aug | Sep | Oct | Nov | Dec 
2018: Jan | Feb | Mar | Apr | May | Jun | Jul | Aug | Sep | Oct | Nov | Dec 
2017: Jan | Feb | Mar | Apr | May | Jun | Jul | Aug | Sep | Oct | Nov | Dec 
2016: Jan | Feb | Mar | Apr | May | Jun | Jul | Aug | Sep | Oct | Nov | Dec 
2015: Jan | Feb | Mar | Apr | May | Jun | Jul | Aug | Sep | Oct | Nov | Dec 
2014: Jan | Feb | Mar | Apr | May | Jun | Jul | Aug | Sep | Oct | Nov | Dec 
2013: Jan | Feb | Mar | Apr | May | Jun | Jul | Aug | Sep | Oct | Nov | Dec 
2012: Jan | Feb | Mar | Apr | May | Jun | Jul | Aug | Sep | Oct | Nov | Dec 
2011: Jan | Feb | Mar | Apr | May | Jun | Jul | Aug | Sep | Oct | Nov | Dec 
2010: Jan | Feb | Mar | Apr | May | Jun | Jul | Aug | Sep | Oct | Nov | Dec 
2009: Jan | Feb | Mar | Apr | May | Jun | Jul | Aug | Sep | Oct | Nov | Dec 
2008: Jan | Feb | Mar | Apr | May | Jun | Jul | Aug | Sep | Oct | Nov | Dec 
2007: Jan | Feb | Mar | Apr | May | Jun | Jul | Aug | Sep | Oct | Nov | Dec 

Report for 2019 09
MONTHLY CLIMATOLOGICAL SUMMARY for SEP. 2019 NAME: VantagePro2 CITY: Urswick STATE: Cumbria ELEV: 128 ft LAT: 54 09' 33" N LONG: 3 07' 24" W TEMPERATURE (C), RAIN (mm), WIND SPEED (mph) HEAT COOL AVG MEAN DEG DEG WIND DOM DAY TEMP HIGH TIME LOW TIME DAYS DAYS RAIN SPEED HIGH TIME DIR ------------------------------------------------------------------------------------ 1 12.8 15.5 13:50 11.4 5:35 5.4 0.0 1.4 0.5 14.0 14:30 NNW 2 13.1 15.1 13:40 9.3 4:05 5.2 0.0 7.8 0.9 25.0 16:25 SSE 3 15.4 16.8 16:35 14.1 0:05 2.9 0.0 6.6 1.5 16.0 15:40 SSE 4 13.3 15.9 0:05 10.7 23:50 5.0 0.0 5.0 1.6 20.0 16:50 NNW 5 12.2 16.3 15:00 6.8 6:35 6.1 0.0 0.4 0.5 15.0 14:30 SSE 6 14.0 16.4 12:45 12.1 00:00 4.3 0.0 0.2 1.8 18.0 5:15 NNW 7 12.6 17.8 14:30 5.5 00:00 4.8 0.0 0.0 0.0 5.0 2:15 NNW 8 11.9 17.3 12:50 4.0 2:45 5.5 0.0 0.0 0.0 1.0 12:30 N 9 12.6 15.2 17:05 9.7 22:45 4.9 0.0 3.8 0.0 0.0 --- --- 10 12.3 16.1 13:35 6.2 4:50 5.2 0.0 2.6 0.1 12.0 22:50 SE 11 15.3 17.3 13:05 12.8 0:05 2.5 0.0 9.8 0.9 18.0 2:25 SSE 12 14.5 16.7 13:40 10.2 00:00 3.2 0.0 3.8 1.4 22.0 15:55 SSE 13 10.4 15.6 14:20 5.8 4:20 7.9 0.0 0.0 0.0 7.0 14:35 NNW 14 11.7 18.4 14:05 3.9 6:20 6.6 0.0 0.2 0.7 20.0 16:10 SSE 15 13.6 15.8 2:30 11.2 23:40 4.8 0.0 0.8 0.4 20.0 0:10 NNW 16 11.3 16.2 13:35 6.9 6:35 7.0 0.0 0.0 0.0 0.0 --- --- 17 11.1 16.4 13:10 5.2 23:45 7.3 0.0 0.0 0.0 0.0 --- --- 18 10.4 16.0 14:55 3.9 1:45 7.8 0.0 0.0 0.0 0.0 --- --- 19 10.8 18.6 14:15 4.9 6:40 7.5 0.0 0.0 0.0 0.0 --- --- 20 13.4 21.0 13:45 6.8 1:55 5.2 0.3 0.2 0.0 0.0 --- --- 21 15.5 21.0 14:20 11.1 3:20 3.3 0.5 0.0 0.0 1.0 5:10 NNE 22 15.4 17.8 13:15 13.1 23:45 2.9 0.0 15.0 0.0 0.0 --- --- 23 14.7 18.2 14:30 11.6 7:55 3.6 0.0 4.0 0.0 1.0 8:20 N 24 15.0 16.1 12:40 13.5 21:10 3.3 0.0 18.2 0.0 0.0 --- --- 25 14.8 16.8 13:35 13.1 2:25 3.5 0.0 6.4 0.0 0.0 --- --- 26 14.4 15.9 13:00 12.2 6:50 3.8 0.0 12.2 1.3 20.0 14:30 SSE 27 12.7 14.4 12:20 11.6 5:30 5.6 0.0 12.4 0.3 15.0 0:15 SSE 28 13.4 15.8 13:45 11.8 9:40 4.9 0.0 12.0 0.6 16.0 5:45 SSE 29 11.2 13.3 17:40 8.6 22:00 7.1 0.0 36.0 0.0 8.0 15:15 NNW 30 10.5 15.2 12:10 5.2 4:50 7.8 0.0 11.8 0.0 5.0 23:20 NW ------------------------------------------------------------------------------------- 13.0 21.0 20 3.9 14 155.0 0.8 170.6 0.4 25.0 2 SSE Max >= 32.0: 0 Max <= 0.0: 0 Min <= 0.0: 0 Min <= -18.0: 0 Max Rain: 35.99 ON 29/09/19 Days of Rain: 22 (> .2 mm) 16 (> 2 mm) 1 (> 20 mm) Heat Base: 18.3 Cool Base: 18.3 Method: Integration