2020: Jan | Feb | Mar | Apr | May | Jun | Jul | Aug | Sep | Oct | Nov | Dec 
2019: Jan | Feb | Mar | Apr | May | Jun | Jul | Aug | Sep | Oct | Nov | Dec 
2018: Jan | Feb | Mar | Apr | May | Jun | Jul | Aug | Sep | Oct | Nov | Dec 
2017: Jan | Feb | Mar | Apr | May | Jun | Jul | Aug | Sep | Oct | Nov | Dec 
2016: Jan | Feb | Mar | Apr | May | Jun | Jul | Aug | Sep | Oct | Nov | Dec 
2015: Jan | Feb | Mar | Apr | May | Jun | Jul | Aug | Sep | Oct | Nov | Dec 
2014: Jan | Feb | Mar | Apr | May | Jun | Jul | Aug | Sep | Oct | Nov | Dec 
2013: Jan | Feb | Mar | Apr | May | Jun | Jul | Aug | Sep | Oct | Nov | Dec 
2012: Jan | Feb | Mar | Apr | May | Jun | Jul | Aug | Sep | Oct | Nov | Dec 
2011: Jan | Feb | Mar | Apr | May | Jun | Jul | Aug | Sep | Oct | Nov | Dec 
2010: Jan | Feb | Mar | Apr | May | Jun | Jul | Aug | Sep | Oct | Nov | Dec 
2009: Jan | Feb | Mar | Apr | May | Jun | Jul | Aug | Sep | Oct | Nov | Dec 
2008: Jan | Feb | Mar | Apr | May | Jun | Jul | Aug | Sep | Oct | Nov | Dec 
2007: Jan | Feb | Mar | Apr | May | Jun | Jul | Aug | Sep | Oct | Nov | Dec 

Report for 2019 10
MONTHLY CLIMATOLOGICAL SUMMARY for OCT. 2019 NAME: VantagePro2 CITY: Urswick STATE: Cumbria ELEV: 128 ft LAT: 54 09' 33" N LONG: 3 07' 24" W TEMPERATURE (C), RAIN (mm), WIND SPEED (mph) HEAT COOL AVG MEAN DEG DEG WIND DOM DAY TEMP HIGH TIME LOW TIME DAYS DAYS RAIN SPEED HIGH TIME DIR ------------------------------------------------------------------------------------ 1 8.3 10.3 2:25 1.1 23:30 10.0 0.0 32.2 0.3 10.0 11:20 NNW 2 5.0 11.9 13:10 0.0 7:35 13.3 0.0 0.0 0.1 8.0 15:35 NNW 3 6.6 12.0 15:25 0.6 5:15 11.7 0.0 16.8 0.0 12.0 23:45 SE 4 11.9 14.8 13:45 8.0 00:00 6.4 0.0 13.8 0.0 9.0 3:35 SSE 5 10.6 13.9 14:30 6.3 1:20 7.7 0.0 17.0 0.0 0.0 --- --- 6 11.2 13.6 12:10 8.2 19:40 7.1 0.0 25.4 0.1 10.0 12:40 NNW 7 11.9 14.3 16:55 10.4 8:50 6.4 0.0 4.2 0.2 13.0 13:20 SE 8 12.5 14.2 14:35 10.9 9:35 5.8 0.0 1.0 1.6 19.0 18:00 SSE 9 11.6 12.7 13:50 10.7 8:10 6.7 0.0 0.8 0.7 19.0 13:45 SSE 10 12.3 14.2 20:20 10.5 2:30 6.0 0.0 5.4 1.1 15.0 12:25 SSE 11 12.6 14.2 14:25 11.3 4:50 5.7 0.0 5.0 0.8 22.0 2:10 SSE 12 11.4 15.1 14:05 8.3 20:15 6.9 0.0 0.0 0.2 11.0 13:40 SSE 13 9.8 11.9 14:35 7.6 3:20 8.4 0.0 13.6 0.0 13.0 19:20 SSE 14 9.6 13.2 14:40 6.1 3:10 8.7 0.0 0.4 0.0 2.0 16:10 NNE 15 10.2 12.6 11:40 6.9 7:15 8.1 0.0 0.6 0.0 4.0 14:05 SE 16 10.3 13.1 13:55 5.5 21:40 8.0 0.0 4.8 0.0 9.0 9:35 SSE 17 9.3 13.6 14:50 5.6 0:20 9.0 0.0 0.4 0.0 5.0 14:05 SE 18 9.3 11.9 15:10 6.7 8:20 9.0 0.0 7.6 0.0 4.0 14:05 SE 19 7.2 12.9 14:20 2.2 8:10 11.1 0.0 1.0 0.0 6.0 15:40 NNW 20 6.7 10.6 14:55 1.9 8:30 11.6 0.0 0.2 0.0 6.0 11:35 NNE 21 7.3 11.9 12:30 2.5 20:35 11.0 0.0 0.0 0.0 4.0 12:35 NNW 22 10.2 12.3 14:20 5.5 0:05 8.1 0.0 0.0 0.2 15.0 14:40 SE 23 10.7 13.1 14:10 9.4 5:20 7.6 0.0 0.0 0.2 10.0 13:20 SE 24 9.9 12.6 13:05 5.6 00:00 8.4 0.0 2.8 0.0 7.0 16:25 SE 25 4.7 6.9 12:15 0.6 6:00 13.6 0.0 12.8 0.0 2.0 16:25 N 26 6.0 7.7 14:40 5.1 5:00 12.3 0.0 4.6 0.1 9.0 19:45 NNE 27 7.3 10.5 13:30 0.9 00:00 11.0 0.0 0.6 0.3 15.0 0:50 NNW 28 1.9 7.9 13:25 -1.8 23:45 16.3 0.0 0.2 0.0 1.0 10:50 NNW 29 4.7 9.6 13:40 -1.7 0:10 13.7 0.0 0.0 0.0 8.0 13:05 NNW 30 5.7 9.4 12:55 2.0 1:40 12.7 0.0 0.2 0.0 7.0 12:10 NNE 31 6.3 9.5 15:00 2.6 5:55 12.0 0.0 4.4 0.0 6.0 10:40 NNE ------------------------------------------------------------------------------------- 8.8 15.1 12 -1.8 28 294.5 0.0 175.8 0.2 22.0 11 SSE Max >= 32.0: 0 Max <= 0.0: 0 Min <= 0.0: 3 Min <= -18.0: 0 Max Rain: 32.21 ON 01/10/19 Days of Rain: 25 (> .2 mm) 15 (> 2 mm) 2 (> 20 mm) Heat Base: 18.3 Cool Base: 18.3 Method: Integration