2020: Jan | Feb | Mar | Apr | May | Jun | Jul | Aug | Sep | Oct | Nov | Dec 
2019: Jan | Feb | Mar | Apr | May | Jun | Jul | Aug | Sep | Oct | Nov | Dec 
2018: Jan | Feb | Mar | Apr | May | Jun | Jul | Aug | Sep | Oct | Nov | Dec 
2017: Jan | Feb | Mar | Apr | May | Jun | Jul | Aug | Sep | Oct | Nov | Dec 
2016: Jan | Feb | Mar | Apr | May | Jun | Jul | Aug | Sep | Oct | Nov | Dec 
2015: Jan | Feb | Mar | Apr | May | Jun | Jul | Aug | Sep | Oct | Nov | Dec 
2014: Jan | Feb | Mar | Apr | May | Jun | Jul | Aug | Sep | Oct | Nov | Dec 
2013: Jan | Feb | Mar | Apr | May | Jun | Jul | Aug | Sep | Oct | Nov | Dec 
2012: Jan | Feb | Mar | Apr | May | Jun | Jul | Aug | Sep | Oct | Nov | Dec 
2011: Jan | Feb | Mar | Apr | May | Jun | Jul | Aug | Sep | Oct | Nov | Dec 
2010: Jan | Feb | Mar | Apr | May | Jun | Jul | Aug | Sep | Oct | Nov | Dec 
2009: Jan | Feb | Mar | Apr | May | Jun | Jul | Aug | Sep | Oct | Nov | Dec 
2008: Jan | Feb | Mar | Apr | May | Jun | Jul | Aug | Sep | Oct | Nov | Dec 
2007: Jan | Feb | Mar | Apr | May | Jun | Jul | Aug | Sep | Oct | Nov | Dec 

Report for 2019 11
MONTHLY CLIMATOLOGICAL SUMMARY for NOV. 2019 NAME: VantagePro2 CITY: Urswick STATE: Cumbria ELEV: 128 ft LAT: 54 09' 33" N LONG: 3 07' 24" W TEMPERATURE (C), RAIN (mm), WIND SPEED (mph) HEAT COOL AVG MEAN DEG DEG WIND DOM DAY TEMP HIGH TIME LOW TIME DAYS DAYS RAIN SPEED HIGH TIME DIR ------------------------------------------------------------------------------------ 1 10.4 12.3 22:35 7.8 0:05 7.9 0.0 41.2 0.0 7.0 15:05 SE 2 8.3 12.1 0:05 3.1 20:35 10.0 0.0 4.2 0.0 12.0 4:40 SE 3 6.8 10.7 14:20 0.8 6:05 11.5 0.0 1.4 0.0 4.0 10:00 NNW 4 8.4 9.7 13:30 6.4 19:35 9.9 0.0 2.6 0.0 7.0 23:40 NNW 5 8.3 10.5 12:30 3.6 23:00 10.0 0.0 0.0 0.3 10.0 5:15 NNE 6 4.9 6.2 17:10 3.1 1:45 13.3 0.0 3.6 0.0 1.0 11:55 NNE 7 6.1 7.4 15:10 4.9 0:20 12.2 0.0 15.4 0.1 9.0 6:50 NNW 8 4.2 6.9 12:20 0.7 00:00 14.1 0.0 0.0 0.2 8.0 1:30 NNE 9 2.9 5.3 12:20 -1.4 5:35 15.4 0.0 0.4 0.1 8.0 15:55 NNE 10 2.9 6.3 14:30 -2.6 7:45 15.3 0.0 6.0 0.0 8.0 23:30 SE 11 6.2 8.7 11:10 3.7 18:30 12.1 0.0 15.6 0.6 19.0 14:20 NNW 12 6.1 8.4 14:30 1.2 23:55 12.2 0.0 4.2 0.0 14.0 6:35 NNW 13 2.2 5.9 14:55 -1.1 4:50 16.1 0.0 1.4 0.0 1.0 16:45 NNE 14 4.3 6.1 13:15 2.2 0:25 14.0 0.0 0.0 0.0 8.0 12:45 NNE 15 6.2 8.8 12:00 3.2 22:40 12.1 0.0 0.0 0.0 4.0 6:20 NNE 16 7.1 9.7 13:50 4.8 18:15 11.2 0.0 0.0 0.0 1.0 0:20 NNW 17 5.2 7.4 13:45 -0.2 23:55 13.1 0.0 5.4 0.0 0.0 --- --- 18 -0.4 4.4 13:45 -3.4 22:05 18.7 0.0 0.0 0.0 0.0 --- --- 19 1.6 6.1 22:10 -3.6 0:35 16.7 0.0 0.2 0.0 1.0 12:15 N 20 5.8 7.9 13:25 3.9 00:00 12.5 0.0 0.0 0.0 1.0 10:35 NNE 21 4.6 5.7 12:40 2.9 5:30 13.7 0.0 0.0 0.0 4.0 14:25 NNE 22 6.4 7.7 13:05 5.2 0:10 11.9 0.0 6.2 0.0 6.0 21:40 NNE 23 8.3 9.7 12:50 6.7 20:20 10.0 0.0 2.0 0.0 4.0 0:25 NNE 24 7.9 8.6 11:45 7.1 3:30 10.4 0.0 2.2 0.0 0.0 --- --- 25 8.7 9.7 22:30 7.4 0:05 9.6 0.0 6.0 0.0 0.0 --- --- 26 8.6 10.1 15:35 7.3 23:40 9.7 0.0 5.6 0.0 0.0 --- --- 27 6.9 9.6 14:20 5.3 6:50 11.4 0.0 3.0 0.0 1.0 0:15 NNW 28 5.3 7.8 9:50 -1.8 23:40 13.0 0.0 6.6 0.0 0.0 --- --- 29 -1.2 4.5 13:50 -3.8 8:00 19.4 0.0 0.2 0.0 0.0 --- --- 30 0.6 4.8 13:30 -3.1 0:10 17.7 0.0 0.2 0.0 0.0 --- --- ------------------------------------------------------------------------------------- 5.5 12.3 1 -3.8 29 385.3 0.0 133.6 0.0 19.0 11 NNE Max >= 32.0: 0 Max <= 0.0: 0 Min <= 0.0: 9 Min <= -18.0: 0 Max Rain: 41.20 ON 01/11/19 Days of Rain: 22 (> .2 mm) 16 (> 2 mm) 1 (> 20 mm) Heat Base: 18.3 Cool Base: 18.3 Method: Integration