2020: Jan | Feb | Mar | Apr | May | Jun | Jul | Aug | Sep | Oct | Nov | Dec 
2019: Jan | Feb | Mar | Apr | May | Jun | Jul | Aug | Sep | Oct | Nov | Dec 
2018: Jan | Feb | Mar | Apr | May | Jun | Jul | Aug | Sep | Oct | Nov | Dec 
2017: Jan | Feb | Mar | Apr | May | Jun | Jul | Aug | Sep | Oct | Nov | Dec 
2016: Jan | Feb | Mar | Apr | May | Jun | Jul | Aug | Sep | Oct | Nov | Dec 
2015: Jan | Feb | Mar | Apr | May | Jun | Jul | Aug | Sep | Oct | Nov | Dec 
2014: Jan | Feb | Mar | Apr | May | Jun | Jul | Aug | Sep | Oct | Nov | Dec 
2013: Jan | Feb | Mar | Apr | May | Jun | Jul | Aug | Sep | Oct | Nov | Dec 
2012: Jan | Feb | Mar | Apr | May | Jun | Jul | Aug | Sep | Oct | Nov | Dec 
2011: Jan | Feb | Mar | Apr | May | Jun | Jul | Aug | Sep | Oct | Nov | Dec 
2010: Jan | Feb | Mar | Apr | May | Jun | Jul | Aug | Sep | Oct | Nov | Dec 
2009: Jan | Feb | Mar | Apr | May | Jun | Jul | Aug | Sep | Oct | Nov | Dec 
2008: Jan | Feb | Mar | Apr | May | Jun | Jul | Aug | Sep | Oct | Nov | Dec 
2007: Jan | Feb | Mar | Apr | May | Jun | Jul | Aug | Sep | Oct | Nov | Dec 

Report for 2019 12
MONTHLY CLIMATOLOGICAL SUMMARY for DEC. 2019 NAME: VantagePro2 CITY: Urswick STATE: Cumbria ELEV: 128 ft LAT: 54 09' 33" N LONG: 3 07' 24" W TEMPERATURE (C), RAIN (mm), WIND SPEED (mph) HEAT COOL AVG MEAN DEG DEG WIND DOM DAY TEMP HIGH TIME LOW TIME DAYS DAYS RAIN SPEED HIGH TIME DIR ------------------------------------------------------------------------------------ 1 -1.6 3.8 14:05 -5.2 00:00 19.9 0.0 0.2 0.0 0.0 --- --- 2 2.1 7.1 20:50 -5.2 2:40 16.2 0.0 0.2 0.0 0.0 --- --- 3 6.5 8.9 12:30 3.3 21:45 11.8 0.0 0.0 0.0 1.0 12:40 SSE 4 6.3 8.6 17:50 4.5 4:45 12.0 0.0 0.0 0.2 180.0 14:15 SSE 5 8.9 10.8 20:45 6.7 3:25 9.4 0.0 10.0 0.4 24.0 18:40 SSE 6 9.7 10.8 2:55 8.2 20:10 8.7 0.0 0.8 0.1 14.0 4:30 SSE 7 8.8 9.6 00:00 7.6 8:10 9.5 0.0 9.8 0.1 24.0 19:20 SE 8 7.9 11.2 1:40 6.8 21:20 10.3 0.0 1.8 0.3 21.0 7:50 SSE 9 4.3 7.4 0:10 -1.1 20:35 13.9 0.0 0.0 0.4 20.0 9:10 NNW 10 6.3 10.8 15:30 0.8 0:05 12.0 0.0 18.0 0.1 23.0 16:10 SE 11 5.8 6.9 10:20 4.6 19:20 12.5 0.0 0.2 0.0 10.0 9:35 SE 12 3.9 5.0 0:05 2.8 6:05 14.3 0.0 15.4 0.0 8.0 1:20 SE 13 5.5 7.2 13:30 3.3 1:25 12.8 0.0 8.4 0.0 11.0 20:40 NNW 14 5.3 6.4 17:30 3.3 23:40 13.0 0.0 0.0 0.0 18.0 13:55 SSE 15 3.8 6.0 13:05 1.0 3:35 14.5 0.0 8.8 0.0 5.0 20:05 SE 16 4.7 7.2 13:45 0.8 00:00 13.6 0.0 9.2 0.0 12.0 4:05 SE 17 1.9 6.3 12:25 -0.5 6:35 16.4 0.0 1.6 0.0 0.0 --- --- 18 3.4 8.4 00:00 -1.0 1:05 14.8 0.0 10.0 0.0 7.0 22:20 SSW 19 8.8 9.9 11:50 7.4 22:10 9.5 0.0 12.4 0.0 7.0 23:50 SE 20 6.6 8.0 4:10 2.6 23:35 11.7 0.0 0.2 0.0 4.0 1:45 SE 21 5.3 6.7 13:55 2.8 00:00 13.0 0.0 0.8 0.0 1.0 4:35 SSW 22 5.4 7.2 13:00 2.4 0:10 12.9 0.0 13.6 0.0 8.0 13:50 SE 23 6.8 8.3 12:20 2.8 23:35 11.5 0.0 0.0 0.0 9.0 18:05 SE 24 5.7 7.9 12:20 2.8 21:10 12.6 0.0 12.0 0.0 9.0 23:10 NNW 25 5.7 7.9 13:45 2.2 18:35 12.7 0.0 0.0 0.0 4.0 1:30 NNW 26 5.0 5.6 13:25 3.8 23:20 13.3 0.0 1.6 0.0 5.0 8:50 NNE 27 6.3 7.5 20:50 3.3 6:15 12.0 0.0 0.4 0.0 0.0 --- --- 28 7.2 8.3 4:00 5.3 21:05 11.1 0.0 0.0 0.0 0.0 --- --- 29 5.8 8.6 14:15 2.9 22:00 12.5 0.0 0.2 0.0 0.0 --- --- 30 5.4 9.0 14:45 1.0 23:30 12.9 0.0 0.2 0.0 6.0 13:30 SE 31 2.7 5.7 13:35 -0.8 5:00 15.7 0.0 0.2 0.0 1.0 15:40 ENE ------------------------------------------------------------------------------------- 5.5 11.2 8 -5.2 2 397.3 0.0 136.0 0.1 180.0 4 SE Max >= 32.0: 0 Max <= 0.0: 0 Min <= 0.0: 6 Min <= -18.0: 0 Max Rain: 18.01 ON 10/12/19 Days of Rain: 24 (> .2 mm) 11 (> 2 mm) 0 (> 20 mm) Heat Base: 18.3 Cool Base: 18.3 Method: Integration