2020: Jan | Feb | Mar | Apr | May | Jun | Jul | Aug | Sep | Oct | Nov | Dec 
2019: Jan | Feb | Mar | Apr | May | Jun | Jul | Aug | Sep | Oct | Nov | Dec 
2018: Jan | Feb | Mar | Apr | May | Jun | Jul | Aug | Sep | Oct | Nov | Dec 
2017: Jan | Feb | Mar | Apr | May | Jun | Jul | Aug | Sep | Oct | Nov | Dec 
2016: Jan | Feb | Mar | Apr | May | Jun | Jul | Aug | Sep | Oct | Nov | Dec 
2015: Jan | Feb | Mar | Apr | May | Jun | Jul | Aug | Sep | Oct | Nov | Dec 
2014: Jan | Feb | Mar | Apr | May | Jun | Jul | Aug | Sep | Oct | Nov | Dec 
2013: Jan | Feb | Mar | Apr | May | Jun | Jul | Aug | Sep | Oct | Nov | Dec 
2012: Jan | Feb | Mar | Apr | May | Jun | Jul | Aug | Sep | Oct | Nov | Dec 
2011: Jan | Feb | Mar | Apr | May | Jun | Jul | Aug | Sep | Oct | Nov | Dec 
2010: Jan | Feb | Mar | Apr | May | Jun | Jul | Aug | Sep | Oct | Nov | Dec 
2009: Jan | Feb | Mar | Apr | May | Jun | Jul | Aug | Sep | Oct | Nov | Dec 
2008: Jan | Feb | Mar | Apr | May | Jun | Jul | Aug | Sep | Oct | Nov | Dec 
2007: Jan | Feb | Mar | Apr | May | Jun | Jul | Aug | Sep | Oct | Nov | Dec 

Report for 2020 02
MONTHLY CLIMATOLOGICAL SUMMARY for FEB. 2020 NAME: VantagePro2 CITY: Urswick STATE: Cumbria ELEV: 128 ft LAT: 54 09' 33" N LONG: 3 07' 24" W TEMPERATURE (C), RAIN (mm), WIND SPEED (mph) HEAT COOL AVG MEAN DEG DEG WIND DOM DAY TEMP HIGH TIME LOW TIME DAYS DAYS RAIN SPEED HIGH TIME DIR ------------------------------------------------------------------------------------ 1 7.7 9.1 0:05 3.7 23:50 10.6 0.0 0.2 0.5 24.0 5:20 SSE 2 6.9 9.4 14:50 3.2 1:05 11.4 0.0 6.0 0.1 15.0 22:50 SE 3 6.7 8.6 0:05 4.7 18:40 11.7 0.0 0.0 0.0 14.0 0:35 SSE 4 6.3 9.7 13:20 1.8 23:40 12.0 0.0 0.6 1.5 25.0 2:25 NW 5 4.0 7.6 14:25 -0.7 7:30 14.3 0.0 0.0 0.0 1.0 3:40 SE 6 4.7 8.3 13:05 0.3 19:40 13.6 0.0 0.2 0.0 1.0 3:10 N 7 4.2 8.1 14:30 -1.3 8:15 14.1 0.0 0.2 0.0 8.0 19:15 SW 8 7.2 8.8 13:55 5.3 8:40 11.1 0.0 15.4 0.4 22.0 17:45 SE 9 8.3 10.4 13:15 6.1 22:55 10.0 0.0 34.8 2.3 29.0 9:25 SSE 10 5.3 6.7 13:20 4.1 14:40 13.0 0.0 0.4 1.8 27.0 10:30 SW 11 4.4 5.4 0:15 3.6 7:35 13.8 0.0 0.0 2.2 24.0 1:30 SW 12 4.1 6.6 13:45 0.3 20:30 14.3 0.0 0.0 0.4 19.0 2:20 SW 13 4.2 8.0 13:55 0.8 19:35 14.1 0.0 4.0 0.0 9.0 4:25 SW 14 4.9 8.8 15:40 -0.5 1:15 13.4 0.0 7.4 0.0 11.0 12:55 SSE 15 7.2 9.3 14:00 3.4 2:50 11.1 0.0 24.2 0.3 19.0 19:45 SSE 16 6.9 8.8 13:50 5.1 6:25 11.3 0.0 3.8 2.1 31.0 20:15 SSE 17 6.7 8.8 11:45 4.9 20:35 11.6 0.0 0.0 2.3 31.0 3:30 SSE 18 5.5 7.3 14:00 3.9 23:55 12.8 0.0 3.4 0.8 21.0 13:50 SSE 19 5.8 8.2 20:50 3.6 3:15 12.5 0.0 23.8 0.6 21.0 20:30 SSE 20 6.2 8.2 7:10 3.8 13:10 12.1 0.0 18.2 0.5 22.0 7:15 SSE 21 7.7 8.8 19:20 5.3 0:05 10.6 0.0 3.2 2.3 30.0 20:55 SSE 22 6.9 9.1 1:35 5.3 14:50 11.3 0.0 5.8 0.5 26.0 1:30 SSE 23 5.2 6.9 13:50 2.7 23:55 13.1 0.0 14.6 0.2 19.0 10:20 NW 24 4.4 9.3 13:25 0.2 5:20 13.9 0.0 26.2 0.2 24.0 12:15 SSE 25 4.2 6.7 12:00 1.9 20:10 14.1 0.0 2.4 0.1 19.0 17:05 NW 26 3.7 5.9 12:40 1.8 20:30 14.6 0.0 6.0 0.5 19.0 12:40 NW 27 3.4 5.6 13:50 0.1 23:30 14.9 0.0 4.8 1.3 22.0 13:10 NW 28 4.7 8.7 18:50 -0.4 1:45 13.6 0.0 9.2 0.2 13.0 18:40 SSE 29 6.3 8.9 3:35 3.9 17:25 12.0 0.0 11.8 2.8 29.0 16:30 SSE ------------------------------------------------------------------------------------- 5.6 10.4 9 -1.3 7 367.0 0.0 226.6 0.8 31.0 16 SSE Max >= 32.0: 0 Max <= 0.0: 0 Min <= 0.0: 4 Min <= -18.0: 0 Max Rain: 34.80 ON 09/02/20 Days of Rain: 24 (> .2 mm) 19 (> 2 mm) 4 (> 20 mm) Heat Base: 18.3 Cool Base: 18.3 Method: Integration