2020: Jan | Feb | Mar | Apr | May | Jun | Jul | Aug | Sep | Oct | Nov | Dec 
2019: Jan | Feb | Mar | Apr | May | Jun | Jul | Aug | Sep | Oct | Nov | Dec 
2018: Jan | Feb | Mar | Apr | May | Jun | Jul | Aug | Sep | Oct | Nov | Dec 
2017: Jan | Feb | Mar | Apr | May | Jun | Jul | Aug | Sep | Oct | Nov | Dec 
2016: Jan | Feb | Mar | Apr | May | Jun | Jul | Aug | Sep | Oct | Nov | Dec 
2015: Jan | Feb | Mar | Apr | May | Jun | Jul | Aug | Sep | Oct | Nov | Dec 
2014: Jan | Feb | Mar | Apr | May | Jun | Jul | Aug | Sep | Oct | Nov | Dec 
2013: Jan | Feb | Mar | Apr | May | Jun | Jul | Aug | Sep | Oct | Nov | Dec 
2012: Jan | Feb | Mar | Apr | May | Jun | Jul | Aug | Sep | Oct | Nov | Dec 
2011: Jan | Feb | Mar | Apr | May | Jun | Jul | Aug | Sep | Oct | Nov | Dec 
2010: Jan | Feb | Mar | Apr | May | Jun | Jul | Aug | Sep | Oct | Nov | Dec 
2009: Jan | Feb | Mar | Apr | May | Jun | Jul | Aug | Sep | Oct | Nov | Dec 
2008: Jan | Feb | Mar | Apr | May | Jun | Jul | Aug | Sep | Oct | Nov | Dec 
2007: Jan | Feb | Mar | Apr | May | Jun | Jul | Aug | Sep | Oct | Nov | Dec 

Report for 2020 03
MONTHLY CLIMATOLOGICAL SUMMARY for MAR. 2020 NAME: VantagePro2 CITY: Urswick STATE: Cumbria ELEV: 128 ft LAT: 54 09' 33" N LONG: 3 07' 24" W TEMPERATURE (C), RAIN (mm), WIND SPEED (mph) HEAT COOL AVG MEAN DEG DEG WIND DOM DAY TEMP HIGH TIME LOW TIME DAYS DAYS RAIN SPEED HIGH TIME DIR ------------------------------------------------------------------------------------ 1 5.9 7.9 11:55 4.0 23:30 12.4 0.0 0.0 3.1 26.0 1:30 SSE 2 4.7 6.6 11:15 3.2 3:25 13.6 0.0 1.6 0.2 14.0 13:50 SSE 3 4.2 7.6 13:30 -0.5 22:25 14.1 0.0 3.0 0.6 19.0 11:55 NW 4 3.8 8.7 13:50 -0.4 0:20 14.5 0.0 0.0 0.0 1.0 12:45 NE 5 3.3 10.9 13:05 -1.2 6:10 15.0 0.0 0.0 0.0 5.0 14:30 NW 6 3.5 9.7 14:00 -2.3 7:30 14.8 0.0 0.2 0.0 8.0 15:10 SE 7 7.3 10.3 14:45 1.1 0:05 11.0 0.0 6.4 0.7 22.0 18:20 SSE 8 7.6 9.7 12:45 5.7 20:40 10.8 0.0 5.4 1.1 22.0 10:55 SSE 9 7.0 9.7 23:35 5.4 3:40 11.3 0.0 18.2 0.9 24.0 21:05 SSE 10 8.6 10.3 14:15 4.1 00:00 9.8 0.0 3.0 1.0 21.0 9:15 SSE 11 6.7 9.9 11:20 3.3 00:00 11.6 0.0 7.2 1.3 24.0 9:45 SSE 12 5.4 8.4 12:50 2.9 0:45 12.9 0.0 0.6 2.7 32.0 14:30 SSE 13 5.8 9.6 13:20 1.6 6:35 12.5 0.0 0.8 0.1 11.0 1:45 NNE 14 7.6 10.7 13:25 5.1 0:05 10.7 0.0 3.0 0.4 16.0 23:35 SSE 15 7.5 9.4 13:40 5.1 23:55 10.8 0.0 0.4 0.8 15.0 1:20 SSE 16 6.7 9.6 12:05 2.4 1:40 11.6 0.0 2.0 1.3 24.0 21:45 SSE 17 8.7 10.1 17:20 6.9 23:55 9.6 0.0 5.8 1.7 24.0 21:05 SSE 18 5.8 8.3 13:00 1.1 00:00 12.5 0.0 0.6 0.0 9.0 0:30 NW 19 3.6 10.4 13:10 -1.6 5:45 14.7 0.0 0.2 0.0 7.0 16:10 NW 20 3.9 10.4 12:50 -1.2 2:20 14.4 0.0 0.0 0.2 10.0 17:00 NNE 21 5.1 9.8 12:40 2.3 2:40 13.3 0.0 0.0 0.3 11.0 16:05 NNE 22 5.7 11.2 13:50 2.4 2:15 12.6 0.0 0.0 0.0 7.0 21:50 NNE 23 5.7 11.6 14:10 -0.6 4:45 12.6 0.0 0.0 0.0 6.0 10:40 SSW 24 8.4 14.4 16:05 3.8 6:15 9.9 0.0 0.0 0.0 7.0 18:30 SE 25 9.0 16.2 13:35 3.7 5:30 9.3 0.0 0.0 0.0 4.0 1:00 SE 26 7.4 16.4 12:35 0.3 6:00 10.9 0.0 0.0 0.0 6.0 12:55 NW 27 6.6 15.1 12:35 -1.2 6:30 11.7 0.0 0.0 0.0 4.0 13:25 NNW 28 6.7 11.0 12:35 2.4 21:15 11.6 0.0 0.0 0.7 16.0 14:40 NNE 29 4.1 8.5 13:15 0.7 21:05 13.7 0.0 0.0 0.7 18.0 9:15 NNE 30 7.0 11.7 13:25 2.9 7:45 11.3 0.0 0.0 0.2 10.0 0:10 NNE 31 6.0 10.7 14:00 0.8 7:10 12.3 0.0 0.0 0.1 9.0 19:20 NW ------------------------------------------------------------------------------------- 6.1 16.4 26 -2.3 6 377.4 0.0 58.4 0.6 32.0 12 SSE Max >= 32.0: 0 Max <= 0.0: 0 Min <= 0.0: 8 Min <= -18.0: 0 Max Rain: 18.21 ON 09/03/20 Days of Rain: 16 (> .2 mm) 9 (> 2 mm) 0 (> 20 mm) Heat Base: 18.3 Cool Base: 18.3 Method: Integration