2020: Jan | Feb | Mar | Apr | May | Jun | Jul | Aug | Sep | Oct | Nov | Dec 
2019: Jan | Feb | Mar | Apr | May | Jun | Jul | Aug | Sep | Oct | Nov | Dec 
2018: Jan | Feb | Mar | Apr | May | Jun | Jul | Aug | Sep | Oct | Nov | Dec 
2017: Jan | Feb | Mar | Apr | May | Jun | Jul | Aug | Sep | Oct | Nov | Dec 
2016: Jan | Feb | Mar | Apr | May | Jun | Jul | Aug | Sep | Oct | Nov | Dec 
2015: Jan | Feb | Mar | Apr | May | Jun | Jul | Aug | Sep | Oct | Nov | Dec 
2014: Jan | Feb | Mar | Apr | May | Jun | Jul | Aug | Sep | Oct | Nov | Dec 
2013: Jan | Feb | Mar | Apr | May | Jun | Jul | Aug | Sep | Oct | Nov | Dec 
2012: Jan | Feb | Mar | Apr | May | Jun | Jul | Aug | Sep | Oct | Nov | Dec 
2011: Jan | Feb | Mar | Apr | May | Jun | Jul | Aug | Sep | Oct | Nov | Dec 
2010: Jan | Feb | Mar | Apr | May | Jun | Jul | Aug | Sep | Oct | Nov | Dec 
2009: Jan | Feb | Mar | Apr | May | Jun | Jul | Aug | Sep | Oct | Nov | Dec 
2008: Jan | Feb | Mar | Apr | May | Jun | Jul | Aug | Sep | Oct | Nov | Dec 
2007: Jan | Feb | Mar | Apr | May | Jun | Jul | Aug | Sep | Oct | Nov | Dec 

Report for 2020 04
MONTHLY CLIMATOLOGICAL SUMMARY for APR. 2020 NAME: VantagePro2 CITY: Urswick STATE: Cumbria ELEV: 128 ft LAT: 54 09' 33" N LONG: 3 07' 24" W TEMPERATURE (C), RAIN (mm), WIND SPEED (mph) HEAT COOL AVG MEAN DEG DEG WIND DOM DAY TEMP HIGH TIME LOW TIME DAYS DAYS RAIN SPEED HIGH TIME DIR ------------------------------------------------------------------------------------ 1 7.2 9.6 14:20 5.2 7:05 11.2 0.0 0.0 0.5 16.0 16:30 NW 2 7.5 10.6 13:35 5.1 23:25 10.8 0.0 0.6 1.4 23.0 12:30 NW 3 7.0 10.3 15:15 3.2 6:15 11.3 0.0 0.6 0.1 13.0 17:05 SSE 4 9.0 12.4 16:20 5.6 7:25 9.3 0.0 0.0 0.1 12.0 3:50 SSE 5 12.3 17.8 15:50 6.4 5:05 6.0 0.0 0.0 0.0 10.0 20:40 SSW 6 10.5 14.0 0:05 4.7 00:00 7.8 0.0 1.0 0.9 18.0 8:35 SSE 7 8.5 16.1 14:05 2.0 4:00 9.8 0.0 0.0 0.0 7.0 16:35 SSE 8 9.2 17.5 13:35 2.1 2:05 9.1 0.0 0.0 0.0 6.0 13:50 NW 9 10.4 16.8 14:20 3.3 4:05 7.9 0.0 0.0 0.1 7.0 12:15 NNE 10 13.1 20.3 15:40 7.7 6:35 5.4 0.2 0.0 0.0 2.0 0:40 NNW 11 11.9 17.7 12:40 5.0 22:35 6.4 0.0 0.0 0.0 7.0 15:10 NW 12 10.9 17.7 16:40 6.7 00:00 7.4 0.0 0.0 0.9 14.0 21:55 NNW 13 6.6 10.7 14:55 1.7 23:40 11.8 0.0 0.0 0.7 13.0 0:25 NNW 14 4.3 11.9 13:35 -2.6 5:15 14.0 0.0 0.0 0.0 7.0 14:30 SE 15 6.6 14.8 13:25 -0.9 6:30 11.8 0.0 0.0 0.0 7.0 14:10 NW 16 10.0 19.1 14:35 0.7 4:00 8.3 0.0 0.0 0.0 9.0 15:20 NNE 17 9.6 15.8 12:35 5.3 5:55 8.7 0.0 0.0 0.1 11.0 10:25 NNE 18 8.6 14.1 14:15 4.4 3:20 9.7 0.0 0.0 0.0 7.0 0:20 NNW 19 10.0 16.8 13:40 2.9 6:25 8.3 0.0 0.0 0.0 10.0 14:55 NNE 20 9.6 16.2 14:20 3.3 4:40 8.7 0.0 0.0 1.0 12.0 10:55 NNW 21 11.2 18.0 14:00 5.7 3:10 7.1 0.0 0.0 1.8 14.0 11:35 NNW 22 12.0 20.7 13:35 5.5 5:40 6.6 0.3 0.0 0.1 9.0 12:05 NNW 23 12.5 20.7 14:25 5.2 6:10 6.1 0.3 0.0 0.0 2.0 2:50 NNW 24 11.6 21.1 17:50 1.6 6:10 7.1 0.4 0.0 0.0 5.0 22:05 NNE 25 12.1 19.9 14:30 5.4 4:25 6.2 0.1 0.0 0.0 4.0 17:15 NNW 26 9.6 12.4 12:10 6.1 4:35 8.8 0.0 0.0 0.0 9.0 15:05 NW 27 9.2 14.7 13:20 2.7 6:10 9.1 0.0 0.0 0.1 9.0 16:35 NW 28 7.4 10.0 15:45 4.9 4:30 10.9 0.0 2.8 0.0 7.0 10:40 NNE 29 7.2 11.3 18:05 4.4 21:30 11.1 0.0 3.6 0.0 10.0 18:20 NNE 30 7.8 10.4 14:50 2.8 00:00 10.5 0.0 3.8 0.1 10.0 9:45 SE ------------------------------------------------------------------------------------- 9.4 21.1 24 -2.6 14 267.3 1.2 12.4 0.3 23.0 2 NNW Max >= 32.0: 0 Max <= 0.0: 0 Min <= 0.0: 2 Min <= -18.0: 0 Max Rain: 3.81 ON 30/04/20 Days of Rain: 6 (> .2 mm) 3 (> 2 mm) 0 (> 20 mm) Heat Base: 18.3 Cool Base: 18.3 Method: Integration