2020: Jan | Feb | Mar | Apr | May | Jun | Jul | Aug | Sep | Oct | Nov | Dec 
2019: Jan | Feb | Mar | Apr | May | Jun | Jul | Aug | Sep | Oct | Nov | Dec 
2018: Jan | Feb | Mar | Apr | May | Jun | Jul | Aug | Sep | Oct | Nov | Dec 
2017: Jan | Feb | Mar | Apr | May | Jun | Jul | Aug | Sep | Oct | Nov | Dec 
2016: Jan | Feb | Mar | Apr | May | Jun | Jul | Aug | Sep | Oct | Nov | Dec 
2015: Jan | Feb | Mar | Apr | May | Jun | Jul | Aug | Sep | Oct | Nov | Dec 
2014: Jan | Feb | Mar | Apr | May | Jun | Jul | Aug | Sep | Oct | Nov | Dec 
2013: Jan | Feb | Mar | Apr | May | Jun | Jul | Aug | Sep | Oct | Nov | Dec 
2012: Jan | Feb | Mar | Apr | May | Jun | Jul | Aug | Sep | Oct | Nov | Dec 
2011: Jan | Feb | Mar | Apr | May | Jun | Jul | Aug | Sep | Oct | Nov | Dec 
2010: Jan | Feb | Mar | Apr | May | Jun | Jul | Aug | Sep | Oct | Nov | Dec 
2009: Jan | Feb | Mar | Apr | May | Jun | Jul | Aug | Sep | Oct | Nov | Dec 
2008: Jan | Feb | Mar | Apr | May | Jun | Jul | Aug | Sep | Oct | Nov | Dec 
2007: Jan | Feb | Mar | Apr | May | Jun | Jul | Aug | Sep | Oct | Nov | Dec 

Report for 2020 05
MONTHLY CLIMATOLOGICAL SUMMARY for MAY. 2020 NAME: VantagePro2 CITY: Urswick STATE: Cumbria ELEV: 128 ft LAT: 54 09' 33" N LONG: 3 07' 24" W TEMPERATURE (C), RAIN (mm), WIND SPEED (mph) HEAT COOL AVG MEAN DEG DEG WIND DOM DAY TEMP HIGH TIME LOW TIME DAYS DAYS RAIN SPEED HIGH TIME DIR ------------------------------------------------------------------------------------ 1 7.8 12.2 16:45 2.4 0:30 10.5 0.0 5.6 0.0 8.0 9:30 NW 2 9.5 14.2 12:55 3.3 3:50 8.8 0.0 0.2 0.3 13.0 14:10 NW 3 9.7 17.5 13:35 2.9 5:50 8.7 0.0 0.0 0.0 7.0 13:40 NW 4 9.8 17.0 13:40 2.1 4:25 8.5 0.0 0.0 0.1 10.0 16:55 NNE 5 9.6 15.7 14:10 3.4 6:05 8.7 0.0 0.0 0.1 12.0 12:15 NNE 6 9.9 19.7 18:00 0.8 5:55 8.4 0.0 0.0 0.0 2.0 11:40 NNW 7 12.1 21.3 14:10 2.5 5:30 6.7 0.4 0.2 0.0 2.0 14:20 SE 8 12.3 19.1 13:45 5.4 5:30 6.0 0.0 0.0 0.0 8.0 16:05 NW 9 14.6 22.2 12:00 7.1 1:05 4.6 0.9 0.0 0.0 8.0 16:05 NW 10 8.3 10.8 14:25 2.6 00:00 10.0 0.0 0.0 2.1 14.0 9:05 NNW 11 6.4 13.4 18:05 0.4 3:10 11.9 0.0 0.0 0.3 11.0 10:20 NNW 12 7.5 13.1 13:50 -1.4 4:25 10.8 0.0 0.0 1.3 16.0 16:05 NW 13 7.4 13.4 14:25 1.0 00:00 10.9 0.0 0.0 0.0 7.0 10:15 NNW 14 6.7 13.4 13:10 -3.1 5:05 11.6 0.0 0.0 0.7 15.0 17:25 NW 15 9.3 14.5 16:10 2.1 2:55 9.0 0.0 0.0 1.0 14.0 12:55 NW 16 10.1 14.4 13:40 4.4 0:50 8.3 0.0 0.0 0.2 10.0 8:50 NW 17 12.1 15.6 12:30 9.6 0:55 6.2 0.0 6.2 0.4 18.0 11:30 SSE 18 11.2 12.3 11:00 10.3 4:50 7.1 0.0 7.6 0.6 20.0 9:30 SSE 19 12.7 16.7 14:45 10.2 00:00 5.6 0.0 7.8 0.1 14.0 2:50 SSE 20 14.2 24.3 14:00 6.2 3:25 5.1 1.0 0.2 0.0 9.0 16:50 NW 21 13.4 20.1 18:00 6.6 2:25 5.0 0.1 0.2 0.0 7.0 9:05 NW 22 13.8 16.3 1:10 10.7 00:00 4.5 0.0 5.4 4.1 33.0 16:10 SSE 23 11.8 14.3 17:35 10.1 4:45 6.5 0.0 0.0 2.8 28.0 8:25 SSE 24 12.7 17.1 18:05 9.1 22:50 5.6 0.0 1.2 0.5 20.0 4:15 SSE 25 12.4 18.1 17:25 4.4 5:10 5.8 0.0 0.0 0.1 11.0 16:45 SSE 26 13.8 18.4 13:30 6.4 23:50 4.5 0.0 0.0 0.1 10.0 15:10 NW 27 13.1 20.4 17:55 3.3 4:40 5.5 0.3 0.0 0.1 10.0 15:35 NW 28 17.1 25.3 18:00 6.9 4:45 3.5 2.3 0.0 0.0 2.0 10:10 NNE 29 18.8 27.6 18:55 8.8 5:20 2.6 3.0 0.0 0.0 2.0 21:40 NNE 30 17.5 24.7 17:20 10.7 5:10 2.7 1.9 0.0 0.1 9.0 6:35 NNE 31 17.9 26.6 16:55 10.5 4:10 2.5 2.1 0.0 0.0 7.0 1:05 NNE ------------------------------------------------------------------------------------- 11.7 27.6 29 -3.1 14 216.2 12.0 34.6 0.5 33.0 22 NW Max >= 32.0: 0 Max <= 0.0: 0 Min <= 0.0: 2 Min <= -18.0: 0 Max Rain: 7.80 ON 19/05/20 Days of Rain: 10 (> .2 mm) 5 (> 2 mm) 0 (> 20 mm) Heat Base: 18.3 Cool Base: 18.3 Method: Integration