2020: Jan | Feb | Mar | Apr | May | Jun | Jul | Aug | Sep | Oct | Nov | Dec 
2019: Jan | Feb | Mar | Apr | May | Jun | Jul | Aug | Sep | Oct | Nov | Dec 
2018: Jan | Feb | Mar | Apr | May | Jun | Jul | Aug | Sep | Oct | Nov | Dec 
2017: Jan | Feb | Mar | Apr | May | Jun | Jul | Aug | Sep | Oct | Nov | Dec 
2016: Jan | Feb | Mar | Apr | May | Jun | Jul | Aug | Sep | Oct | Nov | Dec 
2015: Jan | Feb | Mar | Apr | May | Jun | Jul | Aug | Sep | Oct | Nov | Dec 
2014: Jan | Feb | Mar | Apr | May | Jun | Jul | Aug | Sep | Oct | Nov | Dec 
2013: Jan | Feb | Mar | Apr | May | Jun | Jul | Aug | Sep | Oct | Nov | Dec 
2012: Jan | Feb | Mar | Apr | May | Jun | Jul | Aug | Sep | Oct | Nov | Dec 
2011: Jan | Feb | Mar | Apr | May | Jun | Jul | Aug | Sep | Oct | Nov | Dec 
2010: Jan | Feb | Mar | Apr | May | Jun | Jul | Aug | Sep | Oct | Nov | Dec 
2009: Jan | Feb | Mar | Apr | May | Jun | Jul | Aug | Sep | Oct | Nov | Dec 
2008: Jan | Feb | Mar | Apr | May | Jun | Jul | Aug | Sep | Oct | Nov | Dec 
2007: Jan | Feb | Mar | Apr | May | Jun | Jul | Aug | Sep | Oct | Nov | Dec 

Report for 2020 06
MONTHLY CLIMATOLOGICAL SUMMARY for JUN. 2020 NAME: VantagePro2 CITY: Urswick STATE: Cumbria ELEV: 128 ft LAT: 54 09' 33" N LONG: 3 07' 24" W TEMPERATURE (C), RAIN (mm), WIND SPEED (mph) HEAT COOL AVG MEAN DEG DEG WIND DOM DAY TEMP HIGH TIME LOW TIME DAYS DAYS RAIN SPEED HIGH TIME DIR ------------------------------------------------------------------------------------ 1 17.6 26.1 13:00 7.4 4:35 2.9 2.1 0.0 0.0 7.0 14:55 NNW 2 16.1 22.3 13:15 8.2 3:55 3.2 1.0 0.0 0.0 8.0 14:15 NNW 3 12.2 15.8 17:30 5.8 23:25 6.1 0.0 9.0 0.1 9.0 16:30 NNW 4 11.2 16.3 11:35 5.2 0:40 7.1 0.0 0.0 0.4 13.0 18:55 NNW 5 10.2 14.1 13:35 6.2 4:00 8.1 0.0 2.0 2.6 24.0 16:40 NNW 6 12.7 18.8 17:50 7.8 0:05 5.7 0.0 16.0 1.8 21.0 1:05 NNW 7 13.7 19.9 13:25 10.0 23:25 4.6 0.0 0.4 0.0 6.0 0:45 NNW 8 12.2 17.1 16:35 8.4 21:35 6.1 0.0 0.0 0.0 6.0 16:55 NNW 9 11.8 17.9 11:00 4.4 3:00 6.5 0.0 2.4 0.0 6.0 12:45 NW 10 12.0 15.6 14:25 9.5 3:25 6.3 0.0 5.0 0.0 6.0 22:10 NNE 11 12.9 18.4 13:20 9.9 3:45 5.4 0.0 3.0 1.3 13.0 14:25 NNW 12 13.8 17.7 13:35 11.7 3:25 4.5 0.0 3.8 1.2 12.0 15:05 NNW 13 18.4 25.9 17:30 12.6 0:55 1.9 2.0 0.6 0.0 7.0 12:45 NNW 14 19.1 26.8 12:10 11.8 3:55 1.8 2.6 0.0 0.0 7.0 19:15 NNW 15 17.6 24.3 11:50 12.1 2:40 2.2 1.5 0.0 0.1 8.0 13:35 NNW 16 17.9 22.3 14:50 13.2 0:25 1.3 0.9 0.2 0.0 6.0 14:05 NNW 17 18.8 25.4 12:00 13.7 2:15 1.4 1.9 0.0 0.0 6.0 15:45 NNW 18 14.8 18.7 9:45 12.4 3:10 3.5 0.0 7.2 0.0 6.0 22:30 NNW 19 14.5 20.2 11:50 12.0 3:40 3.9 0.1 3.6 0.2 15.0 17:40 SSE 20 16.2 21.8 16:25 12.6 3:35 2.5 0.4 0.4 0.0 9.0 8:10 SE 21 15.0 18.2 16:05 12.3 3:35 3.3 0.0 8.4 1.3 22.0 8:20 SSE 22 14.7 17.2 13:40 11.2 2:55 3.6 0.0 1.0 0.1 11.0 7:55 SE 23 17.3 23.7 17:10 13.3 22:50 1.8 0.8 0.2 0.1 12.0 2:15 SE 24 20.4 28.1 16:50 10.8 3:45 1.6 3.7 0.0 0.0 4.0 15:30 NNW 25 24.1 31.3 13:20 17.5 3:20 0.1 5.8 0.0 0.0 7.0 10:35 NNE 26 18.4 25.4 14:45 11.1 00:00 1.1 1.3 1.4 0.1 13.0 16:45 NNW 27 14.1 17.7 10:25 10.3 1:50 4.2 0.0 15.8 0.6 22.0 23:25 SSE 28 11.9 13.7 10:00 11.1 22:30 6.4 0.0 23.8 4.4 34.0 12:50 SSE 29 13.0 15.4 17:20 11.3 0:05 5.1 0.0 4.6 2.2 24.0 15:25 SSE 30 13.6 15.9 17:55 12.1 23:40 4.7 0.0 0.4 0.0 9.0 0:25 SSE ------------------------------------------------------------------------------------- 15.2 31.3 25 4.4 9 116.9 24.1 109.2 0.6 34.0 28 NNW Max >= 32.0: 0 Max <= 0.0: 0 Min <= 0.0: 0 Min <= -18.0: 0 Max Rain: 23.80 ON 28/06/20 Days of Rain: 21 (> .2 mm) 13 (> 2 mm) 1 (> 20 mm) Heat Base: 18.3 Cool Base: 18.3 Method: Integration