2020: Jan | Feb | Mar | Apr | May | Jun | Jul | Aug | Sep | Oct | Nov | Dec 
2019: Jan | Feb | Mar | Apr | May | Jun | Jul | Aug | Sep | Oct | Nov | Dec 
2018: Jan | Feb | Mar | Apr | May | Jun | Jul | Aug | Sep | Oct | Nov | Dec 
2017: Jan | Feb | Mar | Apr | May | Jun | Jul | Aug | Sep | Oct | Nov | Dec 
2016: Jan | Feb | Mar | Apr | May | Jun | Jul | Aug | Sep | Oct | Nov | Dec 
2015: Jan | Feb | Mar | Apr | May | Jun | Jul | Aug | Sep | Oct | Nov | Dec 
2014: Jan | Feb | Mar | Apr | May | Jun | Jul | Aug | Sep | Oct | Nov | Dec 
2013: Jan | Feb | Mar | Apr | May | Jun | Jul | Aug | Sep | Oct | Nov | Dec 
2012: Jan | Feb | Mar | Apr | May | Jun | Jul | Aug | Sep | Oct | Nov | Dec 
2011: Jan | Feb | Mar | Apr | May | Jun | Jul | Aug | Sep | Oct | Nov | Dec 
2010: Jan | Feb | Mar | Apr | May | Jun | Jul | Aug | Sep | Oct | Nov | Dec 
2009: Jan | Feb | Mar | Apr | May | Jun | Jul | Aug | Sep | Oct | Nov | Dec 
2008: Jan | Feb | Mar | Apr | May | Jun | Jul | Aug | Sep | Oct | Nov | Dec 
2007: Jan | Feb | Mar | Apr | May | Jun | Jul | Aug | Sep | Oct | Nov | Dec 

Report for 2020 07
MONTHLY CLIMATOLOGICAL SUMMARY for JUL. 2020 NAME: VantagePro2 CITY: Urswick STATE: Cumbria ELEV: 128 ft LAT: 54 09' 33" N LONG: 3 07' 24" W TEMPERATURE (C), RAIN (mm), WIND SPEED (mph) HEAT COOL AVG MEAN DEG DEG WIND DOM DAY TEMP HIGH TIME LOW TIME DAYS DAYS RAIN SPEED HIGH TIME DIR ------------------------------------------------------------------------------------ 1 14.9 18.9 15:05 11.9 1:50 3.4 0.0 0.0 0.0 8.0 17:40 NNW 2 13.2 17.2 18:05 11.0 8:05 5.1 0.0 12.8 0.0 5.0 17:50 NNE 3 13.4 14.4 15:45 11.7 5:15 4.9 0.0 16.6 2.7 27.0 17:25 SSE 4 14.8 15.7 15:25 14.2 3:05 3.5 0.0 14.4 0.6 22.0 23:35 SE 5 13.6 16.3 12:30 11.1 22:40 4.7 0.0 2.4 2.3 24.0 13:25 SSE 6 13.7 17.1 17:55 11.4 4:05 4.7 0.0 0.6 1.3 15.0 15:30 NNW 7 12.2 14.1 17:55 9.4 5:45 6.2 0.0 2.8 0.0 6.0 15:30 SSE 8 13.9 18.8 14:00 10.7 5:00 4.3 0.0 9.6 0.0 5.0 21:45 NNW 9 12.9 16.7 16:50 10.4 6:45 5.4 0.0 9.0 0.0 7.0 22:30 NNW 10 13.2 17.2 13:40 8.1 3:30 5.1 0.0 0.0 1.0 18.0 18:40 NNW 11 13.4 17.0 17:45 10.9 4:15 4.9 0.0 1.2 0.1 11.0 14:00 NNW 12 14.6 20.4 14:10 7.0 5:15 3.9 0.2 0.0 0.0 9.0 12:25 SE 13 15.3 18.1 15:05 12.2 00:00 3.0 0.0 6.6 0.4 13.0 10:10 SSE 14 12.8 15.7 15:35 8.3 3:30 5.5 0.0 1.0 0.2 11.0 10:55 NNW 15 13.6 15.2 16:05 12.5 0:05 4.7 0.0 2.8 0.3 12.0 17:35 NNW 16 16.1 20.1 18:35 13.0 3:55 2.5 0.2 0.0 0.4 18.0 2:50 NNW 17 15.7 17.6 13:20 12.4 1:25 2.6 0.0 3.2 0.3 13.0 14:10 SE 18 15.1 18.4 18:05 10.3 23:15 3.2 0.0 8.6 0.4 13.0 3:55 SE 19 13.1 17.6 12:50 6.9 23:55 5.2 0.0 0.0 0.3 11.0 15:50 NNW 20 12.6 17.7 17:30 6.4 4:20 5.7 0.0 0.2 0.3 12.0 16:00 NNW 21 14.4 19.7 17:40 7.9 5:10 4.0 0.2 0.0 0.0 6.0 13:55 NNW 22 14.3 16.8 12:40 12.1 3:20 4.0 0.0 9.0 0.6 15.0 19:30 SE 23 15.0 17.2 16:15 13.2 00:00 3.3 0.0 12.6 0.4 14.0 1:15 SE 24 15.2 20.4 14:45 9.1 6:00 3.3 0.2 3.2 0.0 6.0 9:25 SE 25 15.9 18.3 11:50 13.7 23:45 2.4 0.0 4.0 0.3 12.0 1:10 SE 26 15.2 18.6 15:10 12.8 3:30 3.1 0.0 1.0 0.8 15.0 10:25 SSE 27 14.6 17.4 15:15 12.1 23:40 3.8 0.0 20.0 1.0 20.0 17:35 SSE 28 13.2 16.0 14:35 11.6 5:20 5.2 0.0 1.0 1.2 19.0 13:45 NNW 29 13.5 17.1 14:55 10.4 23:20 4.8 0.0 0.2 0.0 8.0 9:45 NNW 30 16.3 22.3 16:50 11.1 0:05 2.7 0.7 10.2 0.0 1.0 6:05 NNW 31 19.7 29.2 13:55 13.9 6:10 1.0 2.5 0.0 0.0 9.0 15:30 SE ------------------------------------------------------------------------------------- 14.4 29.2 31 6.4 20 125.8 3.9 153.0 0.5 27.0 3 NNW Max >= 32.0: 0 Max <= 0.0: 0 Min <= 0.0: 0 Min <= -18.0: 0 Max Rain: 19.99 ON 27/07/20 Days of Rain: 24 (> .2 mm) 17 (> 2 mm) 0 (> 20 mm) Heat Base: 18.3 Cool Base: 18.3 Method: Integration