2020: Jan | Feb | Mar | Apr | May | Jun | Jul | Aug | Sep | Oct | Nov | Dec 
2019: Jan | Feb | Mar | Apr | May | Jun | Jul | Aug | Sep | Oct | Nov | Dec 
2018: Jan | Feb | Mar | Apr | May | Jun | Jul | Aug | Sep | Oct | Nov | Dec 
2017: Jan | Feb | Mar | Apr | May | Jun | Jul | Aug | Sep | Oct | Nov | Dec 
2016: Jan | Feb | Mar | Apr | May | Jun | Jul | Aug | Sep | Oct | Nov | Dec 
2015: Jan | Feb | Mar | Apr | May | Jun | Jul | Aug | Sep | Oct | Nov | Dec 
2014: Jan | Feb | Mar | Apr | May | Jun | Jul | Aug | Sep | Oct | Nov | Dec 
2013: Jan | Feb | Mar | Apr | May | Jun | Jul | Aug | Sep | Oct | Nov | Dec 
2012: Jan | Feb | Mar | Apr | May | Jun | Jul | Aug | Sep | Oct | Nov | Dec 
2011: Jan | Feb | Mar | Apr | May | Jun | Jul | Aug | Sep | Oct | Nov | Dec 
2010: Jan | Feb | Mar | Apr | May | Jun | Jul | Aug | Sep | Oct | Nov | Dec 
2009: Jan | Feb | Mar | Apr | May | Jun | Jul | Aug | Sep | Oct | Nov | Dec 
2008: Jan | Feb | Mar | Apr | May | Jun | Jul | Aug | Sep | Oct | Nov | Dec 
2007: Jan | Feb | Mar | Apr | May | Jun | Jul | Aug | Sep | Oct | Nov | Dec 

Report for 2020 08
MONTHLY CLIMATOLOGICAL SUMMARY for AUG. 2020 NAME: VantagePro2 CITY: Urswick STATE: Cumbria ELEV: 128 ft LAT: 54 09' 33" N LONG: 3 07' 24" W TEMPERATURE (C), RAIN (mm), WIND SPEED (mph) HEAT COOL AVG MEAN DEG DEG WIND DOM DAY TEMP HIGH TIME LOW TIME DAYS DAYS RAIN SPEED HIGH TIME DIR ------------------------------------------------------------------------------------ 1 16.1 18.1 16:40 13.9 00:00 2.2 0.0 0.6 0.0 9.0 18:25 NNW 2 14.5 18.0 18:15 12.2 5:15 3.8 0.0 3.8 0.0 10.0 14:15 NNW 3 12.7 17.9 13:45 7.8 4:15 5.6 0.0 0.2 0.1 10.0 15:10 NNW 4 13.6 16.7 17:55 8.1 3:50 4.8 0.0 15.2 1.2 24.0 23:50 SE 5 16.8 18.5 13:55 16.0 1:10 1.5 0.0 14.0 2.0 27.0 0:45 SE 6 17.2 21.0 15:50 14.7 4:00 1.6 0.5 0.2 0.0 2.0 1:50 NNW 7 18.6 22.9 14:10 14.3 23:35 1.0 1.3 0.0 0.0 10.0 12:00 SE 8 17.6 24.3 14:10 11.9 5:00 2.3 1.5 0.0 0.0 5.0 18:35 NNW 9 17.4 23.7 14:25 11.8 3:25 2.3 1.5 0.0 0.0 5.0 9:20 NNW 10 19.3 26.2 14:40 13.1 5:55 1.3 2.3 1.4 0.0 1.0 0:05 NNW 11 21.2 27.9 14:50 16.4 6:15 0.4 3.3 49.2 0.0 4.0 0:40 NNW 12 22.2 30.1 13:20 16.1 5:30 0.3 4.1 0.0 0.0 0.0 --- --- 13 21.3 25.7 13:10 16.3 00:00 0.2 3.2 0.0 0.1 7.0 15:05 NNW 14 19.3 25.4 14:15 14.5 6:10 1.2 2.2 0.0 0.0 1.0 0:05 NNW 15 18.2 25.9 14:15 12.3 6:05 1.9 1.7 0.0 0.0 1.0 8:55 NNW 16 16.1 18.9 16:20 14.1 5:55 2.2 0.0 2.8 0.0 1.0 0:05 NNW 17 16.3 20.7 15:50 13.8 6:05 2.3 0.3 6.6 0.0 1.0 2:35 N 18 16.2 17.4 17:35 15.3 5:10 2.1 0.0 2.6 0.1 9.0 13:35 SE 19 17.1 21.6 12:55 11.9 4:05 1.7 0.5 2.4 0.0 8.0 15:25 NNW 20 18.2 22.3 15:05 14.0 5:45 1.0 0.9 6.0 0.2 15.0 2:25 SE 21 16.6 19.4 14:20 14.9 4:45 1.7 0.0 5.4 3.0 29.0 17:50 SSE 22 15.4 17.2 15:45 14.1 23:55 2.8 0.0 4.6 1.3 18.0 13:35 SSE 23 15.2 17.5 15:45 12.8 2:20 3.1 0.0 1.0 0.2 11.0 14:15 SSE 24 12.6 16.9 13:35 6.8 6:00 5.8 0.0 0.6 0.0 8.0 11:05 NNW 25 15.0 18.1 12:50 11.7 0:10 3.3 0.0 31.4 0.4 13.0 22:55 NNW 26 15.1 17.8 15:15 12.8 6:10 3.2 0.0 3.6 0.4 11.0 4:40 NNW 27 13.5 17.1 12:35 10.2 2:05 4.8 0.0 3.4 0.0 1.0 13:50 SE 28 11.8 16.3 15:20 8.0 21:25 6.4 0.0 5.6 0.1 10.0 14:10 NNW 29 10.9 15.2 12:35 6.7 23:45 7.4 0.0 0.0 0.1 9.0 11:10 NNW 30 9.7 16.5 15:15 2.9 5:55 8.6 0.0 0.0 0.0 0.0 --- --- 31 11.2 19.3 13:55 5.6 3:25 7.2 0.1 0.0 0.0 0.0 --- --- ------------------------------------------------------------------------------------- 16.0 30.1 12 2.9 30 93.7 23.5 160.6 0.3 29.0 21 SSE Max >= 32.0: 0 Max <= 0.0: 0 Min <= 0.0: 0 Min <= -18.0: 0 Max Rain: 49.20 ON 11/08/20 Days of Rain: 21 (> .2 mm) 15 (> 2 mm) 2 (> 20 mm) Heat Base: 18.3 Cool Base: 18.3 Method: Integration