2020: Jan | Feb | Mar | Apr | May | Jun | Jul | Aug | Sep | Oct | Nov | Dec 
2019: Jan | Feb | Mar | Apr | May | Jun | Jul | Aug | Sep | Oct | Nov | Dec 
2018: Jan | Feb | Mar | Apr | May | Jun | Jul | Aug | Sep | Oct | Nov | Dec 
2017: Jan | Feb | Mar | Apr | May | Jun | Jul | Aug | Sep | Oct | Nov | Dec 
2016: Jan | Feb | Mar | Apr | May | Jun | Jul | Aug | Sep | Oct | Nov | Dec 
2015: Jan | Feb | Mar | Apr | May | Jun | Jul | Aug | Sep | Oct | Nov | Dec 
2014: Jan | Feb | Mar | Apr | May | Jun | Jul | Aug | Sep | Oct | Nov | Dec 
2013: Jan | Feb | Mar | Apr | May | Jun | Jul | Aug | Sep | Oct | Nov | Dec 
2012: Jan | Feb | Mar | Apr | May | Jun | Jul | Aug | Sep | Oct | Nov | Dec 
2011: Jan | Feb | Mar | Apr | May | Jun | Jul | Aug | Sep | Oct | Nov | Dec 
2010: Jan | Feb | Mar | Apr | May | Jun | Jul | Aug | Sep | Oct | Nov | Dec 
2009: Jan | Feb | Mar | Apr | May | Jun | Jul | Aug | Sep | Oct | Nov | Dec 
2008: Jan | Feb | Mar | Apr | May | Jun | Jul | Aug | Sep | Oct | Nov | Dec 
2007: Jan | Feb | Mar | Apr | May | Jun | Jul | Aug | Sep | Oct | Nov | Dec 

Report for 2020 09
MONTHLY CLIMATOLOGICAL SUMMARY for SEP. 2020 NAME: VantagePro2 CITY: Urswick STATE: Cumbria ELEV: 128 ft LAT: 54 09' 33" N LONG: 3 07' 24" W TEMPERATURE (C), RAIN (mm), WIND SPEED (mph) HEAT COOL AVG MEAN DEG DEG WIND DOM DAY TEMP HIGH TIME LOW TIME DAYS DAYS RAIN SPEED HIGH TIME DIR ------------------------------------------------------------------------------------ 1 11.8 20.0 14:00 4.7 5:50 6.6 0.1 0.0 0.0 1.0 16:30 SE 2 13.3 16.4 00:00 10.1 5:50 5.0 0.0 32.6 0.0 10.0 13:10 SSE 3 15.5 16.9 15:50 13.4 23:55 2.8 0.0 1.8 0.8 18.0 1:00 SSE 4 14.1 16.6 15:50 12.2 5:30 4.2 0.0 0.0 0.4 18.0 15:35 SSE 5 13.1 15.5 14:40 11.6 9:25 5.2 0.0 1.0 0.2 12.0 11:50 NNW 6 13.8 17.5 14:55 11.3 23:45 4.5 0.0 1.6 0.0 10.0 13:55 NNW 7 14.6 16.3 22:10 11.6 0:05 3.7 0.0 7.2 0.5 19.0 15:25 SSE 8 16.5 18.2 16:15 15.6 6:45 1.8 0.0 1.6 0.6 18.0 23:00 SSE 9 13.8 16.6 12:55 9.2 23:20 4.5 0.0 0.6 0.8 16.0 1:35 NNW 10 11.4 15.4 14:35 5.3 3:10 6.9 0.0 0.0 0.0 9.0 21:35 SE 11 14.3 16.2 11:35 13.2 0:50 4.0 0.0 2.0 1.6 23.0 10:45 SSE 12 14.2 16.4 14:10 12.1 6:20 4.2 0.0 0.6 1.1 25.0 22:45 SSE 13 15.8 17.3 16:30 12.3 22:45 2.5 0.0 0.0 2.0 23.0 0:05 SSE 14 16.7 22.3 14:20 13.4 7:20 2.4 0.8 0.0 0.0 0.0 --- --- 15 17.7 25.7 14:10 13.1 6:35 2.0 1.4 0.0 0.0 1.0 19:40 NNE 16 14.2 18.7 12:30 10.4 23:25 4.1 0.0 0.0 0.0 1.0 9:40 NNE 17 13.2 18.5 13:00 8.8 7:00 5.1 0.0 0.0 0.0 2.0 19:25 NNW 18 11.4 17.5 14:25 5.0 7:15 6.8 0.0 0.0 0.0 6.0 17:35 NW 19 12.1 17.5 14:25 6.3 7:20 6.2 0.0 0.0 0.1 7.0 13:10 NNW 20 12.6 19.4 14:15 6.4 7:35 5.8 0.1 0.0 0.0 1.0 0:05 NNW 21 10.9 17.2 14:15 5.3 6:20 7.4 0.0 0.2 0.0 0.0 --- --- 22 13.5 15.3 16:30 9.1 0:30 4.8 0.0 1.4 0.8 22.0 12:10 SSE 23 11.3 14.3 0:40 7.9 22:45 7.0 0.0 7.4 0.0 10.0 1:00 SSE 24 7.3 13.1 15:00 3.4 2:45 11.0 0.0 4.2 0.0 6.0 14:40 NNW 25 8.9 13.6 16:10 3.7 00:00 9.4 0.0 0.2 1.7 14.0 14:40 NNE 26 7.4 13.3 14:55 1.6 3:15 10.9 0.0 0.0 0.2 11.0 10:50 NNW 27 5.6 14.0 14:10 -0.1 6:35 12.7 0.0 0.0 0.0 4.0 14:10 NNW 28 7.4 12.5 15:05 1.2 1:50 10.9 0.0 1.4 0.0 0.0 --- --- 29 8.0 16.3 14:35 1.7 7:15 10.3 0.0 0.2 0.0 5.0 15:50 SE 30 10.9 12.9 17:00 6.7 0:55 7.4 0.0 14.4 0.1 12.0 13:40 SE ------------------------------------------------------------------------------------- 12.4 25.7 15 -0.1 27 180.1 2.4 78.4 0.4 25.0 12 SSE Max >= 32.0: 0 Max <= 0.0: 0 Min <= 0.0: 1 Min <= -18.0: 0 Max Rain: 32.59 ON 02/09/20 Days of Rain: 17 (> .2 mm) 6 (> 2 mm) 1 (> 20 mm) Heat Base: 18.3 Cool Base: 18.3 Method: Integration