2021: Jan | Feb | Mar | Apr | May | Jun | Jul | Aug | Sep | Oct | Nov | Dec 
2020: Jan | Feb | Mar | Apr | May | Jun | Jul | Aug | Sep | Oct | Nov | Dec 
2019: Jan | Feb | Mar | Apr | May | Jun | Jul | Aug | Sep | Oct | Nov | Dec 
2018: Jan | Feb | Mar | Apr | May | Jun | Jul | Aug | Sep | Oct | Nov | Dec 
2017: Jan | Feb | Mar | Apr | May | Jun | Jul | Aug | Sep | Oct | Nov | Dec 
2016: Jan | Feb | Mar | Apr | May | Jun | Jul | Aug | Sep | Oct | Nov | Dec 
2015: Jan | Feb | Mar | Apr | May | Jun | Jul | Aug | Sep | Oct | Nov | Dec 
2014: Jan | Feb | Mar | Apr | May | Jun | Jul | Aug | Sep | Oct | Nov | Dec 
2013: Jan | Feb | Mar | Apr | May | Jun | Jul | Aug | Sep | Oct | Nov | Dec 
2012: Jan | Feb | Mar | Apr | May | Jun | Jul | Aug | Sep | Oct | Nov | Dec 
2011: Jan | Feb | Mar | Apr | May | Jun | Jul | Aug | Sep | Oct | Nov | Dec 
2010: Jan | Feb | Mar | Apr | May | Jun | Jul | Aug | Sep | Oct | Nov | Dec 
2009: Jan | Feb | Mar | Apr | May | Jun | Jul | Aug | Sep | Oct | Nov | Dec 
2008: Jan | Feb | Mar | Apr | May | Jun | Jul | Aug | Sep | Oct | Nov | Dec 
2007: Jan | Feb | Mar | Apr | May | Jun | Jul | Aug | Sep | Oct | Nov | Dec 

Report for 2020 10
MONTHLY CLIMATOLOGICAL SUMMARY for OCT. 2020 NAME: VantagePro2 CITY: Urswick STATE: Cumbria ELEV: 128 ft LAT: 54 09' 33" N LONG: 3 07' 24" W TEMPERATURE (C), RAIN (mm), WIND SPEED (mph) HEAT COOL AVG MEAN DEG DEG WIND DOM DAY TEMP HIGH TIME LOW TIME DAYS DAYS RAIN SPEED HIGH TIME DIR ------------------------------------------------------------------------------------ 1 7.8 12.3 14:35 2.3 22:15 10.5 0.0 0.8 0.0 7.0 12:50 NNW 2 9.1 14.4 14:55 3.5 0:05 9.2 0.0 0.0 0.0 6.0 14:15 NNW 3 10.4 13.0 10:45 8.8 3:50 7.9 0.0 23.6 0.3 10.0 17:20 NNW 4 11.4 16.1 14:20 8.8 0:05 6.9 0.0 7.6 0.0 7.0 8:30 NNW 5 11.6 14.6 13:05 7.7 6:30 6.7 0.0 0.6 0.0 10.0 21:00 NNW 6 11.2 13.4 13:50 7.8 4:10 7.1 0.0 11.8 0.3 13.0 16:45 NNW 7 11.1 13.6 13:15 9.1 21:30 7.2 0.0 2.2 0.5 18.0 7:35 NNW 8 8.8 12.8 12:55 3.7 22:30 9.5 0.0 13.2 0.2 12.0 16:35 NNW 9 8.8 11.4 13:10 7.0 21:55 9.4 0.0 8.2 0.8 15.0 15:35 NNW 10 9.8 12.4 13:55 7.4 2:45 8.5 0.0 21.2 1.5 15.0 7:05 NNW 11 9.1 13.1 13:55 4.6 6:30 9.2 0.0 0.0 0.0 6.0 3:40 NNW 12 9.6 11.9 13:35 7.4 3:05 8.7 0.0 8.6 0.9 14.0 13:40 NNW 13 8.6 13.4 14:20 2.3 8:15 9.7 0.0 0.0 0.1 9.0 15:25 NNW 14 10.2 14.8 14:20 6.0 5:45 8.1 0.0 0.0 0.0 5.0 15:55 NNW 15 6.9 12.1 14:40 1.5 6:10 11.3 0.0 0.2 0.0 2.0 13:00 NNW 16 7.4 11.9 13:35 3.9 0:50 10.8 0.0 0.0 0.0 4.0 12:10 NNW 17 7.3 12.2 14:20 0.7 6:50 11.0 0.0 0.0 0.0 2.0 15:05 NE 18 9.3 11.4 13:25 7.6 7:05 9.0 0.0 0.2 0.0 2.0 19:25 SE 19 10.4 12.2 14:30 8.8 7:35 7.9 0.0 1.2 0.0 9.0 12:30 SE 20 12.6 16.1 13:30 10.4 0:10 5.7 0.0 3.4 0.1 10.0 14:30 SE 21 12.3 13.6 14:30 9.6 22:55 6.0 0.0 3.2 0.0 8.0 14:20 SE 22 9.8 10.3 7:50 8.9 22:50 8.5 0.0 3.4 0.4 13.0 3:50 SSE 23 8.8 10.6 14:05 6.9 20:55 9.5 0.0 5.4 0.1 12.0 12:10 SE 24 8.9 10.8 10:30 6.7 20:40 9.4 0.0 12.8 0.3 13.0 8:45 SE 25 9.3 12.2 14:00 7.6 7:05 9.0 0.0 5.8 1.1 16.0 12:35 SE 26 9.7 11.6 12:20 8.7 0:05 8.6 0.0 6.0 0.7 15.0 11:35 NNW 27 8.7 10.5 14:15 6.9 6:45 9.6 0.0 4.8 0.4 19.0 22:45 SSE 28 9.7 11.7 11:30 8.6 5:35 8.6 0.0 1.0 1.2 15.0 7:50 SSE 29 11.1 13.4 23:20 8.7 9:00 7.2 0.0 27.2 2.2 21.0 13:20 SSE 30 9.8 13.6 2:40 2.9 20:15 8.5 0.0 0.8 0.9 20.0 0:25 SSE 31 11.2 13.8 10:50 5.7 0:05 7.1 0.0 9.0 1.7 23.0 12:10 SSE ------------------------------------------------------------------------------------- 9.7 16.1 4 0.7 17 266.3 0.0 182.2 0.4 23.0 31 SSE Max >= 32.0: 0 Max <= 0.0: 0 Min <= 0.0: 0 Min <= -18.0: 0 Max Rain: 27.20 ON 29/10/20 Days of Rain: 25 (> .2 mm) 18 (> 2 mm) 3 (> 20 mm) Heat Base: 18.3 Cool Base: 18.3 Method: Integration