2021: Jan | Feb | Mar | Apr | May | Jun | Jul | Aug | Sep | Oct | Nov | Dec 
2020: Jan | Feb | Mar | Apr | May | Jun | Jul | Aug | Sep | Oct | Nov | Dec 
2019: Jan | Feb | Mar | Apr | May | Jun | Jul | Aug | Sep | Oct | Nov | Dec 
2018: Jan | Feb | Mar | Apr | May | Jun | Jul | Aug | Sep | Oct | Nov | Dec 
2017: Jan | Feb | Mar | Apr | May | Jun | Jul | Aug | Sep | Oct | Nov | Dec 
2016: Jan | Feb | Mar | Apr | May | Jun | Jul | Aug | Sep | Oct | Nov | Dec 
2015: Jan | Feb | Mar | Apr | May | Jun | Jul | Aug | Sep | Oct | Nov | Dec 
2014: Jan | Feb | Mar | Apr | May | Jun | Jul | Aug | Sep | Oct | Nov | Dec 
2013: Jan | Feb | Mar | Apr | May | Jun | Jul | Aug | Sep | Oct | Nov | Dec 
2012: Jan | Feb | Mar | Apr | May | Jun | Jul | Aug | Sep | Oct | Nov | Dec 
2011: Jan | Feb | Mar | Apr | May | Jun | Jul | Aug | Sep | Oct | Nov | Dec 
2010: Jan | Feb | Mar | Apr | May | Jun | Jul | Aug | Sep | Oct | Nov | Dec 
2009: Jan | Feb | Mar | Apr | May | Jun | Jul | Aug | Sep | Oct | Nov | Dec 
2008: Jan | Feb | Mar | Apr | May | Jun | Jul | Aug | Sep | Oct | Nov | Dec 
2007: Jan | Feb | Mar | Apr | May | Jun | Jul | Aug | Sep | Oct | Nov | Dec 

Report for 2020 11
MONTHLY CLIMATOLOGICAL SUMMARY for NOV. 2020 NAME: VantagePro2 CITY: Urswick STATE: Cumbria ELEV: 128 ft LAT: 54 09' 33" N LONG: 3 07' 24" W TEMPERATURE (C), RAIN (mm), WIND SPEED (mph) HEAT COOL AVG MEAN DEG DEG WIND DOM DAY TEMP HIGH TIME LOW TIME DAYS DAYS RAIN SPEED HIGH TIME DIR ------------------------------------------------------------------------------------ 1 11.1 14.3 20:40 8.5 4:10 7.3 0.0 36.0 2.0 31.0 21:00 SSE 2 8.7 11.3 12:55 6.7 20:30 9.6 0.0 7.8 1.0 19.0 13:55 SSE 3 5.3 8.8 13:00 0.7 20:40 13.0 0.0 5.8 0.2 11.0 0:45 NNW 4 6.2 10.4 13:20 -0.3 3:35 12.1 0.0 0.8 0.1 10.0 11:35 NNW 5 9.4 11.3 12:20 7.3 0:05 8.8 0.0 0.0 0.0 2.0 1:35 WNW 6 8.3 10.3 14:00 5.5 19:55 10.0 0.0 0.2 0.0 5.0 17:50 NNW 7 7.3 11.4 14:30 3.1 7:55 10.9 0.0 0.0 0.0 2.0 10:45 NNW 8 10.3 11.2 13:00 8.8 1:15 8.0 0.0 1.8 0.1 9.0 4:25 NNW 9 11.4 13.1 14:45 10.3 5:50 6.9 0.0 0.6 0.0 1.0 9:20 NNE 10 11.4 12.9 12:10 9.1 22:10 6.9 0.0 0.2 0.0 7.0 13:30 SE 11 10.5 11.9 15:15 8.9 1:30 7.8 0.0 2.8 0.1 10.0 22:10 SSW 12 10.0 11.4 12:25 8.1 6:55 8.3 0.0 1.2 0.3 14.0 12:00 SSE 13 9.5 11.1 12:45 7.4 7:50 8.8 0.0 4.6 0.7 16.0 13:00 SSE 14 10.2 12.8 16:55 8.0 6:30 8.1 0.0 7.0 0.3 16.0 20:55 SSE 15 9.3 10.8 0:25 6.9 16:50 9.0 0.0 10.6 1.6 27.0 12:20 SSE 16 10.2 12.4 22:35 8.2 7:35 8.1 0.0 11.0 1.1 24.0 23:20 SSE 17 12.4 13.2 12:25 11.3 00:00 5.9 0.0 0.0 3.5 23.0 9:20 SSE 18 10.4 12.5 7:25 8.1 00:00 7.8 0.0 10.0 1.5 27.0 21:10 SSE 19 5.4 8.5 1:20 1.8 00:00 12.8 0.0 2.8 0.2 16.0 2:10 NNW 20 8.1 11.4 17:20 0.8 1:40 10.2 0.0 23.2 0.8 18.0 17:10 SSE 21 10.0 11.2 1:00 7.9 23:10 8.3 0.0 1.2 1.9 25.0 2:55 SSE 22 7.3 9.4 12:00 3.1 00:00 11.0 0.0 0.0 0.1 10.0 1:10 NNW 23 7.6 11.4 22:50 1.4 1:10 10.7 0.0 0.8 1.6 23.0 22:05 SSE 24 10.5 11.3 1:25 8.3 23:55 7.8 0.0 1.6 1.2 23.0 0:55 SSE 25 5.8 8.8 14:40 2.8 23:50 12.5 0.0 0.4 0.0 7.0 1:55 NNW 26 4.6 8.1 13:45 1.3 7:25 13.8 0.0 0.4 0.0 1.0 11:25 NW 27 4.1 5.9 11:35 0.0 23:40 14.2 0.0 0.2 0.0 1.0 13:05 NNE 28 5.2 8.6 22:45 -0.7 1:05 13.1 0.0 0.2 0.0 5.0 12:25 NNW 29 8.1 8.5 22:35 6.6 23:40 10.2 0.0 0.4 0.0 1.0 1:05 SW 30 7.6 10.4 13:10 2.7 22:25 10.7 0.0 4.0 1.1 15.0 14:10 NNW ------------------------------------------------------------------------------------- 8.5 14.3 1 -0.7 28 292.6 0.0 135.6 0.6 31.0 1 SSE Max >= 32.0: 0 Max <= 0.0: 0 Min <= 0.0: 3 Min <= -18.0: 0 Max Rain: 35.99 ON 01/11/20 Days of Rain: 26 (> .2 mm) 12 (> 2 mm) 2 (> 20 mm) Heat Base: 18.3 Cool Base: 18.3 Method: Integration