2021: Jan | Feb | Mar | Apr | May | Jun | Jul | Aug | Sep | Oct | Nov | Dec 
2020: Jan | Feb | Mar | Apr | May | Jun | Jul | Aug | Sep | Oct | Nov | Dec 
2019: Jan | Feb | Mar | Apr | May | Jun | Jul | Aug | Sep | Oct | Nov | Dec 
2018: Jan | Feb | Mar | Apr | May | Jun | Jul | Aug | Sep | Oct | Nov | Dec 
2017: Jan | Feb | Mar | Apr | May | Jun | Jul | Aug | Sep | Oct | Nov | Dec 
2016: Jan | Feb | Mar | Apr | May | Jun | Jul | Aug | Sep | Oct | Nov | Dec 
2015: Jan | Feb | Mar | Apr | May | Jun | Jul | Aug | Sep | Oct | Nov | Dec 
2014: Jan | Feb | Mar | Apr | May | Jun | Jul | Aug | Sep | Oct | Nov | Dec 
2013: Jan | Feb | Mar | Apr | May | Jun | Jul | Aug | Sep | Oct | Nov | Dec 
2012: Jan | Feb | Mar | Apr | May | Jun | Jul | Aug | Sep | Oct | Nov | Dec 
2011: Jan | Feb | Mar | Apr | May | Jun | Jul | Aug | Sep | Oct | Nov | Dec 
2010: Jan | Feb | Mar | Apr | May | Jun | Jul | Aug | Sep | Oct | Nov | Dec 
2009: Jan | Feb | Mar | Apr | May | Jun | Jul | Aug | Sep | Oct | Nov | Dec 
2008: Jan | Feb | Mar | Apr | May | Jun | Jul | Aug | Sep | Oct | Nov | Dec 
2007: Jan | Feb | Mar | Apr | May | Jun | Jul | Aug | Sep | Oct | Nov | Dec 

Report for 2020 12
MONTHLY CLIMATOLOGICAL SUMMARY for DEC. 2020 NAME: VantagePro2 CITY: Urswick STATE: Cumbria ELEV: 128 ft LAT: 54 09' 33" N LONG: 3 07' 24" W TEMPERATURE (C), RAIN (mm), WIND SPEED (mph) HEAT COOL AVG MEAN DEG DEG WIND DOM DAY TEMP HIGH TIME LOW TIME DAYS DAYS RAIN SPEED HIGH TIME DIR ------------------------------------------------------------------------------------ 1 2.4 5.7 13:30 -2.1 6:10 15.9 0.0 0.0 0.0 2.0 12:15 ENE 2 6.0 8.0 8:20 4.8 00:00 12.3 0.0 2.8 0.2 12.0 12:15 NW 3 3.1 5.3 0:20 1.4 18:15 15.2 0.0 19.4 0.0 10.0 3:05 NNW 4 3.4 5.7 19:25 1.3 6:40 14.9 0.0 2.2 1.0 12.0 21:25 NNW 5 3.2 6.4 12:40 -2.9 23:55 15.1 0.0 0.0 0.1 8.0 0:20 NNW 6 1.0 5.8 13:10 -2.8 0:05 17.3 0.0 0.2 0.0 1.0 13:15 SW 7 1.4 5.7 13:55 -2.9 00:00 16.9 0.0 0.2 0.0 1.0 21:35 NNW 8 5.7 7.6 13:40 -2.8 0:05 12.6 0.0 7.8 0.2 13.0 11:15 NW 9 5.6 6.6 0:25 4.5 23:30 12.7 0.0 2.0 0.0 8.0 4:10 NNW 10 6.1 7.1 17:45 4.4 1:40 12.2 0.0 6.4 0.1 9.0 14:00 SSW 11 7.6 8.5 13:55 6.7 0:50 10.7 0.0 7.4 0.0 6.0 0:20 SSW 12 6.1 8.2 14:05 0.0 00:00 12.2 0.0 8.4 0.4 10.0 7:50 NW 13 6.4 9.1 21:05 -0.4 0:05 11.9 0.0 10.2 0.2 11.0 16:10 SSW 14 8.1 8.9 13:25 6.7 23:55 10.3 0.0 10.6 0.2 14.0 3:45 SSE 15 6.6 8.6 13:40 4.9 7:00 11.7 0.0 0.4 0.0 11.0 11:20 SSE 16 7.7 8.9 10:05 6.6 0:05 10.6 0.0 11.2 0.4 11.0 7:50 SSW 17 7.7 9.3 23:45 5.2 4:25 10.6 0.0 10.2 0.2 10.0 21:10 SSE 18 10.6 11.6 16:00 8.9 7:30 7.7 0.0 12.4 0.4 14.0 2:40 SSE 19 8.2 10.9 0:05 6.9 22:40 10.1 0.0 3.2 0.5 12.0 12:05 SSE 20 7.4 8.7 14:30 6.1 19:35 10.9 0.0 2.6 0.4 14.0 21:20 SSE 21 5.9 7.4 20:40 2.7 6:50 12.4 0.0 3.0 0.0 6.0 0:05 NNW 22 3.6 6.1 0:05 0.3 6:30 14.7 0.0 0.2 0.1 8.0 0:15 NW 23 4.5 5.7 19:25 3.3 00:00 13.8 0.0 5.4 1.5 14.0 21:10 NNW 24 0.9 3.4 13:00 -4.0 23:50 17.4 0.0 0.0 0.4 13.0 9:20 NW 25 0.4 7.4 23:55 -4.7 7:15 17.9 0.0 1.8 0.1 13.0 22:05 SSE 26 7.4 8.3 17:05 6.3 00:00 10.9 0.0 10.0 3.2 29.0 18:50 SSE 27 3.8 6.8 1:15 1.0 21:00 14.5 0.0 4.6 0.7 21.0 10:45 SW 28 0.5 3.3 0:20 -2.3 19:30 17.8 0.0 0.2 0.0 6.0 0:50 NNW 29 -0.3 4.1 11:45 -2.9 5:25 18.6 0.0 0.0 0.0 7.0 11:20 NW 30 -1.3 3.1 14:05 -5.3 23:10 19.6 0.0 0.0 0.0 5.0 3:15 NW 31 -1.6 0.9 13:35 -5.2 0:10 19.8 0.0 0.0 0.0 1.0 9:45 NNW ------------------------------------------------------------------------------------- 4.5 11.6 18 -5.3 30 429.1 0.0 142.8 0.3 29.0 26 SSE Max >= 32.0: 0 Max <= 0.0: 0 Min <= 0.0: 13 Min <= -18.0: 0 Max Rain: 19.41 ON 03/12/20 Days of Rain: 25 (> .2 mm) 19 (> 2 mm) 0 (> 20 mm) Heat Base: 18.3 Cool Base: 18.3 Method: Integration