2021: Jan | Feb | Mar | Apr | May | Jun | Jul | Aug | Sep | Oct | Nov | Dec 
2020: Jan | Feb | Mar | Apr | May | Jun | Jul | Aug | Sep | Oct | Nov | Dec 
2019: Jan | Feb | Mar | Apr | May | Jun | Jul | Aug | Sep | Oct | Nov | Dec 
2018: Jan | Feb | Mar | Apr | May | Jun | Jul | Aug | Sep | Oct | Nov | Dec 
2017: Jan | Feb | Mar | Apr | May | Jun | Jul | Aug | Sep | Oct | Nov | Dec 
2016: Jan | Feb | Mar | Apr | May | Jun | Jul | Aug | Sep | Oct | Nov | Dec 
2015: Jan | Feb | Mar | Apr | May | Jun | Jul | Aug | Sep | Oct | Nov | Dec 
2014: Jan | Feb | Mar | Apr | May | Jun | Jul | Aug | Sep | Oct | Nov | Dec 
2013: Jan | Feb | Mar | Apr | May | Jun | Jul | Aug | Sep | Oct | Nov | Dec 
2012: Jan | Feb | Mar | Apr | May | Jun | Jul | Aug | Sep | Oct | Nov | Dec 
2011: Jan | Feb | Mar | Apr | May | Jun | Jul | Aug | Sep | Oct | Nov | Dec 
2010: Jan | Feb | Mar | Apr | May | Jun | Jul | Aug | Sep | Oct | Nov | Dec 
2009: Jan | Feb | Mar | Apr | May | Jun | Jul | Aug | Sep | Oct | Nov | Dec 
2008: Jan | Feb | Mar | Apr | May | Jun | Jul | Aug | Sep | Oct | Nov | Dec 
2007: Jan | Feb | Mar | Apr | May | Jun | Jul | Aug | Sep | Oct | Nov | Dec 

Report for 2021 01
MONTHLY CLIMATOLOGICAL SUMMARY for JAN. 2021 NAME: VantagePro2 CITY: Urswick STATE: Cumbria ELEV: 128 ft LAT: 54 09' 33" N LONG: 3 07' 24" W TEMPERATURE (C), RAIN (mm), WIND SPEED (mph) HEAT COOL AVG MEAN DEG DEG WIND DOM DAY TEMP HIGH TIME LOW TIME DAYS DAYS RAIN SPEED HIGH TIME DIR ------------------------------------------------------------------------------------ 1 -0.3 3.6 14:00 -3.8 23:45 18.6 0.0 0.2 0.0 7.0 13:45 NNE 2 -1.2 2.3 15:15 -5.0 3:20 19.5 0.0 0.2 0.1 7.0 17:40 NNW 3 1.9 3.9 13:55 -0.2 6:20 16.3 0.0 0.4 0.1 8.0 5:10 NNW 4 2.2 4.2 11:55 -1.3 0:40 16.2 0.0 0.0 0.1 7.0 15:15 NNW 5 1.3 3.6 12:20 -3.0 2:15 17.0 0.0 0.0 0.1 7.0 8:15 NNW 6 -1.2 3.2 14:00 -5.7 00:00 19.5 0.0 0.0 0.0 4.0 1:20 NNW 7 -2.1 0.5 23:40 -6.6 3:15 20.4 0.0 0.0 0.0 1.0 11:30 NNW 8 0.8 1.9 13:25 -2.4 22:45 17.5 0.0 0.2 0.1 9.0 11:15 NNW 9 0.7 4.8 00:00 -3.6 8:40 17.6 0.0 1.0 0.0 7.0 19:15 SSE 10 5.8 6.7 13:15 4.6 0:40 12.5 0.0 0.4 0.1 9.0 14:10 SSE 11 7.3 8.4 17:30 6.1 0:05 11.0 0.0 7.6 1.1 18.0 12:10 SW 12 1.2 7.1 0:15 -2.5 9:00 17.1 0.0 1.2 0.1 9.0 1:45 NW 13 1.7 3.2 21:40 -1.1 0:05 16.6 0.0 22.2 0.0 4.0 23:20 NNW 14 1.6 3.2 0:20 -0.7 00:00 16.7 0.0 24.8 0.1 7.0 3:45 NNW 15 -1.1 0.7 23:55 -4.2 8:05 19.4 0.0 0.0 0.0 7.0 22:30 SSW 16 5.3 8.3 13:55 0.7 0:05 13.0 0.0 14.0 0.2 12.0 1:35 NW 17 5.9 6.8 13:40 4.9 4:25 12.4 0.0 0.4 0.5 13.0 5:55 NW 18 6.3 7.2 13:10 5.6 19:05 12.0 0.0 8.8 0.2 12.0 8:55 SSE 19 8.3 9.1 22:20 6.8 0:25 10.0 0.0 38.0 1.1 21.0 13:15 SSE 20 5.4 9.0 2:50 2.0 21:15 12.9 0.0 12.0 0.7 19.0 0:05 NW 21 3.8 5.6 14:10 1.7 2:50 14.5 0.0 8.6 1.3 22.0 7:00 NW 22 3.3 6.3 13:20 -0.4 21:35 15.0 0.0 3.6 0.6 11.0 3:55 NW 23 -1.1 1.1 13:30 -4.4 22:25 19.4 0.0 0.2 0.0 1.0 2:20 N 24 -2.3 0.7 13:30 -5.7 23:40 20.6 0.0 0.0 0.0 1.0 1:40 N 25 0.8 4.7 13:35 -5.2 0:20 17.5 0.0 0.2 0.6 18.0 14:20 NW 26 1.9 3.5 19:50 -1.6 2:05 16.4 0.0 10.6 0.0 8.0 13:25 SSW 27 5.7 8.4 14:05 3.2 0:05 12.6 0.0 1.6 0.0 7.0 00:00 NNW 28 5.0 8.1 23:35 3.7 8:55 13.3 0.0 28.8 0.4 9.0 0:45 NNW 29 6.1 8.6 14:05 2.6 21:20 12.2 0.0 0.2 0.0 8.0 23:55 NNW 30 2.4 3.9 12:40 0.2 23:10 15.8 0.0 0.0 2.9 14.0 5:25 NNW 31 1.1 3.6 12:45 -1.1 6:35 17.2 0.0 0.0 0.4 7.0 13:10 NNW ------------------------------------------------------------------------------------- 2.5 9.1 19 -6.6 7 490.9 0.0 185.2 0.3 22.0 21 NNW Max >= 32.0: 0 Max <= 0.0: 0 Min <= 0.0: 19 Min <= -18.0: 0 Max Rain: 38.00 ON 19/01/21 Days of Rain: 23 (> .2 mm) 11 (> 2 mm) 4 (> 20 mm) Heat Base: 18.3 Cool Base: 18.3 Method: Integration