2021: Jan | Feb | Mar | Apr | May | Jun | Jul | Aug | Sep | Oct | Nov | Dec 
2020: Jan | Feb | Mar | Apr | May | Jun | Jul | Aug | Sep | Oct | Nov | Dec 
2019: Jan | Feb | Mar | Apr | May | Jun | Jul | Aug | Sep | Oct | Nov | Dec 
2018: Jan | Feb | Mar | Apr | May | Jun | Jul | Aug | Sep | Oct | Nov | Dec 
2017: Jan | Feb | Mar | Apr | May | Jun | Jul | Aug | Sep | Oct | Nov | Dec 
2016: Jan | Feb | Mar | Apr | May | Jun | Jul | Aug | Sep | Oct | Nov | Dec 
2015: Jan | Feb | Mar | Apr | May | Jun | Jul | Aug | Sep | Oct | Nov | Dec 
2014: Jan | Feb | Mar | Apr | May | Jun | Jul | Aug | Sep | Oct | Nov | Dec 
2013: Jan | Feb | Mar | Apr | May | Jun | Jul | Aug | Sep | Oct | Nov | Dec 
2012: Jan | Feb | Mar | Apr | May | Jun | Jul | Aug | Sep | Oct | Nov | Dec 
2011: Jan | Feb | Mar | Apr | May | Jun | Jul | Aug | Sep | Oct | Nov | Dec 
2010: Jan | Feb | Mar | Apr | May | Jun | Jul | Aug | Sep | Oct | Nov | Dec 
2009: Jan | Feb | Mar | Apr | May | Jun | Jul | Aug | Sep | Oct | Nov | Dec 
2008: Jan | Feb | Mar | Apr | May | Jun | Jul | Aug | Sep | Oct | Nov | Dec 
2007: Jan | Feb | Mar | Apr | May | Jun | Jul | Aug | Sep | Oct | Nov | Dec 

Report for 2021 02
MONTHLY CLIMATOLOGICAL SUMMARY for FEB. 2021 NAME: VantagePro2 CITY: Urswick STATE: Cumbria ELEV: 128 ft LAT: 54 09' 33" N LONG: 3 07' 24" W TEMPERATURE (C), RAIN (mm), WIND SPEED (mph) HEAT COOL AVG MEAN DEG DEG WIND DOM DAY TEMP HIGH TIME LOW TIME DAYS DAYS RAIN SPEED HIGH TIME DIR ------------------------------------------------------------------------------------ 1 2.1 5.2 13:55 -1.4 2:00 16.2 0.0 0.0 0.1 8.0 21:50 NNE 2 2.1 3.7 19:20 0.3 7:00 16.2 0.0 32.8 1.6 14.0 5:45 NNW 3 3.8 5.1 13:20 3.1 19:50 14.4 0.0 14.4 0.0 6.0 3:05 NNW 4 4.9 7.1 13:50 3.3 3:35 13.3 0.0 15.4 0.0 6.0 10:00 NNE 5 6.2 8.3 14:05 4.8 22:30 12.2 0.0 4.2 0.0 4.0 2:55 NNE 6 4.7 6.2 11:15 2.6 23:40 13.6 0.0 0.8 1.9 13.0 22:05 NNW 7 1.6 2.7 2:05 0.9 19:35 16.7 0.0 0.0 2.9 13.0 0:10 NNW 8 0.0 2.1 12:25 -1.8 20:50 18.3 0.0 0.0 1.7 11.0 1:20 NNW 9 -1.1 2.0 15:00 -3.3 3:30 19.4 0.0 0.0 0.8 11.0 16:30 NNW 10 -1.6 3.1 13:00 -4.4 23:20 19.9 0.0 0.0 0.1 7.0 15:20 NNW 11 -1.3 3.6 14:00 -5.7 6:05 19.6 0.0 0.0 0.9 10.0 13:35 NNE 12 -0.2 3.4 13:30 -2.2 23:15 18.5 0.0 0.0 1.5 13.0 23:15 NNW 13 -0.7 1.3 12:55 -2.8 5:15 19.0 0.0 0.0 1.5 13.0 12:05 SSW 14 3.3 5.1 20:20 0.6 0:05 15.0 0.0 1.6 1.2 13.0 7:55 SSW 15 5.8 8.2 16:05 3.1 7:05 12.5 0.0 1.2 0.0 6.0 22:50 SSE 16 6.8 9.6 12:45 1.5 20:45 11.5 0.0 3.0 0.3 12.0 12:55 SSE 17 6.7 9.2 13:25 3.2 1:15 11.6 0.0 3.2 0.3 9.0 4:40 SSE 18 6.7 8.3 0:05 2.9 00:00 11.6 0.0 3.4 1.6 21.0 7:15 SSE 19 6.9 8.9 20:35 2.6 0:15 11.4 0.0 12.8 0.9 13.0 14:40 SSW 20 9.3 10.7 14:25 7.4 00:00 9.0 0.0 8.2 0.9 16.0 22:00 SSE 21 8.1 11.1 13:45 6.3 7:25 10.3 0.0 3.4 0.1 9.0 1:30 SSE 22 6.6 10.2 13:55 2.1 19:55 11.8 0.0 3.0 0.0 6.0 13:25 SSE 23 8.2 9.6 13:45 5.6 0:05 10.1 0.0 39.0 1.1 14.0 12:25 SSE 24 8.3 9.7 0:10 7.1 21:50 10.0 0.0 16.0 0.4 14.0 3:20 SSE 25 6.0 8.9 13:45 0.3 22:30 12.3 0.0 0.0 0.2 10.0 8:35 SSE 26 3.4 9.6 14:00 -1.8 7:00 14.9 0.0 0.2 0.0 7.0 15:55 SSE 27 5.3 9.7 13:55 -0.3 22:30 13.0 0.0 0.0 0.0 4.0 14:50 SSE 28 2.8 10.8 14:00 -2.1 7:20 15.5 0.0 0.2 0.0 2.0 15:55 NNE ------------------------------------------------------------------------------------- 4.1 11.1 21 -5.7 11 397.7 0.0 162.8 0.7 21.0 18 NNW Max >= 32.0: 0 Max <= 0.0: 0 Min <= 0.0: 10 Min <= -18.0: 0 Max Rain: 38.99 ON 23/02/21 Days of Rain: 18 (> .2 mm) 13 (> 2 mm) 2 (> 20 mm) Heat Base: 18.3 Cool Base: 18.3 Method: Integration