2021: Jan | Feb | Mar | Apr | May | Jun | Jul | Aug | Sep | Oct | Nov | Dec 
2020: Jan | Feb | Mar | Apr | May | Jun | Jul | Aug | Sep | Oct | Nov | Dec 
2019: Jan | Feb | Mar | Apr | May | Jun | Jul | Aug | Sep | Oct | Nov | Dec 
2018: Jan | Feb | Mar | Apr | May | Jun | Jul | Aug | Sep | Oct | Nov | Dec 
2017: Jan | Feb | Mar | Apr | May | Jun | Jul | Aug | Sep | Oct | Nov | Dec 
2016: Jan | Feb | Mar | Apr | May | Jun | Jul | Aug | Sep | Oct | Nov | Dec 
2015: Jan | Feb | Mar | Apr | May | Jun | Jul | Aug | Sep | Oct | Nov | Dec 
2014: Jan | Feb | Mar | Apr | May | Jun | Jul | Aug | Sep | Oct | Nov | Dec 
2013: Jan | Feb | Mar | Apr | May | Jun | Jul | Aug | Sep | Oct | Nov | Dec 
2012: Jan | Feb | Mar | Apr | May | Jun | Jul | Aug | Sep | Oct | Nov | Dec 
2011: Jan | Feb | Mar | Apr | May | Jun | Jul | Aug | Sep | Oct | Nov | Dec 
2010: Jan | Feb | Mar | Apr | May | Jun | Jul | Aug | Sep | Oct | Nov | Dec 
2009: Jan | Feb | Mar | Apr | May | Jun | Jul | Aug | Sep | Oct | Nov | Dec 
2008: Jan | Feb | Mar | Apr | May | Jun | Jul | Aug | Sep | Oct | Nov | Dec 
2007: Jan | Feb | Mar | Apr | May | Jun | Jul | Aug | Sep | Oct | Nov | Dec 

Report for 2021 03
MONTHLY CLIMATOLOGICAL SUMMARY for MAR. 2021 NAME: VantagePro2 CITY: Urswick STATE: Cumbria ELEV: 128 ft LAT: 54 09' 33" N LONG: 3 07' 24" W TEMPERATURE (C), RAIN (mm), WIND SPEED (mph) HEAT COOL AVG MEAN DEG DEG WIND DOM DAY TEMP HIGH TIME LOW TIME DAYS DAYS RAIN SPEED HIGH TIME DIR ------------------------------------------------------------------------------------ 1 3.7 10.9 13:50 -0.7 3:00 14.6 0.0 0.2 0.0 7.0 14:30 NNE 2 1.9 8.8 13:25 -2.5 4:55 16.4 0.0 0.0 0.0 6.0 10:30 NNE 3 0.9 4.4 15:50 -2.9 3:45 17.4 0.0 0.2 0.0 4.0 16:20 NNE 4 3.7 8.9 11:50 -0.4 00:00 14.6 0.0 0.6 0.3 9.0 15:00 NNW 5 2.6 6.2 15:05 -1.5 1:05 15.7 0.0 0.0 0.0 5.0 10:25 NNW 6 2.5 5.7 12:25 -1.8 1:30 15.8 0.0 0.0 0.0 7.0 13:30 SSE 7 3.7 7.9 13:45 0.3 20:30 14.6 0.0 0.0 0.2 10.0 13:45 NW 8 5.8 7.7 15:35 2.2 0:05 12.5 0.0 7.0 0.1 9.0 11:55 SSE 9 6.3 7.5 13:30 5.1 8:20 11.9 0.0 7.6 0.5 12.0 22:40 SSE 10 7.6 9.4 20:30 5.4 0:40 10.7 0.0 43.2 2.5 31.0 20:20 SSE 11 6.9 8.9 13:55 4.5 17:45 11.4 0.0 1.6 3.5 25.0 3:10 SW 12 6.2 7.8 15:35 5.1 8:45 12.1 0.0 4.0 2.0 21.0 1:50 SSE 13 5.3 7.4 13:55 3.7 9:55 13.0 0.0 9.2 2.7 21.0 7:35 NW 14 6.4 8.0 16:50 4.3 4:35 11.9 0.0 8.2 1.8 15.0 2:20 NW 15 8.1 11.1 13:00 6.4 7:15 10.2 0.0 1.0 1.6 15.0 2:25 NW 16 9.1 11.8 13:10 5.2 23:40 9.2 0.0 3.0 1.3 14.0 10:55 NW 17 6.2 12.1 13:55 1.2 4:40 12.1 0.0 0.0 0.0 7.0 10:10 NW 18 6.5 12.6 16:00 0.6 3:50 11.8 0.0 0.0 0.0 7.0 12:30 NW 19 9.3 13.1 15:05 4.4 0:05 9.0 0.0 0.0 0.1 7.0 0:50 NNE 20 7.7 9.3 10:45 5.3 21:45 10.6 0.0 0.0 1.2 18.0 17:55 NW 21 5.7 10.9 13:15 0.2 6:05 12.6 0.0 0.0 0.1 11.0 16:25 NW 22 7.4 9.2 14:15 5.1 0:05 10.9 0.0 0.0 0.0 12.0 12:20 NW 23 7.9 9.1 16:00 6.9 1:30 10.4 0.0 0.0 1.4 25.0 23:05 SSE 24 8.2 11.1 13:10 5.3 5:55 10.1 0.0 1.0 2.2 19.0 19:25 SSE 25 8.3 10.7 13:40 3.6 6:50 10.0 0.0 0.0 1.3 18.0 0:20 SSE 26 6.8 9.1 13:25 4.2 00:00 11.5 0.0 5.0 2.1 20.0 7:25 SSE 27 6.7 9.3 12:55 3.7 0:40 11.6 0.0 5.6 1.9 16.0 23:15 SW 28 9.4 9.9 21:05 8.0 0:05 8.6 0.0 13.8 5.4 31.0 12:30 SSE 29 10.3 11.9 15:35 9.2 00:00 8.0 0.0 0.4 5.4 30.0 8:10 SSE 30 10.2 14.5 16:20 7.8 6:00 8.1 0.0 0.0 0.5 14.0 1:05 SSE 31 10.6 17.2 13:55 5.0 6:45 7.7 0.0 0.0 0.2 8.0 22:35 NNW ------------------------------------------------------------------------------------- 6.5 17.2 31 -2.9 3 364.9 0.0 111.6 1.2 31.0 10 SSE Max >= 32.0: 0 Max <= 0.0: 0 Min <= 0.0: 6 Min <= -18.0: 0 Max Rain: 43.21 ON 10/03/21 Days of Rain: 17 (> .2 mm) 10 (> 2 mm) 1 (> 20 mm) Heat Base: 18.3 Cool Base: 18.3 Method: Integration