2021: Jan | Feb | Mar | Apr | May | Jun | Jul | Aug | Sep | Oct | Nov | Dec 
2020: Jan | Feb | Mar | Apr | May | Jun | Jul | Aug | Sep | Oct | Nov | Dec 
2019: Jan | Feb | Mar | Apr | May | Jun | Jul | Aug | Sep | Oct | Nov | Dec 
2018: Jan | Feb | Mar | Apr | May | Jun | Jul | Aug | Sep | Oct | Nov | Dec 
2017: Jan | Feb | Mar | Apr | May | Jun | Jul | Aug | Sep | Oct | Nov | Dec 
2016: Jan | Feb | Mar | Apr | May | Jun | Jul | Aug | Sep | Oct | Nov | Dec 
2015: Jan | Feb | Mar | Apr | May | Jun | Jul | Aug | Sep | Oct | Nov | Dec 
2014: Jan | Feb | Mar | Apr | May | Jun | Jul | Aug | Sep | Oct | Nov | Dec 
2013: Jan | Feb | Mar | Apr | May | Jun | Jul | Aug | Sep | Oct | Nov | Dec 
2012: Jan | Feb | Mar | Apr | May | Jun | Jul | Aug | Sep | Oct | Nov | Dec 
2011: Jan | Feb | Mar | Apr | May | Jun | Jul | Aug | Sep | Oct | Nov | Dec 
2010: Jan | Feb | Mar | Apr | May | Jun | Jul | Aug | Sep | Oct | Nov | Dec 
2009: Jan | Feb | Mar | Apr | May | Jun | Jul | Aug | Sep | Oct | Nov | Dec 
2008: Jan | Feb | Mar | Apr | May | Jun | Jul | Aug | Sep | Oct | Nov | Dec 
2007: Jan | Feb | Mar | Apr | May | Jun | Jul | Aug | Sep | Oct | Nov | Dec 

Report for 2021 04
MONTHLY CLIMATOLOGICAL SUMMARY for APR. 2021 NAME: VantagePro2 CITY: Urswick STATE: Cumbria ELEV: 128 ft LAT: 54 09' 33" N LONG: 3 07' 24" W TEMPERATURE (C), RAIN (mm), WIND SPEED (mph) HEAT COOL AVG MEAN DEG DEG WIND DOM DAY TEMP HIGH TIME LOW TIME DAYS DAYS RAIN SPEED HIGH TIME DIR ------------------------------------------------------------------------------------ 1 7.3 11.4 14:55 1.5 00:00 10.9 0.0 0.0 1.3 10.0 5:40 NNW 2 4.1 11.7 13:45 -2.7 6:10 14.3 0.0 0.0 0.2 9.0 15:20 NW 3 4.7 11.7 12:40 -1.6 5:20 13.6 0.0 0.0 0.2 9.0 16:40 NW 4 4.6 9.0 13:30 -1.9 6:20 13.8 0.0 0.4 0.7 19.0 23:55 NW 5 3.8 6.8 0:05 0.4 7:25 14.5 0.0 0.2 5.9 26.0 2:20 NW 6 2.2 6.8 13:15 -2.4 23:35 16.1 0.0 0.0 3.5 22.0 14:15 NW 7 2.6 8.2 13:40 -4.6 7:10 15.7 0.0 0.0 1.2 15.0 12:05 NW 8 7.3 9.1 13:30 4.7 0:50 11.0 0.0 2.4 2.7 23.0 12:35 SW 9 5.5 9.3 12:55 -1.4 00:00 12.8 0.0 0.0 1.3 13.0 13:00 NW 10 1.9 10.7 13:20 -5.4 6:40 16.3 0.0 0.0 0.6 11.0 17:15 NW 11 1.5 8.3 13:05 -3.9 6:50 16.8 0.0 0.0 0.4 14.0 15:25 NW 12 1.4 9.0 13:05 -5.1 6:10 16.9 0.0 0.2 0.2 10.0 15:30 NW 13 3.8 11.2 13:50 -3.6 0:25 14.5 0.0 0.2 0.1 10.0 16:10 NW 14 5.9 14.2 12:45 -0.9 4:30 12.4 0.0 0.0 0.1 9.0 13:40 NW 15 5.0 12.9 14:20 -1.7 6:25 13.3 0.0 0.0 0.0 7.0 17:10 SSW 16 5.3 14.4 13:40 -2.1 6:05 13.0 0.0 0.0 0.1 8.0 16:25 NW 17 6.1 15.8 13:30 -1.8 6:25 12.2 0.0 0.0 0.1 9.0 15:35 NW 18 7.8 12.3 12:45 1.2 6:20 10.5 0.0 0.0 0.1 6.0 17:35 NW 19 8.9 17.7 14:15 0.8 6:35 9.4 0.0 0.0 0.1 7.0 17:10 NW 20 8.9 16.0 13:30 1.8 5:25 9.4 0.0 0.0 0.1 8.0 14:30 NW 21 9.6 15.1 13:00 4.0 00:00 8.7 0.0 0.0 0.4 8.0 9:15 NNW 22 6.7 16.4 18:05 -1.3 5:15 11.6 0.0 0.0 0.0 2.0 9:05 SSW 23 9.7 18.1 14:10 -0.3 6:15 8.6 0.0 0.0 0.0 5.0 11:55 NNE 24 11.4 19.3 13:40 3.2 5:55 6.9 0.0 0.0 0.1 9.0 18:35 NNE 25 8.9 16.4 18:00 1.2 3:40 9.4 0.0 0.0 0.1 6.0 9:40 NNE 26 7.7 14.6 14:20 0.3 6:15 10.6 0.0 0.0 0.1 9.0 14:00 SSE 27 8.2 12.6 13:10 4.9 00:00 10.1 0.0 6.2 0.7 8.0 19:25 NNW 28 6.6 11.2 12:05 0.8 22:50 11.7 0.0 0.4 1.2 10.0 7:15 NNW 29 5.0 12.3 12:25 -0.6 6:05 13.3 0.0 1.6 0.2 10.0 15:20 NNW 30 5.4 10.6 12:15 -0.2 2:05 12.9 0.0 0.0 0.2 8.0 16:25 NNW ------------------------------------------------------------------------------------- 5.9 19.3 24 -5.4 10 371.1 0.0 11.6 0.7 26.0 5 NW Max >= 32.0: 0 Max <= 0.0: 0 Min <= 0.0: 18 Min <= -18.0: 0 Max Rain: 6.20 ON 27/04/21 Days of Rain: 8 (> .2 mm) 2 (> 2 mm) 0 (> 20 mm) Heat Base: 18.3 Cool Base: 18.3 Method: Integration