2021: Jan | Feb | Mar | Apr | May | Jun | Jul | Aug | Sep | Oct | Nov | Dec 
2020: Jan | Feb | Mar | Apr | May | Jun | Jul | Aug | Sep | Oct | Nov | Dec 
2019: Jan | Feb | Mar | Apr | May | Jun | Jul | Aug | Sep | Oct | Nov | Dec 
2018: Jan | Feb | Mar | Apr | May | Jun | Jul | Aug | Sep | Oct | Nov | Dec 
2017: Jan | Feb | Mar | Apr | May | Jun | Jul | Aug | Sep | Oct | Nov | Dec 
2016: Jan | Feb | Mar | Apr | May | Jun | Jul | Aug | Sep | Oct | Nov | Dec 
2015: Jan | Feb | Mar | Apr | May | Jun | Jul | Aug | Sep | Oct | Nov | Dec 
2014: Jan | Feb | Mar | Apr | May | Jun | Jul | Aug | Sep | Oct | Nov | Dec 
2013: Jan | Feb | Mar | Apr | May | Jun | Jul | Aug | Sep | Oct | Nov | Dec 
2012: Jan | Feb | Mar | Apr | May | Jun | Jul | Aug | Sep | Oct | Nov | Dec 
2011: Jan | Feb | Mar | Apr | May | Jun | Jul | Aug | Sep | Oct | Nov | Dec 
2010: Jan | Feb | Mar | Apr | May | Jun | Jul | Aug | Sep | Oct | Nov | Dec 
2009: Jan | Feb | Mar | Apr | May | Jun | Jul | Aug | Sep | Oct | Nov | Dec 
2008: Jan | Feb | Mar | Apr | May | Jun | Jul | Aug | Sep | Oct | Nov | Dec 
2007: Jan | Feb | Mar | Apr | May | Jun | Jul | Aug | Sep | Oct | Nov | Dec 

Report for 2021 05
MONTHLY CLIMATOLOGICAL SUMMARY for MAY. 2021 NAME: VantagePro2 CITY: Urswick STATE: Cumbria ELEV: 128 ft LAT: 54 09' 33" N LONG: 3 07' 24" W TEMPERATURE (C), RAIN (mm), WIND SPEED (mph) HEAT COOL AVG MEAN DEG DEG WIND DOM DAY TEMP HIGH TIME LOW TIME DAYS DAYS RAIN SPEED HIGH TIME DIR ------------------------------------------------------------------------------------ 1 5.1 11.2 17:15 -1.6 4:05 13.3 0.0 0.2 0.2 9.0 16:05 NW 2 6.1 12.0 13:15 0.6 4:25 12.2 0.0 0.8 0.1 11.0 16:20 NW 3 6.2 9.9 17:55 2.8 3:35 12.1 0.0 38.4 0.9 18.0 16:30 SSE 4 6.0 9.1 15:55 3.7 22:05 12.3 0.0 1.2 4.3 23.0 5:15 NW 5 5.5 10.5 13:55 -1.5 5:55 12.8 0.0 0.2 0.7 13.0 14:45 NW 6 3.9 9.5 12:50 -2.8 5:45 14.3 0.0 2.4 2.0 20.0 16:25 NW 7 6.3 11.4 11:45 -0.2 5:50 12.0 0.0 1.0 0.4 13.0 15:20 NW 8 7.2 12.8 18:20 0.4 0:30 11.2 0.0 19.6 1.1 14.0 8:00 NNW 9 11.6 15.7 19:35 7.8 6:20 6.7 0.0 0.0 0.2 10.0 14:30 SSE 10 11.9 15.7 14:25 9.6 5:15 6.4 0.0 0.6 0.4 13.0 18:05 SSE 11 10.3 16.9 13:35 6.3 6:20 8.0 0.0 4.6 0.1 9.0 0:45 SSE 12 9.6 14.7 19:00 4.2 00:00 8.7 0.0 1.0 0.0 9.0 15:45 SSE 13 9.5 16.3 10:55 2.7 3:30 8.8 0.0 0.6 0.2 9.0 15:25 NNW 14 10.2 14.5 14:25 5.3 5:00 8.1 0.0 0.2 0.0 6.0 13:45 NNE 15 10.1 13.2 13:05 8.3 5:55 8.2 0.0 5.6 0.2 7.0 8:10 NNE 16 11.5 17.8 13:00 6.5 23:40 6.8 0.0 6.2 0.1 6.0 13:05 NNW 17 10.2 14.0 18:05 5.1 2:45 8.1 0.0 1.2 0.6 18.0 16:10 NW 18 10.9 15.4 12:15 4.7 00:00 7.4 0.0 0.0 0.2 12.0 6:15 NW 19 9.9 15.0 11:45 3.1 2:05 8.4 0.0 0.0 0.2 10.0 12:30 NW 20 8.8 11.1 10:30 3.8 0:25 9.5 0.0 21.6 0.9 12.0 15:30 SSW 21 10.7 13.8 15:00 7.2 23:20 7.6 0.0 31.8 0.9 12.0 4:00 NNW 22 9.0 12.8 17:40 6.0 6:00 9.3 0.0 0.4 0.6 11.0 13:25 NW 23 8.9 13.3 13:25 6.9 4:50 9.4 0.0 11.2 0.5 19.0 3:50 SSE 24 9.9 13.5 17:40 6.9 3:00 8.4 0.0 4.0 0.4 14.0 16:25 NW 25 9.8 13.5 14:05 7.6 22:55 8.4 0.0 2.6 2.1 16.0 10:25 NW 26 10.0 15.9 18:30 2.3 4:40 8.3 0.0 0.2 0.4 9.0 15:55 NW 27 12.4 19.9 17:25 4.3 5:45 6.0 0.1 0.0 0.0 8.0 15:35 NNW 28 12.7 16.4 18:05 9.6 4:05 5.6 0.0 0.6 0.0 5.0 15:05 NNW 29 15.3 22.2 12:30 10.7 23:15 3.5 0.5 0.0 0.0 7.0 13:30 NNW 30 17.2 24.7 17:50 8.9 5:20 3.0 1.9 0.0 0.0 5.0 21:35 SSW 31 15.7 24.1 18:05 6.2 4:30 4.0 1.4 0.0 0.0 6.0 9:20 SSW ------------------------------------------------------------------------------------- 9.8 24.7 30 -2.8 6 269.0 4.0 156.2 0.6 23.0 4 NW Max >= 32.0: 0 Max <= 0.0: 0 Min <= 0.0: 4 Min <= -18.0: 0 Max Rain: 38.40 ON 03/05/21 Days of Rain: 24 (> .2 mm) 11 (> 2 mm) 3 (> 20 mm) Heat Base: 18.3 Cool Base: 18.3 Method: Integration