2021: Jan | Feb | Mar | Apr | May | Jun | Jul | Aug | Sep | Oct | Nov | Dec 
2020: Jan | Feb | Mar | Apr | May | Jun | Jul | Aug | Sep | Oct | Nov | Dec 
2019: Jan | Feb | Mar | Apr | May | Jun | Jul | Aug | Sep | Oct | Nov | Dec 
2018: Jan | Feb | Mar | Apr | May | Jun | Jul | Aug | Sep | Oct | Nov | Dec 
2017: Jan | Feb | Mar | Apr | May | Jun | Jul | Aug | Sep | Oct | Nov | Dec 
2016: Jan | Feb | Mar | Apr | May | Jun | Jul | Aug | Sep | Oct | Nov | Dec 
2015: Jan | Feb | Mar | Apr | May | Jun | Jul | Aug | Sep | Oct | Nov | Dec 
2014: Jan | Feb | Mar | Apr | May | Jun | Jul | Aug | Sep | Oct | Nov | Dec 
2013: Jan | Feb | Mar | Apr | May | Jun | Jul | Aug | Sep | Oct | Nov | Dec 
2012: Jan | Feb | Mar | Apr | May | Jun | Jul | Aug | Sep | Oct | Nov | Dec 
2011: Jan | Feb | Mar | Apr | May | Jun | Jul | Aug | Sep | Oct | Nov | Dec 
2010: Jan | Feb | Mar | Apr | May | Jun | Jul | Aug | Sep | Oct | Nov | Dec 
2009: Jan | Feb | Mar | Apr | May | Jun | Jul | Aug | Sep | Oct | Nov | Dec 
2008: Jan | Feb | Mar | Apr | May | Jun | Jul | Aug | Sep | Oct | Nov | Dec 
2007: Jan | Feb | Mar | Apr | May | Jun | Jul | Aug | Sep | Oct | Nov | Dec 

Report for 2021 06
MONTHLY CLIMATOLOGICAL SUMMARY for JUN. 2021 NAME: VantagePro2 CITY: Urswick STATE: Cumbria ELEV: 128 ft LAT: 54 09' 33" N LONG: 3 07' 24" W TEMPERATURE (C), RAIN (mm), WIND SPEED (mph) HEAT COOL AVG MEAN DEG DEG WIND DOM DAY TEMP HIGH TIME LOW TIME DAYS DAYS RAIN SPEED HIGH TIME DIR ------------------------------------------------------------------------------------ 1 18.8 26.4 13:55 10.6 5:40 1.9 2.4 0.0 0.0 6.0 2:20 NNW 2 19.0 25.2 13:45 12.4 5:30 1.4 2.1 0.0 0.6 10.0 13:05 NNW 3 14.1 17.0 20:00 7.9 23:10 4.3 0.0 0.8 0.4 8.0 0:30 NNW 4 12.8 18.9 17:40 4.2 5:00 5.5 0.0 0.0 0.1 7.0 7:25 NNW 5 14.3 21.8 14:15 5.9 2:30 4.5 0.5 0.0 0.1 7.0 14:20 NNW 6 15.4 21.2 19:10 9.5 23:10 3.3 0.4 0.0 0.1 7.0 10:15 NNW 7 14.5 19.7 11:35 7.6 00:00 3.9 0.1 0.0 0.1 8.0 16:05 NNW 8 14.7 20.8 17:40 7.4 0:05 3.9 0.3 0.0 0.2 10.0 12:55 SSE 9 15.9 21.5 15:00 11.1 0:05 2.7 0.3 0.0 0.5 11.0 17:30 SSE 10 16.6 20.6 16:00 14.2 4:20 2.0 0.2 0.0 1.4 19.0 20:00 SSE 11 14.9 18.4 13:15 9.8 23:55 3.4 0.0 0.0 1.2 18.0 0:10 SSE 12 13.8 17.8 17:30 8.8 5:10 4.4 0.0 0.0 0.6 14.0 11:25 NNW 13 16.9 21.7 15:55 13.0 0:05 2.0 0.6 0.0 0.1 8.0 16:10 SSE 14 14.1 16.6 13:00 7.1 00:00 4.2 0.0 0.2 0.7 14.0 9:15 NNW 15 14.7 21.6 14:10 5.8 1:20 4.3 0.7 0.0 0.1 8.0 13:35 SSE 16 14.2 17.7 14:20 10.4 0:30 4.1 0.0 0.2 0.1 7.0 3:55 SSE 17 15.3 20.6 12:20 9.8 22:45 3.3 0.3 0.0 0.3 11.0 13:50 NNW 18 14.7 21.8 12:10 5.1 5:20 4.2 0.6 0.0 0.1 8.0 16:50 NNW 19 16.4 22.9 14:35 10.7 3:05 2.8 0.9 0.0 0.0 5.0 11:20 SSE 20 15.2 23.8 14:20 9.3 00:00 3.7 0.5 0.0 0.0 8.0 15:20 NNW 21 12.2 17.1 20:05 7.2 3:40 6.1 0.0 0.0 0.1 6.0 11:40 NNW 22 12.8 18.9 12:25 4.4 5:15 5.5 0.0 0.0 0.2 10.0 18:50 NNW 23 11.3 14.6 12:45 4.2 2:30 7.0 0.0 2.4 0.0 5.0 12:50 SSE 24 15.2 18.5 11:15 13.5 0:05 3.1 0.0 4.2 0.1 9.0 11:45 NNW 25 11.3 14.1 0:05 9.4 23:45 7.0 0.0 23.2 0.1 8.0 15:10 NNW 26 14.0 19.9 16:15 6.2 4:55 4.6 0.3 0.0 0.2 6.0 14:55 NNW 27 15.9 21.7 15:25 8.8 4:20 3.0 0.7 0.0 0.0 6.0 6:25 NNW 28 17.0 23.4 11:40 11.0 4:55 2.2 0.9 0.0 0.1 9.0 12:50 NNW 29 17.7 25.7 12:30 13.1 5:20 1.8 1.2 0.0 0.1 9.0 16:50 NNW 30 16.8 23.2 20:25 10.9 4:45 2.5 1.0 0.0 0.0 8.0 15:20 NNW ------------------------------------------------------------------------------------- 15.0 26.4 1 4.2 4 112.6 14.0 31.0 0.3 19.0 10 NNW Max >= 32.0: 0 Max <= 0.0: 0 Min <= 0.0: 0 Min <= -18.0: 0 Max Rain: 23.19 ON 25/06/21 Days of Rain: 6 (> .2 mm) 3 (> 2 mm) 1 (> 20 mm) Heat Base: 18.3 Cool Base: 18.3 Method: Integration