2021: Jan | Feb | Mar | Apr | May | Jun | Jul | Aug | Sep | Oct | Nov | Dec 
2020: Jan | Feb | Mar | Apr | May | Jun | Jul | Aug | Sep | Oct | Nov | Dec 
2019: Jan | Feb | Mar | Apr | May | Jun | Jul | Aug | Sep | Oct | Nov | Dec 
2018: Jan | Feb | Mar | Apr | May | Jun | Jul | Aug | Sep | Oct | Nov | Dec 
2017: Jan | Feb | Mar | Apr | May | Jun | Jul | Aug | Sep | Oct | Nov | Dec 
2016: Jan | Feb | Mar | Apr | May | Jun | Jul | Aug | Sep | Oct | Nov | Dec 
2015: Jan | Feb | Mar | Apr | May | Jun | Jul | Aug | Sep | Oct | Nov | Dec 
2014: Jan | Feb | Mar | Apr | May | Jun | Jul | Aug | Sep | Oct | Nov | Dec 
2013: Jan | Feb | Mar | Apr | May | Jun | Jul | Aug | Sep | Oct | Nov | Dec 
2012: Jan | Feb | Mar | Apr | May | Jun | Jul | Aug | Sep | Oct | Nov | Dec 
2011: Jan | Feb | Mar | Apr | May | Jun | Jul | Aug | Sep | Oct | Nov | Dec 
2010: Jan | Feb | Mar | Apr | May | Jun | Jul | Aug | Sep | Oct | Nov | Dec 
2009: Jan | Feb | Mar | Apr | May | Jun | Jul | Aug | Sep | Oct | Nov | Dec 
2008: Jan | Feb | Mar | Apr | May | Jun | Jul | Aug | Sep | Oct | Nov | Dec 
2007: Jan | Feb | Mar | Apr | May | Jun | Jul | Aug | Sep | Oct | Nov | Dec 

Report for 2021 07
MONTHLY CLIMATOLOGICAL SUMMARY for JUL. 2021 NAME: VantagePro2 CITY: Urswick STATE: Cumbria ELEV: 128 ft LAT: 54 09' 33" N LONG: 3 07' 24" W TEMPERATURE (C), RAIN (mm), WIND SPEED (mph) HEAT COOL AVG MEAN DEG DEG WIND DOM DAY TEMP HIGH TIME LOW TIME DAYS DAYS RAIN SPEED HIGH TIME DIR ------------------------------------------------------------------------------------ 1 15.6 23.3 12:15 10.6 4:55 3.1 0.4 0.0 0.1 8.0 14:15 NNW 2 16.3 23.1 14:20 11.8 5:10 2.6 0.6 0.0 0.0 7.0 15:05 SE 3 16.1 20.6 18:40 12.7 0:50 2.4 0.2 4.6 0.0 8.0 21:15 SSE 4 16.9 22.1 13:25 14.1 23:55 1.8 0.4 16.6 0.0 4.0 11:30 SSE 5 15.3 20.3 19:05 12.6 00:00 3.2 0.1 10.0 0.2 12.0 13:50 SSE 6 14.3 18.3 18:05 11.6 3:15 4.0 0.0 3.8 0.2 9.0 13:10 NNW 7 15.4 20.8 12:45 8.5 3:55 3.3 0.4 0.0 0.2 11.0 15:00 NNW 8 15.1 19.4 16:30 9.5 3:20 3.3 0.0 0.0 0.1 7.0 9:35 NNW 9 16.7 20.8 13:25 12.8 00:00 2.1 0.5 0.0 0.0 6.0 13:50 NNW 10 17.3 22.3 18:40 12.4 1:15 1.8 0.8 0.8 0.0 4.0 10:35 NNW 11 17.0 22.6 14:45 11.4 3:30 2.2 0.9 1.4 0.0 4.0 19:10 NNW 12 16.9 21.2 13:50 14.6 5:35 1.6 0.2 8.6 0.0 6.0 13:55 NNW 13 17.4 22.7 12:00 12.7 5:00 1.9 1.0 0.0 0.3 10.0 14:10 NNW 14 16.6 21.4 18:15 9.9 5:20 2.4 0.7 0.0 0.4 12.0 16:20 NNW 15 17.8 22.4 12:15 13.6 00:00 1.6 1.1 0.0 0.4 9.0 3:30 NNW 16 18.6 24.8 14:35 10.6 3:45 2.2 2.5 0.0 0.5 10.0 14:40 NNW 17 19.3 25.8 11:45 11.8 5:05 1.7 2.7 0.0 0.1 9.0 12:55 NNW 18 18.9 25.2 13:30 12.1 4:40 1.9 2.5 0.0 0.1 8.0 13:30 NNW 19 19.3 26.4 18:15 11.1 5:20 1.8 2.9 0.0 0.1 7.0 16:40 NNW 20 19.1 25.3 13:10 11.7 4:55 1.8 2.6 0.0 0.2 8.0 13:35 NNW 21 20.7 29.3 13:55 12.5 4:35 1.5 3.8 0.0 0.0 6.0 17:15 NNW 22 22.2 31.2 13:25 13.9 5:05 1.0 4.9 0.0 0.1 7.0 18:15 NNW 23 21.2 27.9 13:40 15.9 5:20 0.5 3.4 0.0 0.0 6.0 12:40 SSE 24 17.7 22.7 16:05 12.4 5:25 1.8 1.1 0.0 0.1 7.0 12:55 NNW 25 17.1 25.3 13:25 9.6 5:35 2.5 1.4 0.0 0.1 8.0 14:20 NNW 26 16.8 23.3 12:25 10.4 2:55 2.7 1.2 0.0 0.2 9.0 13:55 NNW 27 16.9 21.2 14:35 12.4 5:00 1.8 0.4 1.0 0.1 9.0 17:55 NNW 28 14.5 18.0 11:45 11.5 20:15 3.8 0.0 53.0 0.3 10.0 15:45 SSE 29 13.9 15.9 16:05 12.4 0:05 4.4 0.0 4.8 0.5 11.0 1:20 SW 30 14.7 18.2 13:15 12.6 0:05 3.6 0.0 8.0 0.0 0.0 --- --- 31 14.9 18.1 13:30 10.9 23:35 3.4 0.0 0.0 0.4 10.0 14:40 NNW ------------------------------------------------------------------------------------- 17.1 31.2 22 8.5 7 73.7 36.7 112.6 0.2 12.0 5 NNW Max >= 32.0: 0 Max <= 0.0: 0 Min <= 0.0: 0 Min <= -18.0: 0 Max Rain: 53.01 ON 28/07/21 Days of Rain: 11 (> .2 mm) 8 (> 2 mm) 1 (> 20 mm) Heat Base: 18.3 Cool Base: 18.3 Method: Integration