2021: Jan | Feb | Mar | Apr | May | Jun | Jul | Aug | Sep | Oct | Nov | Dec 
2020: Jan | Feb | Mar | Apr | May | Jun | Jul | Aug | Sep | Oct | Nov | Dec 
2019: Jan | Feb | Mar | Apr | May | Jun | Jul | Aug | Sep | Oct | Nov | Dec 
2018: Jan | Feb | Mar | Apr | May | Jun | Jul | Aug | Sep | Oct | Nov | Dec 
2017: Jan | Feb | Mar | Apr | May | Jun | Jul | Aug | Sep | Oct | Nov | Dec 
2016: Jan | Feb | Mar | Apr | May | Jun | Jul | Aug | Sep | Oct | Nov | Dec 
2015: Jan | Feb | Mar | Apr | May | Jun | Jul | Aug | Sep | Oct | Nov | Dec 
2014: Jan | Feb | Mar | Apr | May | Jun | Jul | Aug | Sep | Oct | Nov | Dec 
2013: Jan | Feb | Mar | Apr | May | Jun | Jul | Aug | Sep | Oct | Nov | Dec 
2012: Jan | Feb | Mar | Apr | May | Jun | Jul | Aug | Sep | Oct | Nov | Dec 
2011: Jan | Feb | Mar | Apr | May | Jun | Jul | Aug | Sep | Oct | Nov | Dec 
2010: Jan | Feb | Mar | Apr | May | Jun | Jul | Aug | Sep | Oct | Nov | Dec 
2009: Jan | Feb | Mar | Apr | May | Jun | Jul | Aug | Sep | Oct | Nov | Dec 
2008: Jan | Feb | Mar | Apr | May | Jun | Jul | Aug | Sep | Oct | Nov | Dec 
2007: Jan | Feb | Mar | Apr | May | Jun | Jul | Aug | Sep | Oct | Nov | Dec 

Report for 2021 08
MONTHLY CLIMATOLOGICAL SUMMARY for AUG. 2021 NAME: VantagePro2 CITY: Urswick STATE: Cumbria ELEV: 128 ft LAT: 54 09' 33" N LONG: 3 07' 24" W TEMPERATURE (C), RAIN (mm), WIND SPEED (mph) HEAT COOL AVG MEAN DEG DEG WIND DOM DAY TEMP HIGH TIME LOW TIME DAYS DAYS RAIN SPEED HIGH TIME DIR ------------------------------------------------------------------------------------ 1 15.1 21.1 18:15 9.7 23:10 3.5 0.2 0.0 0.0 5.0 13:50 NNW 2 12.9 18.2 13:05 6.7 23:50 5.4 0.0 0.0 0.1 11.0 10:50 NNW 3 12.8 20.1 18:00 5.9 5:45 5.6 0.1 0.0 0.1 8.0 15:00 NNW 4 14.6 23.3 13:15 7.2 4:05 4.6 0.9 0.2 0.0 5.0 12:25 NNW 5 15.4 18.7 11:10 10.3 0:05 2.9 0.0 4.6 0.1 6.0 7:55 SSE 6 15.9 17.6 17:15 15.2 6:45 2.3 0.0 15.4 0.9 16.0 21:10 SSE 7 15.2 17.6 17:05 13.2 6:20 3.1 0.0 7.6 0.4 11.0 0:40 SSE 8 15.7 18.5 13:40 14.2 3:45 2.7 0.0 8.6 0.6 14.0 17:20 SW 9 15.1 18.6 12:40 9.3 6:20 3.3 0.0 0.6 0.3 10.0 10:40 SSE 10 15.5 19.3 13:50 11.1 23:25 2.9 0.1 0.6 0.2 9.0 15:10 NNW 11 15.4 18.7 14:30 11.2 0:05 2.9 0.0 7.0 0.2 11.0 18:55 SSE 12 15.2 20.5 14:20 9.3 4:45 3.4 0.2 0.2 0.9 13.0 16:25 E 13 16.4 19.4 13:15 13.9 5:40 2.0 0.1 0.0 1.7 18.0 12:30 SSE 14 15.4 18.2 14:40 13.3 22:50 2.9 0.0 1.0 0.1 8.0 10:35 SSE 15 14.7 17.4 17:55 12.8 5:50 3.6 0.0 3.4 0.5 12.0 00:00 NNW 16 14.7 17.3 14:15 13.3 2:00 3.6 0.0 0.0 1.2 13.0 17:40 NNW 17 15.2 17.8 16:25 13.7 4:55 3.2 0.0 3.2 1.6 18.0 8:35 NNW 18 14.6 16.1 10:50 13.1 5:45 3.7 0.0 1.2 0.8 18.0 5:00 NNW 19 15.2 17.0 18:10 13.5 4:10 3.1 0.0 1.4 0.0 1.0 0:15 N 20 17.0 21.8 14:35 12.6 5:10 1.8 0.5 2.4 0.0 0.0 --- --- 21 16.8 19.3 14:30 15.6 9:50 1.6 0.1 17.0 0.0 0.0 --- --- 22 16.9 19.8 12:50 14.1 6:45 1.5 0.1 18.0 0.2 9.0 12:50 NNW 23 17.9 23.9 13:40 14.8 00:00 1.3 0.9 0.0 0.0 0.0 --- --- 24 15.6 22.7 14:00 10.3 6:20 3.3 0.5 0.2 0.0 0.0 --- --- 25 15.5 20.9 13:00 10.8 4:35 3.1 0.3 0.0 0.0 1.0 14:40 NW 26 16.4 21.6 13:10 9.0 00:00 2.4 0.6 0.0 0.0 7.0 15:20 NNW 27 13.2 20.4 14:05 7.1 2:55 5.1 0.0 0.0 0.0 1.0 16:25 NNW 28 13.1 19.5 12:55 6.8 4:25 5.3 0.1 0.0 0.0 5.0 17:40 NNW 29 13.7 18.9 13:50 7.4 6:05 4.7 0.0 0.0 0.0 1.0 7:50 NNW 30 14.7 18.3 15:35 12.6 6:40 3.6 0.0 0.0 0.0 1.0 0:10 N 31 14.1 17.9 14:30 10.2 00:00 4.2 0.0 0.0 0.0 0.0 --- --- ------------------------------------------------------------------------------------- 15.2 23.9 23 5.9 3 102.6 4.9 92.6 0.3 18.0 13 SSE Max >= 32.0: 0 Max <= 0.0: 0 Min <= 0.0: 0 Min <= -18.0: 0 Max Rain: 18.01 ON 22/08/21 Days of Rain: 18 (> .2 mm) 10 (> 2 mm) 0 (> 20 mm) Heat Base: 18.3 Cool Base: 18.3 Method: Integration