2022: Jan | Feb | Mar | Apr | May | Jun | Jul | Aug | Sep | Oct | Nov | Dec 
2021: Jan | Feb | Mar | Apr | May | Jun | Jul | Aug | Sep | Oct | Nov | Dec 
2020: Jan | Feb | Mar | Apr | May | Jun | Jul | Aug | Sep | Oct | Nov | Dec 
2019: Jan | Feb | Mar | Apr | May | Jun | Jul | Aug | Sep | Oct | Nov | Dec 
2018: Jan | Feb | Mar | Apr | May | Jun | Jul | Aug | Sep | Oct | Nov | Dec 
2017: Jan | Feb | Mar | Apr | May | Jun | Jul | Aug | Sep | Oct | Nov | Dec 
2016: Jan | Feb | Mar | Apr | May | Jun | Jul | Aug | Sep | Oct | Nov | Dec 
2015: Jan | Feb | Mar | Apr | May | Jun | Jul | Aug | Sep | Oct | Nov | Dec 
2014: Jan | Feb | Mar | Apr | May | Jun | Jul | Aug | Sep | Oct | Nov | Dec 
2013: Jan | Feb | Mar | Apr | May | Jun | Jul | Aug | Sep | Oct | Nov | Dec 
2012: Jan | Feb | Mar | Apr | May | Jun | Jul | Aug | Sep | Oct | Nov | Dec 
2011: Jan | Feb | Mar | Apr | May | Jun | Jul | Aug | Sep | Oct | Nov | Dec 
2010: Jan | Feb | Mar | Apr | May | Jun | Jul | Aug | Sep | Oct | Nov | Dec 
2009: Jan | Feb | Mar | Apr | May | Jun | Jul | Aug | Sep | Oct | Nov | Dec 
2008: Jan | Feb | Mar | Apr | May | Jun | Jul | Aug | Sep | Oct | Nov | Dec 
2007: Jan | Feb | Mar | Apr | May | Jun | Jul | Aug | Sep | Oct | Nov | Dec 

Report for 2021 09
MONTHLY CLIMATOLOGICAL SUMMARY for SEP. 2021 NAME: VantagePro2 CITY: Urswick STATE: Cumbria ELEV: 128 ft LAT: 54 09' 33" N LONG: 3 07' 24" W TEMPERATURE (C), RAIN (mm), WIND SPEED (mph) HEAT COOL AVG MEAN DEG DEG WIND DOM DAY TEMP HIGH TIME LOW TIME DAYS DAYS RAIN SPEED HIGH TIME DIR ------------------------------------------------------------------------------------ 1 12.7 19.6 14:55 5.6 4:05 5.6 0.1 0.0 0.0 0.0 --- --- 2 14.7 20.8 15:05 7.9 1:30 4.0 0.4 0.0 0.0 0.0 --- --- 3 13.2 17.2 16:55 7.2 2:40 5.1 0.0 0.0 0.0 0.0 --- --- 4 14.8 19.1 13:45 12.3 6:20 3.5 0.0 0.0 0.0 0.0 --- --- 5 16.4 23.0 14:20 11.2 2:40 2.8 0.9 0.0 0.0 0.0 --- --- 6 16.4 20.1 16:25 11.8 23:50 2.2 0.3 1.0 0.0 0.0 --- --- 7 16.9 25.0 14:40 10.5 6:00 3.0 1.6 0.0 0.0 0.0 --- --- 8 20.2 27.9 14:10 13.3 6:25 1.2 3.1 0.0 0.0 6.0 16:00 NNW 9 18.1 20.9 16:45 14.1 00:00 0.8 0.6 1.8 0.0 2.0 0:25 NNE 10 17.2 20.9 15:15 12.8 1:40 1.5 0.4 0.6 0.0 4.0 16:05 NNW 11 15.8 17.6 15:00 11.1 23:30 2.5 0.0 0.2 0.0 0.0 --- --- 12 13.8 19.1 14:25 10.2 20:45 4.6 0.0 0.0 0.0 0.0 --- --- 13 13.3 15.4 15:35 11.7 2:25 5.0 0.0 2.4 0.0 0.0 --- --- 14 14.1 18.2 15:35 10.9 22:55 4.2 0.0 5.4 0.0 0.0 --- --- 15 13.1 20.1 13:05 6.3 6:25 5.4 0.1 0.0 0.0 0.0 --- --- 16 14.1 18.8 14:10 9.6 6:50 4.2 0.0 0.0 0.0 0.0 --- --- 17 15.7 21.4 13:45 10.6 0:05 3.0 0.5 0.0 0.0 6.0 17:10 NNW 18 16.3 20.0 13:10 14.9 2:55 2.1 0.1 0.4 0.0 0.0 --- --- 19 13.6 16.6 2:00 7.7 22:25 4.8 0.0 5.6 0.0 0.0 --- --- 20 11.7 17.7 14:25 4.9 6:20 6.6 0.0 0.4 0.0 6.0 12:55 NNW 21 13.7 17.2 13:35 8.3 5:55 4.6 0.0 0.0 0.0 6.0 8:30 NNW 22 16.0 18.8 13:40 14.0 7:55 2.3 0.0 0.8 0.9 13.0 12:45 SSE 23 14.8 16.3 0:45 12.7 7:40 3.5 0.0 0.4 0.7 12.0 6:30 SW 24 16.3 18.4 14:40 14.5 5:40 1.9 0.0 3.2 0.7 9.0 7:55 SW 25 16.7 19.6 15:50 13.7 7:20 1.7 0.1 0.8 0.0 5.0 1:35 SSE 26 16.6 19.2 16:35 14.0 3:00 1.8 0.0 0.6 0.0 8.0 21:55 SSE 27 12.6 16.9 0:05 8.2 20:40 5.7 0.0 13.2 0.8 13.0 5:15 SSE 28 10.8 12.6 14:30 7.1 22:05 7.5 0.0 19.6 0.1 10.0 0:20 SSE 29 8.8 12.4 12:55 5.5 2:50 9.5 0.0 15.4 0.7 15.0 13:50 NNW 30 12.5 15.6 12:20 6.7 1:40 5.8 0.0 25.0 0.7 18.0 10:50 SSE ------------------------------------------------------------------------------------- 14.7 27.9 8 4.9 20 116.6 8.2 96.8 0.2 18.0 30 SSE Max >= 32.0: 0 Max <= 0.0: 0 Min <= 0.0: 0 Min <= -18.0: 0 Max Rain: 24.99 ON 30/09/21 Days of Rain: 18 (> .2 mm) 8 (> 2 mm) 1 (> 20 mm) Heat Base: 18.3 Cool Base: 18.3 Method: Integration