2022: Jan | Feb | Mar | Apr | May | Jun | Jul | Aug | Sep | Oct | Nov | Dec 
2021: Jan | Feb | Mar | Apr | May | Jun | Jul | Aug | Sep | Oct | Nov | Dec 
2020: Jan | Feb | Mar | Apr | May | Jun | Jul | Aug | Sep | Oct | Nov | Dec 
2019: Jan | Feb | Mar | Apr | May | Jun | Jul | Aug | Sep | Oct | Nov | Dec 
2018: Jan | Feb | Mar | Apr | May | Jun | Jul | Aug | Sep | Oct | Nov | Dec 
2017: Jan | Feb | Mar | Apr | May | Jun | Jul | Aug | Sep | Oct | Nov | Dec 
2016: Jan | Feb | Mar | Apr | May | Jun | Jul | Aug | Sep | Oct | Nov | Dec 
2015: Jan | Feb | Mar | Apr | May | Jun | Jul | Aug | Sep | Oct | Nov | Dec 
2014: Jan | Feb | Mar | Apr | May | Jun | Jul | Aug | Sep | Oct | Nov | Dec 
2013: Jan | Feb | Mar | Apr | May | Jun | Jul | Aug | Sep | Oct | Nov | Dec 
2012: Jan | Feb | Mar | Apr | May | Jun | Jul | Aug | Sep | Oct | Nov | Dec 
2011: Jan | Feb | Mar | Apr | May | Jun | Jul | Aug | Sep | Oct | Nov | Dec 
2010: Jan | Feb | Mar | Apr | May | Jun | Jul | Aug | Sep | Oct | Nov | Dec 
2009: Jan | Feb | Mar | Apr | May | Jun | Jul | Aug | Sep | Oct | Nov | Dec 
2008: Jan | Feb | Mar | Apr | May | Jun | Jul | Aug | Sep | Oct | Nov | Dec 
2007: Jan | Feb | Mar | Apr | May | Jun | Jul | Aug | Sep | Oct | Nov | Dec 

Report for 2021 10
MONTHLY CLIMATOLOGICAL SUMMARY for OCT. 2021 NAME: VantagePro2 CITY: Urswick STATE: Cumbria ELEV: 128 ft LAT: 54 09' 33" N LONG: 3 07' 24" W TEMPERATURE (C), RAIN (mm), WIND SPEED (mph) HEAT COOL AVG MEAN DEG DEG WIND DOM DAY TEMP HIGH TIME LOW TIME DAYS DAYS RAIN SPEED HIGH TIME DIR ------------------------------------------------------------------------------------ 1 12.4 14.6 1:50 10.8 00:00 5.9 0.0 2.8 1.6 16.0 5:00 SSE 2 10.1 11.7 1:45 7.7 22:10 8.2 0.0 16.0 0.2 11.0 1:15 SSE 3 11.4 14.2 14:15 8.2 0:05 6.9 0.0 5.6 1.2 22.0 9:00 SSE 4 10.7 12.9 13:30 9.2 19:50 7.6 0.0 36.6 0.1 8.0 9:50 SSE 5 10.1 11.5 21:25 8.4 6:50 8.2 0.0 13.0 2.9 18.0 13:55 NNW 6 10.5 14.1 14:25 5.6 6:00 7.8 0.0 1.8 0.2 9.0 0:05 NNW 7 14.5 16.6 12:25 11.6 0:05 3.8 0.0 5.4 0.1 7.0 19:15 SSE 8 14.3 18.3 14:05 10.9 7:30 4.0 0.0 0.0 0.0 2.0 1:45 SSE 9 14.2 15.1 13:55 13.4 23:50 4.1 0.0 3.2 0.0 6.0 23:10 NNW 10 11.0 14.0 12:00 6.8 5:30 7.3 0.0 0.2 0.3 10.0 15:25 NNW 11 10.9 14.4 13:00 5.5 6:35 7.4 0.0 0.0 0.2 9.0 14:10 NNW 12 13.3 15.6 15:55 11.7 21:45 4.9 0.0 0.0 0.4 10.0 2:35 NNW 13 12.5 14.0 11:15 11.1 1:10 5.8 0.0 0.4 0.1 9.0 11:05 NNW 14 12.7 13.9 21:20 11.2 00:00 5.6 0.0 1.2 0.8 11.0 18:40 SW 15 6.2 12.2 14:45 1.4 7:25 12.2 0.0 0.0 0.1 9.0 0:45 NNW 16 7.6 11.8 23:40 1.8 3:05 10.7 0.0 4.2 0.0 4.0 23:20 SE 17 13.0 14.6 16:55 11.3 4:20 5.3 0.0 29.6 0.0 7.0 15:25 SE 18 13.3 15.0 20:40 11.1 8:10 5.0 0.0 4.0 0.0 5.0 21:05 SSE 19 14.8 15.9 13:10 13.5 7:00 3.5 0.0 13.6 0.6 13.0 19:10 SSE 20 10.3 14.5 0:05 6.9 20:10 8.0 0.0 1.2 0.3 10.0 14:10 NNW 21 7.6 10.3 15:30 3.3 5:10 10.7 0.0 1.6 2.2 16.0 2:20 NNW 22 9.5 11.7 14:40 6.3 20:15 8.8 0.0 4.6 1.5 19.0 4:50 NNW 23 10.3 12.1 14:40 7.4 1:15 8.0 0.0 1.0 0.5 11.0 13:35 SSE 24 11.3 12.7 16:10 9.8 8:00 7.0 0.0 6.2 0.7 11.0 23:45 SSE 25 11.1 12.8 14:35 9.9 20:05 7.2 0.0 0.0 0.4 10.0 0:20 SSE 26 12.9 15.2 15:05 10.1 2:40 5.4 0.0 9.2 2.2 22.0 14:45 SSE 27 14.1 15.1 1:45 13.6 22:10 4.2 0.0 50.8 1.7 22.0 0:10 SSE 28 13.3 13.9 16:00 12.8 3:40 5.0 0.0 21.2 0.6 11.0 5:50 SSE 29 11.1 13.5 11:25 8.6 22:25 7.3 0.0 15.8 0.4 15.0 12:25 SSE 30 9.4 10.7 14:55 7.1 22:20 8.9 0.0 23.4 0.2 10.0 12:30 SSE 31 9.3 11.7 13:40 7.3 1:05 9.0 0.0 14.8 0.5 15.0 18:25 SSE ------------------------------------------------------------------------------------- 11.4 18.3 8 1.4 15 213.8 0.0 287.4 0.6 22.0 3 SSE Max >= 32.0: 0 Max <= 0.0: 0 Min <= 0.0: 0 Min <= -18.0: 0 Max Rain: 50.80 ON 27/10/21 Days of Rain: 26 (> .2 mm) 19 (> 2 mm) 5 (> 20 mm) Heat Base: 18.3 Cool Base: 18.3 Method: Integration