2022: Jan | Feb | Mar | Apr | May | Jun | Jul | Aug | Sep | Oct | Nov | Dec 
2021: Jan | Feb | Mar | Apr | May | Jun | Jul | Aug | Sep | Oct | Nov | Dec 
2020: Jan | Feb | Mar | Apr | May | Jun | Jul | Aug | Sep | Oct | Nov | Dec 
2019: Jan | Feb | Mar | Apr | May | Jun | Jul | Aug | Sep | Oct | Nov | Dec 
2018: Jan | Feb | Mar | Apr | May | Jun | Jul | Aug | Sep | Oct | Nov | Dec 
2017: Jan | Feb | Mar | Apr | May | Jun | Jul | Aug | Sep | Oct | Nov | Dec 
2016: Jan | Feb | Mar | Apr | May | Jun | Jul | Aug | Sep | Oct | Nov | Dec 
2015: Jan | Feb | Mar | Apr | May | Jun | Jul | Aug | Sep | Oct | Nov | Dec 
2014: Jan | Feb | Mar | Apr | May | Jun | Jul | Aug | Sep | Oct | Nov | Dec 
2013: Jan | Feb | Mar | Apr | May | Jun | Jul | Aug | Sep | Oct | Nov | Dec 
2012: Jan | Feb | Mar | Apr | May | Jun | Jul | Aug | Sep | Oct | Nov | Dec 
2011: Jan | Feb | Mar | Apr | May | Jun | Jul | Aug | Sep | Oct | Nov | Dec 
2010: Jan | Feb | Mar | Apr | May | Jun | Jul | Aug | Sep | Oct | Nov | Dec 
2009: Jan | Feb | Mar | Apr | May | Jun | Jul | Aug | Sep | Oct | Nov | Dec 
2008: Jan | Feb | Mar | Apr | May | Jun | Jul | Aug | Sep | Oct | Nov | Dec 
2007: Jan | Feb | Mar | Apr | May | Jun | Jul | Aug | Sep | Oct | Nov | Dec 

Report for 2021 11
MONTHLY CLIMATOLOGICAL SUMMARY for NOV. 2021 NAME: VantagePro2 CITY: Urswick STATE: Cumbria ELEV: 128 ft LAT: 54 09' 33" N LONG: 3 07' 24" W TEMPERATURE (C), RAIN (mm), WIND SPEED (mph) HEAT COOL AVG MEAN DEG DEG WIND DOM DAY TEMP HIGH TIME LOW TIME DAYS DAYS RAIN SPEED HIGH TIME DIR ------------------------------------------------------------------------------------ 1 8.8 10.7 11:35 7.5 00:00 9.4 0.0 9.6 1.5 19.0 9:45 SW 2 5.6 10.1 13:50 1.4 23:55 12.7 0.0 2.2 0.0 7.0 5:55 NNW 3 5.2 9.7 12:40 1.8 0:05 13.1 0.0 0.0 0.0 5.0 12:10 NNW 4 2.8 8.1 13:35 -0.8 23:15 15.5 0.0 0.2 0.1 7.0 14:45 NNW 5 7.3 11.6 13:10 -1.2 0:30 11.0 0.0 0.2 0.0 8.0 11:20 SW 6 10.8 12.8 15:50 9.7 20:35 7.5 0.0 5.0 2.1 25.0 11:40 SSE 7 9.3 10.7 13:35 6.6 23:50 9.0 0.0 0.2 2.6 22.0 14:25 NNW 8 9.6 12.9 00:00 5.0 2:15 8.8 0.0 5.4 0.3 11.0 20:40 SSE 9 12.3 13.6 13:00 9.6 23:40 6.0 0.0 1.2 0.5 14.0 10:10 SSE 10 9.4 11.0 10:45 8.2 8:25 8.9 0.0 0.6 0.0 4.0 13:25 NNW 11 9.7 11.8 13:10 5.2 4:35 8.6 0.0 1.0 0.0 6.0 19:55 SSE 12 11.2 12.2 13:55 9.8 4:20 7.1 0.0 9.4 2.5 19.0 19:45 SSE 13 8.5 11.6 13:45 3.4 23:45 9.8 0.0 0.0 0.5 10.0 0:05 NNW 14 7.3 11.1 14:25 2.2 2:35 11.0 0.0 0.0 0.0 1.0 9:40 NNW 15 9.4 10.5 15:25 8.1 00:00 8.9 0.0 1.8 0.0 4.0 13:05 SE 16 9.3 11.2 14:15 6.6 6:45 9.0 0.0 1.0 0.5 13.0 17:25 SSE 17 9.8 11.3 13:05 8.1 4:15 8.5 0.0 0.0 0.8 13.0 6:55 SW 18 12.4 13.0 11:50 11.1 0:05 5.9 0.0 0.0 0.9 13.0 19:40 SW 19 11.7 12.8 0:35 10.4 21:45 6.6 0.0 0.0 0.5 10.0 3:40 SW 20 9.7 12.3 11:30 5.4 23:50 8.6 0.0 0.4 1.1 11.0 16:40 NNW 21 3.8 6.6 11:50 0.2 6:55 14.5 0.0 0.0 0.5 10.0 1:20 NNW 22 1.6 7.1 13:50 -2.1 8:25 16.7 0.0 0.0 0.0 4.0 12:00 NNW 23 6.0 9.4 13:15 0.0 3:10 12.3 0.0 0.2 0.2 8.0 23:15 NNW 24 5.9 9.4 11:10 -1.2 22:35 12.4 0.0 3.2 0.3 11.0 13:40 NNW 25 2.3 7.0 00:00 -2.0 6:30 16.0 0.0 5.0 0.4 10.0 23:45 NNW 26 6.2 8.4 4:15 3.6 21:10 12.1 0.0 3.6 7.3 34.0 21:40 NNW 27 2.4 4.1 0:35 -1.2 22:30 15.9 0.0 0.0 5.6 28.0 1:15 NNE 28 -1.9 1.6 10:40 -5.4 20:55 20.2 0.0 0.0 0.1 8.0 1:10 NNW 29 0.4 9.5 23:55 -5.6 0:20 17.9 0.0 5.6 0.1 10.0 20:00 SW 30 9.9 10.8 11:10 8.5 00:00 8.4 0.0 15.0 1.8 21.0 23:55 SW ------------------------------------------------------------------------------------- 7.2 13.6 9 -5.6 29 332.3 0.0 70.8 1.0 34.0 26 NNW Max >= 32.0: 0 Max <= 0.0: 0 Min <= 0.0: 9 Min <= -18.0: 0 Max Rain: 15.01 ON 30/11/21 Days of Rain: 20 (> .2 mm) 10 (> 2 mm) 0 (> 20 mm) Heat Base: 18.3 Cool Base: 18.3 Method: Integration