2022: Jan | Feb | Mar | Apr | May | Jun | Jul | Aug | Sep | Oct | Nov | Dec 
2021: Jan | Feb | Mar | Apr | May | Jun | Jul | Aug | Sep | Oct | Nov | Dec 
2020: Jan | Feb | Mar | Apr | May | Jun | Jul | Aug | Sep | Oct | Nov | Dec 
2019: Jan | Feb | Mar | Apr | May | Jun | Jul | Aug | Sep | Oct | Nov | Dec 
2018: Jan | Feb | Mar | Apr | May | Jun | Jul | Aug | Sep | Oct | Nov | Dec 
2017: Jan | Feb | Mar | Apr | May | Jun | Jul | Aug | Sep | Oct | Nov | Dec 
2016: Jan | Feb | Mar | Apr | May | Jun | Jul | Aug | Sep | Oct | Nov | Dec 
2015: Jan | Feb | Mar | Apr | May | Jun | Jul | Aug | Sep | Oct | Nov | Dec 
2014: Jan | Feb | Mar | Apr | May | Jun | Jul | Aug | Sep | Oct | Nov | Dec 
2013: Jan | Feb | Mar | Apr | May | Jun | Jul | Aug | Sep | Oct | Nov | Dec 
2012: Jan | Feb | Mar | Apr | May | Jun | Jul | Aug | Sep | Oct | Nov | Dec 
2011: Jan | Feb | Mar | Apr | May | Jun | Jul | Aug | Sep | Oct | Nov | Dec 
2010: Jan | Feb | Mar | Apr | May | Jun | Jul | Aug | Sep | Oct | Nov | Dec 
2009: Jan | Feb | Mar | Apr | May | Jun | Jul | Aug | Sep | Oct | Nov | Dec 
2008: Jan | Feb | Mar | Apr | May | Jun | Jul | Aug | Sep | Oct | Nov | Dec 
2007: Jan | Feb | Mar | Apr | May | Jun | Jul | Aug | Sep | Oct | Nov | Dec 

Report for 2021 12
MONTHLY CLIMATOLOGICAL SUMMARY for DEC. 2021 NAME: VantagePro2 CITY: Urswick STATE: Cumbria ELEV: 128 ft LAT: 54 09' 33" N LONG: 3 07' 24" W TEMPERATURE (C), RAIN (mm), WIND SPEED (mph) HEAT COOL AVG MEAN DEG DEG WIND DOM DAY TEMP HIGH TIME LOW TIME DAYS DAYS RAIN SPEED HIGH TIME DIR ------------------------------------------------------------------------------------ 1 4.9 8.5 0:05 -1.2 23:35 13.4 0.0 2.8 3.6 25.0 0:20 NNW 2 1.7 4.6 23:55 -1.1 9:15 16.6 0.0 2.4 0.4 9.0 2:35 NNW 3 6.0 8.2 10:55 2.8 18:35 12.3 0.0 7.8 0.3 15.0 7:30 SSE 4 5.7 7.6 0:25 4.3 11:10 12.6 0.0 12.4 5.0 26.0 10:10 NNW 5 4.0 5.7 1:35 0.3 21:35 14.3 0.0 0.0 2.0 18.0 2:20 NNW 6 4.6 6.2 12:50 1.3 0:05 13.7 0.0 10.0 0.7 15.0 13:55 NW 7 4.8 6.4 13:20 1.6 4:50 13.5 0.0 8.6 2.0 18.0 20:45 SSW 8 5.5 6.2 21:55 4.2 17:15 12.8 0.0 23.4 1.5 18.0 8:40 NNW 9 5.9 7.5 13:40 1.2 3:10 12.3 0.0 4.4 0.8 15.0 21:15 SSE 10 4.4 6.4 12:25 0.9 00:00 13.9 0.0 4.2 2.1 15.0 0:05 NNW 11 6.1 10.9 19:40 0.9 0:05 12.2 0.0 9.8 0.4 13.0 20:40 SSE 12 9.7 10.8 16:05 8.2 8:40 8.6 0.0 4.2 0.3 12.0 00:00 SSE 13 6.8 10.6 0:05 3.9 6:40 11.5 0.0 1.2 0.2 16.0 0:30 SSE 14 7.1 8.9 13:10 5.0 5:10 11.2 0.0 0.0 0.2 10.0 15:55 SSE 15 9.4 10.7 11:35 7.8 6:30 8.9 0.0 1.2 0.5 13.0 9:35 SSE 16 8.2 10.3 13:45 6.3 23:05 10.1 0.0 0.0 0.0 1.0 10:10 N 17 5.1 7.6 2:25 0.7 00:00 13.2 0.0 0.2 0.0 2.0 18:30 NNW 18 1.8 4.6 12:05 -0.7 1:55 16.5 0.0 0.2 0.0 1.0 0:40 N 19 -0.9 2.3 14:20 -2.7 00:00 19.2 0.0 0.2 0.0 0.0 --- --- 20 2.4 4.9 12:35 -2.8 0:20 15.9 0.0 0.2 0.0 3.0 17:35 NNE 21 3.0 3.6 1:05 2.2 21:50 15.3 0.0 0.0 0.0 4.0 12:30 NNW 22 2.3 3.9 20:45 -0.2 4:55 16.0 0.0 2.6 0.0 6.0 13:25 NNW 23 6.4 9.3 23:05 3.7 0:05 11.9 0.0 3.4 0.0 6.0 19:25 SSE 24 6.8 9.4 0:55 4.4 23:20 11.5 0.0 10.0 0.6 9.0 17:25 NNW 25 3.7 5.3 5:15 2.2 20:25 14.6 0.0 1.4 3.1 14.0 11:30 NNW 26 3.3 4.4 23:30 2.1 1:50 15.0 0.0 8.0 1.7 12.0 1:50 NNW 27 5.8 6.9 23:40 4.4 0:05 12.5 0.0 0.8 0.1 6.0 12:50 NNW 28 7.1 9.1 13:50 3.0 00:00 11.2 0.0 2.2 0.0 5.0 7:15 NNW 29 7.9 11.2 00:00 1.8 1:05 10.4 0.0 7.0 1.4 18.0 12:15 SSE 30 10.9 11.4 8:15 10.1 18:35 7.4 0.0 34.6 1.2 16.0 6:35 SSE 31 11.1 11.6 11:10 10.0 21:35 7.2 0.0 0.6 2.0 20.0 11:25 SSE ------------------------------------------------------------------------------------- 5.5 11.6 31 -2.8 20 395.8 0.0 163.8 1.0 26.0 4 NNW Max >= 32.0: 0 Max <= 0.0: 0 Min <= 0.0: 6 Min <= -18.0: 0 Max Rain: 34.59 ON 30/12/21 Days of Rain: 27 (> .2 mm) 18 (> 2 mm) 2 (> 20 mm) Heat Base: 18.3 Cool Base: 18.3 Method: Integration