2022: Jan | Feb | Mar | Apr | May | Jun | Jul | Aug | Sep | Oct | Nov | Dec 
2021: Jan | Feb | Mar | Apr | May | Jun | Jul | Aug | Sep | Oct | Nov | Dec 
2020: Jan | Feb | Mar | Apr | May | Jun | Jul | Aug | Sep | Oct | Nov | Dec 
2019: Jan | Feb | Mar | Apr | May | Jun | Jul | Aug | Sep | Oct | Nov | Dec 
2018: Jan | Feb | Mar | Apr | May | Jun | Jul | Aug | Sep | Oct | Nov | Dec 
2017: Jan | Feb | Mar | Apr | May | Jun | Jul | Aug | Sep | Oct | Nov | Dec 
2016: Jan | Feb | Mar | Apr | May | Jun | Jul | Aug | Sep | Oct | Nov | Dec 
2015: Jan | Feb | Mar | Apr | May | Jun | Jul | Aug | Sep | Oct | Nov | Dec 
2014: Jan | Feb | Mar | Apr | May | Jun | Jul | Aug | Sep | Oct | Nov | Dec 
2013: Jan | Feb | Mar | Apr | May | Jun | Jul | Aug | Sep | Oct | Nov | Dec 
2012: Jan | Feb | Mar | Apr | May | Jun | Jul | Aug | Sep | Oct | Nov | Dec 
2011: Jan | Feb | Mar | Apr | May | Jun | Jul | Aug | Sep | Oct | Nov | Dec 
2010: Jan | Feb | Mar | Apr | May | Jun | Jul | Aug | Sep | Oct | Nov | Dec 
2009: Jan | Feb | Mar | Apr | May | Jun | Jul | Aug | Sep | Oct | Nov | Dec 
2008: Jan | Feb | Mar | Apr | May | Jun | Jul | Aug | Sep | Oct | Nov | Dec 
2007: Jan | Feb | Mar | Apr | May | Jun | Jul | Aug | Sep | Oct | Nov | Dec 

Report for 2022 01
MONTHLY CLIMATOLOGICAL SUMMARY for JAN. 2022 NAME: VantagePro2 CITY: Urswick STATE: Cumbria ELEV: 128 ft LAT: 54 09' 33" N LONG: 3 07' 24" W TEMPERATURE (C), RAIN (mm), WIND SPEED (mph) HEAT COOL AVG MEAN DEG DEG WIND DOM DAY TEMP HIGH TIME LOW TIME DAYS DAYS RAIN SPEED HIGH TIME DIR ------------------------------------------------------------------------------------ 1 10.9 12.4 10:30 9.4 16:50 7.4 0.0 0.4 0.9 19.0 10:25 SSE 2 9.3 10.1 0:15 8.7 5:30 9.0 0.0 2.6 2.0 22.0 21:35 SSE 3 8.2 9.8 11:25 2.6 00:00 10.1 0.0 4.0 2.3 18.0 1:05 SSW 4 1.3 3.8 13:50 -3.1 7:05 17.0 0.0 0.0 2.6 16.0 22:15 NW 5 1.6 4.8 13:40 -3.7 20:05 16.7 0.0 0.0 2.1 15.0 2:00 NW 6 3.2 6.4 17:45 -1.3 0:05 15.1 0.0 5.0 1.2 18.0 13:15 SSE 7 3.3 5.6 13:30 0.9 20:40 15.0 0.0 2.0 1.5 15.0 11:50 SW 8 5.4 8.8 9:25 1.2 0:30 12.8 0.0 20.4 1.2 14.0 17:15 NW 9 5.6 7.7 13:35 3.2 22:50 12.7 0.0 0.8 0.5 11.0 14:05 SW 10 6.4 8.2 23:05 2.6 0:15 11.9 0.0 5.2 0.0 6.0 13:45 SSE 11 3.3 7.9 0:05 -0.8 21:55 15.0 0.0 0.2 0.0 2.0 14:30 NW 12 5.7 8.9 14:10 -0.3 0:25 12.7 0.0 0.2 0.0 8.0 11:50 SSE 13 6.1 7.2 0:20 2.1 7:45 12.3 0.0 0.2 0.0 6.0 11:55 SSE 14 4.8 6.6 12:00 0.1 23:00 13.5 0.0 0.0 0.0 2.0 23:45 NNW 15 3.2 6.0 13:50 -0.7 4:25 15.1 0.0 0.0 0.0 2.0 0:35 NNW 16 5.2 7.3 12:40 0.8 18:10 13.1 0.0 0.4 1.2 16.0 23:25 NNW 17 4.6 7.5 13:55 -0.1 8:50 13.7 0.0 0.0 0.2 10.0 0:30 NW 18 4.1 5.7 23:55 2.5 9:25 14.2 0.0 0.0 0.0 6.0 22:45 SSE 19 6.3 8.9 4:45 2.8 00:00 12.0 0.0 1.0 2.3 19.0 7:40 NW 20 0.4 4.8 14:15 -3.8 8:40 17.9 0.0 0.0 0.1 7.0 0:10 NW 21 4.6 7.1 12:30 -1.2 0:05 13.7 0.0 0.2 0.3 12.0 15:20 NW 22 6.9 8.0 11:55 5.8 0:05 11.4 0.0 0.0 0.0 7.0 1:00 NW 23 6.1 6.7 0:05 5.1 21:45 12.3 0.0 0.0 0.0 9.0 14:30 SSE 24 4.1 5.3 0:05 3.4 8:45 14.2 0.0 0.0 0.1 8.0 5:35 SSE 25 3.1 3.9 12:40 -0.5 23:40 15.2 0.0 0.0 0.0 7.0 4:45 SSE 26 6.8 9.6 13:00 -0.6 0:05 11.5 0.0 0.4 1.8 23.0 21:25 SSE 27 7.8 9.7 13:10 4.6 22:30 10.5 0.0 0.8 1.1 15.0 0:40 NW 28 6.9 9.9 23:25 0.5 6:15 11.4 0.0 0.6 1.0 18.0 14:15 SSE 29 8.2 10.7 9:05 3.0 00:00 10.1 0.0 0.0 4.0 26.0 10:55 NW 30 4.6 7.9 19:05 0.2 8:05 13.7 0.0 5.0 1.7 23.0 23:45 SSE 31 6.0 7.6 14:25 4.0 8:50 12.3 0.0 0.6 4.4 34.0 3:05 NW ------------------------------------------------------------------------------------- 5.3 12.4 1 -3.8 20 403.2 0.0 50.0 1.0 34.0 31 NW Max >= 32.0: 0 Max <= 0.0: 0 Min <= 0.0: 11 Min <= -18.0: 0 Max Rain: 20.40 ON 08/01/22 Days of Rain: 19 (> .2 mm) 7 (> 2 mm) 1 (> 20 mm) Heat Base: 18.3 Cool Base: 18.3 Method: Integration