2022: Jan | Feb | Mar | Apr | May | Jun | Jul | Aug | Sep | Oct | Nov | Dec 
2021: Jan | Feb | Mar | Apr | May | Jun | Jul | Aug | Sep | Oct | Nov | Dec 
2020: Jan | Feb | Mar | Apr | May | Jun | Jul | Aug | Sep | Oct | Nov | Dec 
2019: Jan | Feb | Mar | Apr | May | Jun | Jul | Aug | Sep | Oct | Nov | Dec 
2018: Jan | Feb | Mar | Apr | May | Jun | Jul | Aug | Sep | Oct | Nov | Dec 
2017: Jan | Feb | Mar | Apr | May | Jun | Jul | Aug | Sep | Oct | Nov | Dec 
2016: Jan | Feb | Mar | Apr | May | Jun | Jul | Aug | Sep | Oct | Nov | Dec 
2015: Jan | Feb | Mar | Apr | May | Jun | Jul | Aug | Sep | Oct | Nov | Dec 
2014: Jan | Feb | Mar | Apr | May | Jun | Jul | Aug | Sep | Oct | Nov | Dec 
2013: Jan | Feb | Mar | Apr | May | Jun | Jul | Aug | Sep | Oct | Nov | Dec 
2012: Jan | Feb | Mar | Apr | May | Jun | Jul | Aug | Sep | Oct | Nov | Dec 
2011: Jan | Feb | Mar | Apr | May | Jun | Jul | Aug | Sep | Oct | Nov | Dec 
2010: Jan | Feb | Mar | Apr | May | Jun | Jul | Aug | Sep | Oct | Nov | Dec 
2009: Jan | Feb | Mar | Apr | May | Jun | Jul | Aug | Sep | Oct | Nov | Dec 
2008: Jan | Feb | Mar | Apr | May | Jun | Jul | Aug | Sep | Oct | Nov | Dec 
2007: Jan | Feb | Mar | Apr | May | Jun | Jul | Aug | Sep | Oct | Nov | Dec 

Report for 2022 02
MONTHLY CLIMATOLOGICAL SUMMARY for FEB. 2022 NAME: VantagePro2 CITY: Urswick STATE: Cumbria ELEV: 128 ft LAT: 54 09' 33" N LONG: 3 07' 24" W TEMPERATURE (C), RAIN (mm), WIND SPEED (mph) HEAT COOL AVG MEAN DEG DEG WIND DOM DAY TEMP HIGH TIME LOW TIME DAYS DAYS RAIN SPEED HIGH TIME DIR ------------------------------------------------------------------------------------ 1 8.9 10.2 14:35 7.6 0:05 9.4 0.0 2.0 1.7 20.0 17:25 SW 2 8.9 10.5 13:10 7.9 0:30 9.3 0.0 3.0 0.5 12.0 11:55 SW 3 8.4 9.8 13:40 5.3 00:00 9.9 0.0 4.0 1.6 20.0 18:25 SSE 4 4.6 6.3 13:00 2.2 21:30 13.7 0.0 2.8 1.3 20.0 21:10 NW 5 6.7 8.9 15:30 3.8 0:05 11.6 0.0 3.8 3.4 32.0 12:45 SW 6 5.6 7.4 10:55 2.9 22:15 12.8 0.0 5.4 3.2 30.0 16:40 NW 7 5.2 9.4 00:00 -1.6 6:30 13.1 0.0 3.8 0.9 15.0 23:10 SSE 8 8.7 9.7 4:45 7.3 17:15 9.6 0.0 19.2 1.0 19.0 3:15 SSE 9 6.3 8.3 0:05 4.4 23:35 12.0 0.0 1.4 0.3 13.0 11:35 SW 10 4.8 6.9 14:05 1.3 23:45 13.5 0.0 0.6 1.8 20.0 15:20 SW 11 2.3 7.1 14:15 -3.4 7:50 16.0 0.0 0.6 0.5 11.0 14:25 SSE 12 6.9 8.7 18:00 4.7 0:05 11.4 0.0 11.4 1.8 16.0 18:00 SSE 13 7.4 8.6 16:15 6.2 00:00 10.8 0.0 16.2 0.5 12.0 0:20 SSE 14 5.7 8.0 14:00 4.1 22:15 12.6 0.0 2.4 2.1 19.0 15:00 NW 15 6.2 7.8 7:05 1.0 2:20 12.2 0.0 8.8 0.9 15.0 6:35 SSE 16 9.1 11.2 14:30 5.9 0:05 9.2 0.0 11.4 4.0 24.0 4:10 SW 17 5.6 7.3 14:25 4.3 23:30 12.7 0.0 0.2 1.4 16.0 0:55 SW 18 4.5 6.9 7:20 3.2 3:30 13.8 0.0 8.0 3.5 34.0 14:15 NW 19 3.7 5.1 8:50 0.4 12:20 14.6 0.0 14.6 0.8 13.0 0:40 SW 20 7.4 10.0 11:10 3.7 20:30 10.9 0.0 15.2 5.3 35.0 12:45 SSE 21 7.1 9.3 12:55 4.1 0:05 11.2 0.0 0.6 5.7 27.0 7:25 NW 22 7.5 9.1 8:00 6.1 21:45 10.8 0.0 2.2 2.1 26.0 8:00 SW 23 7.3 9.3 12:30 4.1 22:10 11.0 0.0 1.4 3.2 21.0 16:10 SSE 24 4.7 5.7 14:15 3.1 8:00 13.6 0.0 0.0 2.2 19.0 18:50 SW 25 5.8 9.1 13:55 1.7 4:55 12.5 0.0 2.2 1.1 16.0 4:15 NW 26 5.8 9.9 14:45 2.6 4:05 12.5 0.0 0.0 0.4 10.0 15:20 SSW 27 5.9 9.4 14:15 3.3 5:20 12.3 0.0 0.0 0.6 12.0 23:50 SSW 28 6.1 8.7 14:35 0.0 23:50 12.2 0.0 7.6 0.3 9.0 2:15 SSW ------------------------------------------------------------------------------------- 6.3 11.2 16 -3.4 11 335.4 0.0 148.8 1.9 35.0 20 SW Max >= 32.0: 0 Max <= 0.0: 0 Min <= 0.0: 3 Min <= -18.0: 0 Max Rain: 19.20 ON 08/02/22 Days of Rain: 25 (> .2 mm) 19 (> 2 mm) 0 (> 20 mm) Heat Base: 18.3 Cool Base: 18.3 Method: Integration