2022: Jan | Feb | Mar | Apr | May | Jun | Jul | Aug | Sep | Oct | Nov | Dec 
2021: Jan | Feb | Mar | Apr | May | Jun | Jul | Aug | Sep | Oct | Nov | Dec 
2020: Jan | Feb | Mar | Apr | May | Jun | Jul | Aug | Sep | Oct | Nov | Dec 
2019: Jan | Feb | Mar | Apr | May | Jun | Jul | Aug | Sep | Oct | Nov | Dec 
2018: Jan | Feb | Mar | Apr | May | Jun | Jul | Aug | Sep | Oct | Nov | Dec 
2017: Jan | Feb | Mar | Apr | May | Jun | Jul | Aug | Sep | Oct | Nov | Dec 
2016: Jan | Feb | Mar | Apr | May | Jun | Jul | Aug | Sep | Oct | Nov | Dec 
2015: Jan | Feb | Mar | Apr | May | Jun | Jul | Aug | Sep | Oct | Nov | Dec 
2014: Jan | Feb | Mar | Apr | May | Jun | Jul | Aug | Sep | Oct | Nov | Dec 
2013: Jan | Feb | Mar | Apr | May | Jun | Jul | Aug | Sep | Oct | Nov | Dec 
2012: Jan | Feb | Mar | Apr | May | Jun | Jul | Aug | Sep | Oct | Nov | Dec 
2011: Jan | Feb | Mar | Apr | May | Jun | Jul | Aug | Sep | Oct | Nov | Dec 
2010: Jan | Feb | Mar | Apr | May | Jun | Jul | Aug | Sep | Oct | Nov | Dec 
2009: Jan | Feb | Mar | Apr | May | Jun | Jul | Aug | Sep | Oct | Nov | Dec 
2008: Jan | Feb | Mar | Apr | May | Jun | Jul | Aug | Sep | Oct | Nov | Dec 
2007: Jan | Feb | Mar | Apr | May | Jun | Jul | Aug | Sep | Oct | Nov | Dec 

Report for 2022 03
MONTHLY CLIMATOLOGICAL SUMMARY for MAR. 2022 NAME: VantagePro2 CITY: Urswick STATE: Cumbria ELEV: 128 ft LAT: 54 09' 33" N LONG: 3 07' 24" W TEMPERATURE (C), RAIN (mm), WIND SPEED (mph) HEAT COOL AVG MEAN DEG DEG WIND DOM DAY TEMP HIGH TIME LOW TIME DAYS DAYS RAIN SPEED HIGH TIME DIR ------------------------------------------------------------------------------------ 1 2.5 8.6 13:40 -3.3 7:05 15.8 0.0 0.2 0.1 8.0 15:00 NNW 2 5.8 6.7 15:10 2.9 0:05 12.5 0.0 5.6 1.4 11.0 7:05 NNW 3 6.6 8.3 14:25 5.2 00:00 11.7 0.0 7.2 0.1 7.0 1:05 SW 4 5.4 9.2 12:45 2.6 00:00 12.9 0.0 1.2 1.0 12.0 14:00 NW 5 3.7 8.6 16:05 -1.1 6:10 14.7 0.0 0.0 1.1 13.0 12:20 NNE 6 3.4 9.8 13:00 -1.8 3:15 14.9 0.0 0.2 0.1 6.0 10:55 NNE 7 2.5 7.5 12:50 -2.8 4:50 15.8 0.0 0.0 0.4 10.0 23:50 NNE 8 6.0 10.9 13:55 1.2 7:10 12.3 0.0 0.0 1.0 11.0 12:35 SSW 9 8.2 12.0 12:30 5.8 4:05 10.1 0.0 1.2 0.7 12.0 12:20 SSW 10 8.8 11.8 11:25 6.1 18:55 9.5 0.0 0.0 0.4 8.0 3:50 SSW 11 9.3 11.6 11:20 7.3 22:55 9.0 0.0 9.8 0.5 10.0 20:20 SSW 12 8.7 11.9 13:20 6.4 7:00 9.7 0.0 2.2 0.8 12.0 12:30 SSW 13 9.1 12.1 13:00 7.1 20:25 9.3 0.0 0.0 1.0 10.0 3:40 SSW 14 6.4 9.8 11:55 0.7 5:55 11.9 0.0 2.0 1.2 19.0 13:50 SSE 15 6.7 12.1 14:45 1.3 3:50 11.6 0.0 0.0 0.1 9.0 12:05 SSE 16 6.1 8.7 12:05 1.8 00:00 12.2 0.0 1.8 0.5 11.0 14:40 NW 17 5.7 11.2 15:00 -2.1 5:30 12.6 0.0 0.2 1.3 23.0 13:55 SSE 18 6.9 15.2 14:00 -1.6 4:25 11.4 0.0 0.0 0.2 6.0 21:35 NNE 19 8.8 14.2 13:30 5.1 23:40 9.5 0.0 0.0 1.5 12.0 16:30 NNW 20 6.3 11.5 13:15 2.0 00:00 12.0 0.0 0.0 1.3 11.0 0:30 NNE 21 4.7 10.8 14:50 -2.2 6:10 13.7 0.0 0.0 0.0 4.0 9:55 NNE 22 10.6 18.1 13:40 3.5 5:45 7.7 0.0 0.0 0.3 7.0 15:50 NNE 23 10.6 18.9 13:35 3.4 23:25 7.8 0.0 0.0 0.0 4.0 13:40 NNE 24 8.6 15.7 15:40 2.3 1:50 9.7 0.0 0.0 0.0 5.0 15:55 NW 25 9.6 18.7 13:15 3.6 6:30 8.7 0.0 0.0 0.0 5.0 15:45 NW 26 10.4 20.0 12:30 2.5 6:00 7.9 0.1 0.0 0.0 6.0 14:40 NNE 27 11.1 18.6 13:35 2.6 5:35 6.9 0.0 0.0 0.0 6.0 14:45 NNE 28 10.7 12.4 0:35 8.9 23:10 7.6 0.0 0.4 0.0 5.0 17:00 NNW 29 10.1 16.5 13:55 8.2 21:20 8.2 0.0 0.2 0.0 6.0 15:35 NNW 30 4.3 8.3 0:05 0.1 21:10 14.0 0.0 6.6 1.8 10.0 5:35 NNW 31 2.5 8.1 13:40 -2.1 00:00 15.8 0.0 0.0 2.0 18.0 15:50 NNE ------------------------------------------------------------------------------------- 7.1 20.0 26 -3.3 1 347.3 0.1 38.8 0.6 23.0 17 NNW Max >= 32.0: 0 Max <= 0.0: 0 Min <= 0.0: 8 Min <= -18.0: 0 Max Rain: 9.80 ON 11/03/22 Days of Rain: 14 (> .2 mm) 6 (> 2 mm) 0 (> 20 mm) Heat Base: 18.3 Cool Base: 18.3 Method: Integration