2022: Jan | Feb | Mar | Apr | May | Jun | Jul | Aug | Sep | Oct | Nov | Dec 
2021: Jan | Feb | Mar | Apr | May | Jun | Jul | Aug | Sep | Oct | Nov | Dec 
2020: Jan | Feb | Mar | Apr | May | Jun | Jul | Aug | Sep | Oct | Nov | Dec 
2019: Jan | Feb | Mar | Apr | May | Jun | Jul | Aug | Sep | Oct | Nov | Dec 
2018: Jan | Feb | Mar | Apr | May | Jun | Jul | Aug | Sep | Oct | Nov | Dec 
2017: Jan | Feb | Mar | Apr | May | Jun | Jul | Aug | Sep | Oct | Nov | Dec 
2016: Jan | Feb | Mar | Apr | May | Jun | Jul | Aug | Sep | Oct | Nov | Dec 
2015: Jan | Feb | Mar | Apr | May | Jun | Jul | Aug | Sep | Oct | Nov | Dec 
2014: Jan | Feb | Mar | Apr | May | Jun | Jul | Aug | Sep | Oct | Nov | Dec 
2013: Jan | Feb | Mar | Apr | May | Jun | Jul | Aug | Sep | Oct | Nov | Dec 
2012: Jan | Feb | Mar | Apr | May | Jun | Jul | Aug | Sep | Oct | Nov | Dec 
2011: Jan | Feb | Mar | Apr | May | Jun | Jul | Aug | Sep | Oct | Nov | Dec 
2010: Jan | Feb | Mar | Apr | May | Jun | Jul | Aug | Sep | Oct | Nov | Dec 
2009: Jan | Feb | Mar | Apr | May | Jun | Jul | Aug | Sep | Oct | Nov | Dec 
2008: Jan | Feb | Mar | Apr | May | Jun | Jul | Aug | Sep | Oct | Nov | Dec 
2007: Jan | Feb | Mar | Apr | May | Jun | Jul | Aug | Sep | Oct | Nov | Dec 

Report for 2022 04
MONTHLY CLIMATOLOGICAL SUMMARY for APR. 2022 NAME: VantagePro2 CITY: Urswick STATE: Cumbria ELEV: 128 ft LAT: 54 09' 33" N LONG: 3 07' 24" W TEMPERATURE (C), RAIN (mm), WIND SPEED (mph) HEAT COOL AVG MEAN DEG DEG WIND DOM DAY TEMP HIGH TIME LOW TIME DAYS DAYS RAIN SPEED HIGH TIME DIR ------------------------------------------------------------------------------------ 1 2.9 10.0 14:25 -3.7 3:10 15.4 0.0 0.0 1.0 14.0 16:15 NW 2 4.1 11.8 13:45 -1.1 2:20 14.2 0.0 0.0 0.1 9.0 17:00 SSW 3 4.9 10.4 12:45 -1.1 7:20 13.4 0.0 2.4 0.8 15.0 14:10 NW 4 9.2 10.0 15:05 7.6 0:05 9.1 0.0 4.8 1.8 15.0 8:45 NW 5 9.1 10.0 12:50 8.4 18:15 9.3 0.0 8.6 2.1 19.0 20:10 SW 6 8.8 10.7 15:05 7.1 20:40 9.5 0.0 1.2 3.5 24.0 16:30 SW 7 5.9 7.9 10:00 3.3 22:00 12.3 0.0 5.4 4.4 25.0 7:40 NW 8 3.8 10.9 13:00 -2.6 6:00 14.5 0.0 0.0 0.8 16.0 16:20 NW 9 4.8 9.6 14:30 -0.2 00:00 13.5 0.0 0.0 1.1 13.0 12:35 NW 10 5.2 11.3 17:35 -2.6 6:25 13.1 0.0 0.0 0.1 5.0 12:30 NNE 11 9.8 14.4 14:35 6.7 6:40 8.5 0.0 0.4 2.1 13.0 19:10 NNE 12 10.0 12.3 18:20 7.9 7:05 8.3 0.0 9.2 0.9 9.0 0:25 NNW 13 9.8 13.3 15:15 5.4 23:30 8.5 0.0 1.4 0.3 10.0 1:00 SSE 14 10.6 15.6 14:00 5.3 0:35 7.7 0.0 0.0 0.0 7.0 12:40 SSE 15 11.9 17.8 13:30 6.8 23:10 6.4 0.0 0.0 0.0 6.0 19:00 SSE 16 12.3 19.3 14:50 7.2 0:05 6.1 0.1 0.0 0.2 8.0 19:50 NW 17 12.3 19.1 13:35 6.3 4:20 6.0 0.0 4.0 0.1 12.0 18:15 SSW 18 9.2 13.3 13:45 1.6 23:30 9.1 0.0 0.4 0.4 9.0 5:25 SSE 19 7.4 14.1 18:00 0.9 2:15 10.8 0.0 0.0 0.1 8.0 13:40 NW 20 10.3 18.6 14:15 2.4 5:30 8.0 0.0 0.0 0.2 7.0 15:30 NNW 21 11.9 17.9 13:25 6.6 6:30 6.4 0.0 0.0 1.3 10.0 14:35 NNW 22 10.7 16.7 16:15 6.1 4:30 7.6 0.0 0.0 3.2 14.0 14:45 NNW 23 11.1 15.8 13:00 6.9 0:05 7.2 0.0 0.0 4.1 14.0 11:05 NNW 24 10.1 15.9 14:35 5.6 00:00 8.2 0.0 0.0 2.8 13.0 4:25 NNW 25 8.7 14.8 14:35 3.8 6:50 9.6 0.0 0.0 0.0 7.0 9:20 NNW 26 9.4 17.9 13:35 4.2 23:45 8.9 0.0 0.0 0.1 7.0 14:10 NNW 27 7.7 13.7 12:35 0.5 4:45 10.6 0.0 0.0 0.0 7.0 19:50 NNW 28 5.7 11.7 13:10 -0.8 3:55 12.6 0.0 0.0 0.0 4.0 9:25 NNW 29 7.1 16.4 13:05 -0.4 3:35 11.3 0.0 0.0 0.1 8.0 13:25 NW 30 8.1 15.5 11:45 0.7 6:20 10.3 0.0 5.2 0.2 10.0 23:30 SSE ------------------------------------------------------------------------------------- 8.4 19.3 16 -3.7 1 296.5 0.1 43.0 1.1 25.0 7 NNW Max >= 32.0: 0 Max <= 0.0: 0 Min <= 0.0: 8 Min <= -18.0: 0 Max Rain: 9.19 ON 12/04/22 Days of Rain: 11 (> .2 mm) 7 (> 2 mm) 0 (> 20 mm) Heat Base: 18.3 Cool Base: 18.3 Method: Integration