2022: Jan | Feb | Mar | Apr | May | Jun | Jul | Aug | Sep | Oct | Nov | Dec 
2021: Jan | Feb | Mar | Apr | May | Jun | Jul | Aug | Sep | Oct | Nov | Dec 
2020: Jan | Feb | Mar | Apr | May | Jun | Jul | Aug | Sep | Oct | Nov | Dec 
2019: Jan | Feb | Mar | Apr | May | Jun | Jul | Aug | Sep | Oct | Nov | Dec 
2018: Jan | Feb | Mar | Apr | May | Jun | Jul | Aug | Sep | Oct | Nov | Dec 
2017: Jan | Feb | Mar | Apr | May | Jun | Jul | Aug | Sep | Oct | Nov | Dec 
2016: Jan | Feb | Mar | Apr | May | Jun | Jul | Aug | Sep | Oct | Nov | Dec 
2015: Jan | Feb | Mar | Apr | May | Jun | Jul | Aug | Sep | Oct | Nov | Dec 
2014: Jan | Feb | Mar | Apr | May | Jun | Jul | Aug | Sep | Oct | Nov | Dec 
2013: Jan | Feb | Mar | Apr | May | Jun | Jul | Aug | Sep | Oct | Nov | Dec 
2012: Jan | Feb | Mar | Apr | May | Jun | Jul | Aug | Sep | Oct | Nov | Dec 
2011: Jan | Feb | Mar | Apr | May | Jun | Jul | Aug | Sep | Oct | Nov | Dec 
2010: Jan | Feb | Mar | Apr | May | Jun | Jul | Aug | Sep | Oct | Nov | Dec 
2009: Jan | Feb | Mar | Apr | May | Jun | Jul | Aug | Sep | Oct | Nov | Dec 
2008: Jan | Feb | Mar | Apr | May | Jun | Jul | Aug | Sep | Oct | Nov | Dec 
2007: Jan | Feb | Mar | Apr | May | Jun | Jul | Aug | Sep | Oct | Nov | Dec 

Report for 2022 05
MONTHLY CLIMATOLOGICAL SUMMARY for MAY. 2022 NAME: VantagePro2 CITY: Urswick STATE: Cumbria ELEV: 128 ft LAT: 54 09' 33" N LONG: 3 07' 24" W TEMPERATURE (C), RAIN (mm), WIND SPEED (mph) HEAT COOL AVG MEAN DEG DEG WIND DOM DAY TEMP HIGH TIME LOW TIME DAYS DAYS RAIN SPEED HIGH TIME DIR ------------------------------------------------------------------------------------ 1 10.2 12.2 18:10 9.2 4:10 8.1 0.0 12.2 0.4 11.0 1:55 SSE 2 11.9 16.0 16:05 9.0 5:30 6.4 0.0 0.0 0.1 8.0 13:45 NNW 3 10.6 14.8 17:30 8.3 5:50 7.7 0.0 1.6 0.0 2.0 2:20 SSW 4 10.9 13.2 14:00 7.0 00:00 7.4 0.0 11.2 1.2 19.0 15:45 NW 5 11.9 16.4 15:40 6.9 0:05 6.4 0.0 0.4 0.1 10.0 2:00 SSE 6 11.7 14.3 11:00 8.9 22:40 6.6 0.0 3.2 0.4 11.0 7:45 SSE 7 11.4 18.9 13:05 4.0 4:50 6.9 0.0 0.2 0.1 7.0 13:10 NNW 8 12.9 18.5 18:00 7.2 4:45 5.4 0.0 0.0 0.0 7.0 13:10 NNW 9 11.8 16.2 13:30 8.0 5:25 6.5 0.0 6.4 0.9 22.0 18:30 SSE 10 12.4 15.7 17:25 9.7 5:05 5.9 0.0 1.4 2.1 18.0 11:50 SSE 11 12.0 14.7 14:45 9.7 23:35 6.3 0.0 0.4 1.1 18.0 0:05 SSE 12 11.3 14.6 13:40 7.1 1:55 7.0 0.0 0.2 1.4 20.0 18:10 SSE 13 12.3 15.6 17:50 8.2 00:00 6.0 0.0 0.0 2.3 23.0 13:45 SSW 14 12.3 19.5 13:25 5.8 5:25 6.0 0.0 0.0 0.1 7.0 12:15 NNW 15 15.5 20.9 13:35 10.6 0:20 3.1 0.3 0.0 0.9 10.0 14:15 NNW 16 13.7 19.4 17:30 9.7 00:00 4.6 0.0 12.0 0.7 9.0 4:35 NNW 17 14.0 20.8 15:20 8.2 1:30 4.6 0.3 3.4 0.1 18.0 19:35 SSE 18 14.8 20.1 17:55 11.0 1:00 3.6 0.1 1.6 0.7 16.0 21:00 SSE 19 13.4 17.7 14:15 10.0 6:00 4.9 0.0 0.0 0.5 11.0 2:55 SSE 20 12.2 16.8 15:40 7.6 4:45 6.1 0.0 0.0 0.7 16.0 17:15 SSE 21 12.8 15.9 18:50 9.8 4:45 5.5 0.0 0.2 0.5 11.0 9:45 SSE 22 13.3 15.5 18:30 11.7 23:25 5.0 0.0 1.4 1.0 12.0 14:30 SSE 23 12.6 15.6 14:00 9.5 23:55 5.7 0.0 0.0 0.2 12.0 1:10 SSE 24 11.4 15.2 13:15 6.9 3:20 6.9 0.0 0.4 0.4 13.0 22:10 NNW 25 13.0 16.1 18:35 10.7 5:35 5.3 0.0 1.2 1.0 18.0 6:50 SSE 26 12.8 16.1 17:10 9.3 22:25 5.5 0.0 3.4 0.9 19.0 10:10 SSE 27 11.4 15.0 14:15 9.1 4:05 6.9 0.0 0.0 0.9 18.0 9:55 NNW 28 12.0 17.4 13:30 5.6 4:35 6.3 0.0 0.0 0.4 9.0 15:25 NNW 29 10.7 14.4 11:40 6.1 0:45 7.6 0.0 0.8 0.1 7.0 13:45 NNW 30 9.6 12.7 14:55 4.6 4:15 8.8 0.0 4.2 0.0 8.0 11:45 SSE 31 10.1 15.3 18:30 7.2 5:30 8.2 0.0 4.6 0.1 8.0 14:40 NNW ------------------------------------------------------------------------------------- 12.2 20.9 15 4.0 7 191.4 0.8 70.4 0.6 23.0 13 SSE Max >= 32.0: 0 Max <= 0.0: 0 Min <= 0.0: 0 Min <= -18.0: 0 Max Rain: 12.19 ON 01/05/22 Days of Rain: 21 (> .2 mm) 9 (> 2 mm) 0 (> 20 mm) Heat Base: 18.3 Cool Base: 18.3 Method: Integration