2022: Jan | Feb | Mar | Apr | May | Jun | Jul | Aug | Sep | Oct | Nov | Dec 
2021: Jan | Feb | Mar | Apr | May | Jun | Jul | Aug | Sep | Oct | Nov | Dec 
2020: Jan | Feb | Mar | Apr | May | Jun | Jul | Aug | Sep | Oct | Nov | Dec 
2019: Jan | Feb | Mar | Apr | May | Jun | Jul | Aug | Sep | Oct | Nov | Dec 
2018: Jan | Feb | Mar | Apr | May | Jun | Jul | Aug | Sep | Oct | Nov | Dec 
2017: Jan | Feb | Mar | Apr | May | Jun | Jul | Aug | Sep | Oct | Nov | Dec 
2016: Jan | Feb | Mar | Apr | May | Jun | Jul | Aug | Sep | Oct | Nov | Dec 
2015: Jan | Feb | Mar | Apr | May | Jun | Jul | Aug | Sep | Oct | Nov | Dec 
2014: Jan | Feb | Mar | Apr | May | Jun | Jul | Aug | Sep | Oct | Nov | Dec 
2013: Jan | Feb | Mar | Apr | May | Jun | Jul | Aug | Sep | Oct | Nov | Dec 
2012: Jan | Feb | Mar | Apr | May | Jun | Jul | Aug | Sep | Oct | Nov | Dec 
2011: Jan | Feb | Mar | Apr | May | Jun | Jul | Aug | Sep | Oct | Nov | Dec 
2010: Jan | Feb | Mar | Apr | May | Jun | Jul | Aug | Sep | Oct | Nov | Dec 
2009: Jan | Feb | Mar | Apr | May | Jun | Jul | Aug | Sep | Oct | Nov | Dec 
2008: Jan | Feb | Mar | Apr | May | Jun | Jul | Aug | Sep | Oct | Nov | Dec 
2007: Jan | Feb | Mar | Apr | May | Jun | Jul | Aug | Sep | Oct | Nov | Dec 

Report for 2022 06
MONTHLY CLIMATOLOGICAL SUMMARY for JUN. 2022 NAME: VantagePro2 CITY: Urswick STATE: Cumbria ELEV: 128 ft LAT: 54 09' 33" N LONG: 3 07' 24" W TEMPERATURE (C), RAIN (mm), WIND SPEED (mph) HEAT COOL AVG MEAN DEG DEG WIND DOM DAY TEMP HIGH TIME LOW TIME DAYS DAYS RAIN SPEED HIGH TIME DIR ------------------------------------------------------------------------------------ 1 12.1 18.7 17:20 5.4 5:40 6.2 0.0 0.0 0.1 8.0 14:50 NNW 2 13.3 20.9 12:40 4.9 4:35 5.4 0.3 4.2 0.0 5.0 16:20 SSE 3 12.5 17.1 18:05 9.3 23:55 5.8 0.0 17.6 0.0 5.0 9:35 NNW 4 13.2 19.0 14:35 7.9 3:50 5.1 0.0 0.0 0.0 7.0 13:10 NNW 5 11.3 14.2 16:20 7.0 4:35 7.0 0.0 0.0 0.0 6.0 8:05 NNW 6 12.4 17.2 13:05 8.2 23:25 5.9 0.0 0.2 0.0 4.0 15:30 NNW 7 14.8 23.3 18:00 5.6 3:40 4.5 1.0 0.0 0.0 6.0 14:25 SSE 8 14.4 17.2 14:30 12.8 22:30 3.8 0.0 20.8 0.7 14.0 12:10 SSE 9 14.1 16.2 19:35 12.3 4:55 4.2 0.0 0.6 0.3 11.0 23:40 SSE 10 15.4 19.1 14:50 12.9 5:25 3.0 0.0 0.0 3.5 24.0 16:45 SSE 11 14.8 18.2 13:45 12.9 3:45 3.5 0.0 0.0 3.0 22.0 10:05 SSE 12 13.3 15.6 13:40 10.2 00:00 5.0 0.0 0.4 0.7 16.0 15:50 SSW 13 13.6 17.5 14:10 10.2 0:30 4.7 0.0 0.0 0.1 9.0 16:30 NNE 14 14.4 19.1 13:40 6.4 23:55 3.9 0.0 0.0 0.0 7.0 14:50 NNE 15 14.6 22.1 11:50 5.7 1:05 4.4 0.6 0.0 0.0 5.0 13:25 NNE 16 16.3 23.4 14:30 7.0 4:15 3.4 1.4 0.0 0.0 4.0 12:50 SSE 17 16.1 21.4 9:40 12.3 00:00 2.6 0.4 0.2 0.1 10.0 10:10 NNE 18 12.5 16.1 11:10 6.6 00:00 5.8 0.0 0.0 0.0 10.0 13:40 NNE 19 14.0 20.0 18:30 5.8 0:25 4.4 0.1 0.0 0.3 10.0 10:55 NNE 20 13.7 19.2 19:00 5.5 5:15 4.7 0.1 0.0 0.0 7.0 12:35 NNE 21 15.2 22.1 12:20 6.2 4:50 4.0 0.9 0.0 0.0 5.0 17:30 NNE 22 15.4 20.2 12:45 8.4 5:10 3.3 0.4 0.0 0.0 8.0 16:40 NNE 23 17.9 27.6 14:25 9.2 3:10 2.9 2.5 4.8 0.0 2.0 18:20 NNW 24 16.8 21.0 16:10 13.7 4:20 1.8 0.3 0.6 0.0 5.0 00:00 SE 25 15.4 19.8 13:40 12.3 21:50 3.0 0.1 1.0 0.6 14.0 11:35 SSE 26 13.7 16.5 16:25 11.1 4:25 4.6 0.0 1.2 0.6 15.0 10:50 SSE 27 13.9 16.6 14:20 11.8 5:15 4.4 0.0 19.4 0.7 12.0 17:35 SSE 28 14.2 15.6 11:20 12.5 5:40 4.1 0.0 3.6 0.1 10.0 15:40 SSE 29 15.7 20.1 17:15 12.8 00:00 2.8 0.2 1.2 0.2 8.0 8:30 SSE 30 14.9 20.4 18:25 10.5 00:00 3.6 0.2 7.0 0.0 7.0 15:10 SSE ------------------------------------------------------------------------------------- 14.3 27.6 23 4.9 2 127.8 8.6 82.8 0.4 24.0 10 SSE Max >= 32.0: 0 Max <= 0.0: 0 Min <= 0.0: 0 Min <= -18.0: 0 Max Rain: 20.80 ON 08/06/22 Days of Rain: 15 (> .2 mm) 7 (> 2 mm) 1 (> 20 mm) Heat Base: 18.3 Cool Base: 18.3 Method: Integration