2022: Jan | Feb | Mar | Apr | May | Jun | Jul | Aug | Sep | Oct | Nov | Dec 
2021: Jan | Feb | Mar | Apr | May | Jun | Jul | Aug | Sep | Oct | Nov | Dec 
2020: Jan | Feb | Mar | Apr | May | Jun | Jul | Aug | Sep | Oct | Nov | Dec 
2019: Jan | Feb | Mar | Apr | May | Jun | Jul | Aug | Sep | Oct | Nov | Dec 
2018: Jan | Feb | Mar | Apr | May | Jun | Jul | Aug | Sep | Oct | Nov | Dec 
2017: Jan | Feb | Mar | Apr | May | Jun | Jul | Aug | Sep | Oct | Nov | Dec 
2016: Jan | Feb | Mar | Apr | May | Jun | Jul | Aug | Sep | Oct | Nov | Dec 
2015: Jan | Feb | Mar | Apr | May | Jun | Jul | Aug | Sep | Oct | Nov | Dec 
2014: Jan | Feb | Mar | Apr | May | Jun | Jul | Aug | Sep | Oct | Nov | Dec 
2013: Jan | Feb | Mar | Apr | May | Jun | Jul | Aug | Sep | Oct | Nov | Dec 
2012: Jan | Feb | Mar | Apr | May | Jun | Jul | Aug | Sep | Oct | Nov | Dec 
2011: Jan | Feb | Mar | Apr | May | Jun | Jul | Aug | Sep | Oct | Nov | Dec 
2010: Jan | Feb | Mar | Apr | May | Jun | Jul | Aug | Sep | Oct | Nov | Dec 
2009: Jan | Feb | Mar | Apr | May | Jun | Jul | Aug | Sep | Oct | Nov | Dec 
2008: Jan | Feb | Mar | Apr | May | Jun | Jul | Aug | Sep | Oct | Nov | Dec 
2007: Jan | Feb | Mar | Apr | May | Jun | Jul | Aug | Sep | Oct | Nov | Dec 

Report for 2022 07
MONTHLY CLIMATOLOGICAL SUMMARY for JUL. 2022 NAME: VantagePro2 CITY: Urswick STATE: Cumbria ELEV: 128 ft LAT: 54 09' 33" N LONG: 3 07' 24" W TEMPERATURE (C), RAIN (mm), WIND SPEED (mph) HEAT COOL AVG MEAN DEG DEG WIND DOM DAY TEMP HIGH TIME LOW TIME DAYS DAYS RAIN SPEED HIGH TIME DIR ------------------------------------------------------------------------------------ 1 14.4 17.9 17:35 10.4 0:10 3.9 0.0 5.6 0.4 10.0 12:25 SSE 2 14.7 18.2 18:35 11.1 23:00 3.6 0.0 4.0 0.4 13.0 2:55 SSE 3 14.9 18.1 18:25 12.8 6:10 3.3 0.0 0.4 0.1 11.0 13:30 NNE 4 14.3 16.9 15:45 12.1 8:15 4.0 0.0 0.4 0.2 9.0 1:40 SSW 5 14.6 18.2 17:45 11.4 1:15 3.7 0.0 0.2 0.1 10.0 3:40 NNW 6 15.6 18.1 16:45 13.8 22:55 2.8 0.0 1.0 0.8 15.0 21:55 NNW 7 16.6 21.0 20:25 13.6 5:00 2.0 0.3 0.0 0.6 12.0 0:35 NNW 8 15.4 18.7 13:50 10.9 3:20 2.9 0.0 0.2 0.2 8.0 9:05 NNE 9 16.4 20.9 17:55 12.7 5:55 2.3 0.4 0.2 0.3 9.0 7:55 NNE 10 16.4 22.7 12:35 8.4 4:45 3.1 1.3 0.0 0.0 7.0 13:35 NNE 11 18.3 26.1 14:20 8.9 3:20 2.3 2.4 0.0 0.0 2.0 13:35 SE 12 18.3 23.8 14:30 14.9 4:10 1.1 1.1 0.0 0.0 9.0 16:35 SSE 13 15.6 20.6 18:25 11.9 5:35 2.8 0.2 0.0 0.1 9.0 1:55 NNE 14 15.5 18.8 14:40 11.4 5:05 2.8 0.0 0.6 0.1 11.0 13:15 NNE 15 15.6 19.3 18:45 10.9 23:15 2.7 0.0 0.0 0.1 9.0 11:55 NNW 16 14.8 20.8 14:30 7.4 5:20 3.9 0.4 0.0 0.0 4.0 11:40 N 17 19.9 29.2 17:45 11.7 1:40 1.9 3.5 0.4 0.0 5.0 19:20 SE 18 21.0 30.7 14:20 10.9 5:10 1.8 4.5 0.0 0.0 0.0 --- --- 19 23.7 35.4 13:35 17.5 23:45 0.1 5.4 0.0 0.0 8.0 14:40 SSW 20 18.0 22.6 13:35 15.4 00:00 1.0 0.7 0.0 0.0 8.0 14:45 NNW 21 16.4 20.4 17:15 10.4 5:25 2.4 0.4 0.0 0.0 3.0 1:25 NNW 22 15.5 16.4 17:35 14.5 5:20 2.8 0.0 0.0 0.0 0.0 --- --- 23 15.2 18.2 18:00 8.7 4:25 3.1 0.0 11.0 0.1 11.0 22:30 SE 24 18.3 21.9 13:30 16.3 6:10 0.7 0.7 1.0 1.9 18.0 1:20 SSE 25 15.8 17.8 18:10 13.9 00:00 2.5 0.0 6.0 0.7 11.0 13:15 NNW 26 14.8 19.7 13:25 10.7 23:55 3.5 0.1 0.0 0.0 10.0 14:55 NNW 27 14.4 20.6 14:10 7.3 3:50 4.1 0.2 0.0 0.0 1.0 13:45 NNE 28 15.0 17.1 14:30 12.8 4:40 3.3 0.0 3.4 0.4 10.0 21:45 ENE 29 17.3 22.6 15:35 13.4 5:35 1.9 1.0 1.0 0.1 8.0 9:40 ENE 30 16.8 17.6 11:35 15.7 3:15 1.5 0.0 23.0 0.1 12.0 12:20 SSE 31 16.8 19.8 12:35 12.4 22:25 1.6 0.1 3.6 0.7 14.0 14:20 WNW ------------------------------------------------------------------------------------- 16.5 35.4 19 7.3 27 79.4 22.6 62.0 0.2 18.0 24 SSE Max >= 32.0: 1 Max <= 0.0: 0 Min <= 0.0: 0 Min <= -18.0: 0 Max Rain: 23.01 ON 30/07/22 Days of Rain: 17 (> .2 mm) 7 (> 2 mm) 1 (> 20 mm) Heat Base: 18.3 Cool Base: 18.3 Method: Integration