2022: Jan | Feb | Mar | Apr | May | Jun | Jul | Aug | Sep | Oct | Nov | Dec 
2021: Jan | Feb | Mar | Apr | May | Jun | Jul | Aug | Sep | Oct | Nov | Dec 
2020: Jan | Feb | Mar | Apr | May | Jun | Jul | Aug | Sep | Oct | Nov | Dec 
2019: Jan | Feb | Mar | Apr | May | Jun | Jul | Aug | Sep | Oct | Nov | Dec 
2018: Jan | Feb | Mar | Apr | May | Jun | Jul | Aug | Sep | Oct | Nov | Dec 
2017: Jan | Feb | Mar | Apr | May | Jun | Jul | Aug | Sep | Oct | Nov | Dec 
2016: Jan | Feb | Mar | Apr | May | Jun | Jul | Aug | Sep | Oct | Nov | Dec 
2015: Jan | Feb | Mar | Apr | May | Jun | Jul | Aug | Sep | Oct | Nov | Dec 
2014: Jan | Feb | Mar | Apr | May | Jun | Jul | Aug | Sep | Oct | Nov | Dec 
2013: Jan | Feb | Mar | Apr | May | Jun | Jul | Aug | Sep | Oct | Nov | Dec 
2012: Jan | Feb | Mar | Apr | May | Jun | Jul | Aug | Sep | Oct | Nov | Dec 
2011: Jan | Feb | Mar | Apr | May | Jun | Jul | Aug | Sep | Oct | Nov | Dec 
2010: Jan | Feb | Mar | Apr | May | Jun | Jul | Aug | Sep | Oct | Nov | Dec 
2009: Jan | Feb | Mar | Apr | May | Jun | Jul | Aug | Sep | Oct | Nov | Dec 
2008: Jan | Feb | Mar | Apr | May | Jun | Jul | Aug | Sep | Oct | Nov | Dec 
2007: Jan | Feb | Mar | Apr | May | Jun | Jul | Aug | Sep | Oct | Nov | Dec 

Report for 2022 08
MONTHLY CLIMATOLOGICAL SUMMARY for AUG. 2022 NAME: VantagePro2 CITY: Urswick STATE: Cumbria ELEV: 128 ft LAT: 54 09' 33" N LONG: 3 07' 24" W TEMPERATURE (C), RAIN (mm), WIND SPEED (mph) HEAT COOL AVG MEAN DEG DEG WIND DOM DAY TEMP HIGH TIME LOW TIME DAYS DAYS RAIN SPEED HIGH TIME DIR ------------------------------------------------------------------------------------ 1 15.7 21.3 14:10 8.3 5:35 3.0 0.4 14.4 0.4 12.0 22:40 SSE 2 18.1 20.0 17:05 17.2 6:40 0.5 0.2 4.6 2.2 22.0 16:25 SSE 3 17.2 19.6 12:55 13.6 00:00 1.2 0.1 0.0 0.8 16.0 10:35 SSE 4 14.6 17.1 13:20 11.2 23:50 3.7 0.0 0.0 1.7 20.0 14:25 NW 5 13.4 16.7 17:00 9.1 2:30 4.9 0.0 2.6 1.2 15.0 13:20 NW 6 13.7 18.7 15:10 8.6 6:10 4.6 0.0 0.0 0.1 10.0 14:25 WNW 7 15.9 19.8 17:45 10.5 6:05 2.4 0.1 0.0 0.3 11.0 8:55 WNW 8 15.8 21.3 18:40 9.4 00:00 3.2 0.8 0.0 0.1 9.0 13:30 NW 9 16.0 23.3 13:10 7.6 3:55 3.9 1.6 0.0 0.1 7.0 14:05 WNW 10 17.6 25.0 12:50 10.3 5:20 2.9 2.2 0.0 0.1 9.0 14:00 NW 11 19.2 27.3 12:55 10.2 4:55 2.5 3.4 0.0 0.0 0.0 --- --- 12 21.9 30.1 14:35 13.4 5:00 1.2 4.9 0.0 0.1 8.0 22:55 ENE 13 22.3 29.4 14:50 13.6 5:15 0.7 4.8 0.0 0.5 9.0 10:20 ENE 14 22.7 31.1 18:05 16.5 4:25 0.2 4.6 0.0 0.3 8.0 9:00 ENE 15 18.7 21.9 12:50 15.3 22:40 0.4 0.8 4.4 0.1 9.0 13:35 NW 16 17.4 21.7 13:30 14.9 00:00 1.3 0.4 0.2 2.0 15.0 23:35 NE 17 16.4 22.0 17:50 13.1 7:00 2.1 0.3 0.0 2.5 18.0 9:15 NE 18 16.8 18.6 11:40 14.6 2:00 1.6 0.0 1.6 0.5 12.0 20:45 SSE 19 16.3 19.1 14:00 13.5 5:00 2.1 0.0 0.0 0.7 15.0 15:45 SSE 20 16.5 19.6 12:05 13.4 00:00 1.9 0.1 14.8 1.6 21.0 16:35 SSE 21 13.8 17.8 17:40 9.1 23:40 4.5 0.0 0.0 0.2 11.0 9:45 NW 22 15.3 19.8 12:30 9.0 0:40 3.1 0.1 3.8 0.1 8.0 15:20 ENE 23 17.8 22.7 15:00 13.9 0:15 1.3 0.9 0.0 0.1 10.0 16:55 SSE 24 16.6 18.9 14:15 13.1 23:20 1.7 0.0 11.0 0.1 13.0 8:10 SSE 25 13.9 18.6 13:35 9.0 00:00 4.4 0.0 0.0 0.2 11.0 16:15 NW 26 15.4 22.1 15:10 8.9 0:05 3.5 0.6 0.2 0.0 7.0 18:20 NW 27 15.4 20.3 12:45 10.1 00:00 3.2 0.3 0.0 0.2 11.0 14:40 NW 28 16.4 23.7 14:05 9.7 0:45 3.0 1.1 0.2 0.0 1.0 9:20 NE 29 16.2 21.0 12:40 11.3 22:40 2.3 0.2 0.8 1.6 16.0 14:25 ENE 30 14.4 19.8 14:25 9.8 1:30 4.0 0.2 0.0 1.4 11.0 12:15 ENE 31 14.5 20.4 16:45 8.6 4:30 4.0 0.2 0.0 1.8 13.0 11:50 NE ------------------------------------------------------------------------------------- 16.7 31.1 14 7.6 9 79.3 28.1 58.6 0.7 22.0 2 SSE Max >= 32.0: 0 Max <= 0.0: 0 Min <= 0.0: 0 Min <= -18.0: 0 Max Rain: 14.81 ON 20/08/22 Days of Rain: 12 (> .2 mm) 7 (> 2 mm) 0 (> 20 mm) Heat Base: 18.3 Cool Base: 18.3 Method: Integration