2023: Jan | Feb | Mar | Apr | May | Jun | Jul | Aug | Sep | Oct | Nov | Dec 
2022: Jan | Feb | Mar | Apr | May | Jun | Jul | Aug | Sep | Oct | Nov | Dec 
2021: Jan | Feb | Mar | Apr | May | Jun | Jul | Aug | Sep | Oct | Nov | Dec 
2020: Jan | Feb | Mar | Apr | May | Jun | Jul | Aug | Sep | Oct | Nov | Dec 
2019: Jan | Feb | Mar | Apr | May | Jun | Jul | Aug | Sep | Oct | Nov | Dec 
2018: Jan | Feb | Mar | Apr | May | Jun | Jul | Aug | Sep | Oct | Nov | Dec 
2017: Jan | Feb | Mar | Apr | May | Jun | Jul | Aug | Sep | Oct | Nov | Dec 
2016: Jan | Feb | Mar | Apr | May | Jun | Jul | Aug | Sep | Oct | Nov | Dec 
2015: Jan | Feb | Mar | Apr | May | Jun | Jul | Aug | Sep | Oct | Nov | Dec 
2014: Jan | Feb | Mar | Apr | May | Jun | Jul | Aug | Sep | Oct | Nov | Dec 
2013: Jan | Feb | Mar | Apr | May | Jun | Jul | Aug | Sep | Oct | Nov | Dec 
2012: Jan | Feb | Mar | Apr | May | Jun | Jul | Aug | Sep | Oct | Nov | Dec 
2011: Jan | Feb | Mar | Apr | May | Jun | Jul | Aug | Sep | Oct | Nov | Dec 
2010: Jan | Feb | Mar | Apr | May | Jun | Jul | Aug | Sep | Oct | Nov | Dec 
2009: Jan | Feb | Mar | Apr | May | Jun | Jul | Aug | Sep | Oct | Nov | Dec 
2008: Jan | Feb | Mar | Apr | May | Jun | Jul | Aug | Sep | Oct | Nov | Dec 
2007: Jan | Feb | Mar | Apr | May | Jun | Jul | Aug | Sep | Oct | Nov | Dec 

Report for 2022 09
MONTHLY CLIMATOLOGICAL SUMMARY for SEP. 2022 NAME: VantagePro2 CITY: Urswick STATE: Cumbria ELEV: 128 ft LAT: 54 09' 33" N LONG: 3 07' 24" W TEMPERATURE (C), RAIN (mm), WIND SPEED (mph) HEAT COOL AVG MEAN DEG DEG WIND DOM DAY TEMP HIGH TIME LOW TIME DAYS DAYS RAIN SPEED HIGH TIME DIR ------------------------------------------------------------------------------------ 1 15.9 21.7 14:10 11.0 4:35 3.0 0.7 0.0 1.9 15.0 12:35 ENE 2 16.7 23.1 14:20 11.1 5:50 2.5 0.9 0.0 1.5 13.0 16:25 ENE 3 18.2 21.2 16:05 16.3 7:25 0.7 0.6 1.6 1.5 13.0 13:55 ENE 4 18.0 21.9 17:30 15.5 7:05 0.9 0.6 4.4 0.9 10.0 5:55 ENE 5 18.8 23.1 14:35 15.4 00:00 0.6 1.2 3.6 0.3 12.0 1:35 SSE 6 16.2 21.2 14:55 13.1 23:50 2.4 0.3 5.4 0.8 13.0 17:30 ENE 7 16.2 21.8 15:10 13.1 0:05 2.6 0.5 7.2 0.1 8.0 5:25 SSE 8 14.5 16.6 15:15 11.1 00:00 3.8 0.0 1.4 0.7 11.0 11:20 ENE 9 14.8 19.4 13:45 10.3 1:05 3.6 0.0 0.6 1.3 13.0 15:35 NE 10 15.6 19.8 13:20 10.4 00:00 2.8 0.1 0.0 1.0 10.0 11:25 ENE 11 14.9 20.8 14:35 9.3 4:10 3.7 0.3 11.8 0.3 11.0 23:30 SSE 12 15.8 17.5 11:10 10.9 22:55 2.5 0.0 6.8 0.8 14.0 20:25 NW 13 12.9 17.6 12:15 8.1 23:55 5.3 0.0 0.0 0.2 10.0 0:25 NW 14 11.9 17.1 12:45 6.2 4:25 6.3 0.0 0.2 1.1 14.0 15:15 NW 15 11.9 16.2 14:20 6.9 3:05 6.4 0.0 0.0 1.5 13.0 17:20 NW 16 9.8 15.3 16:05 4.6 00:00 8.5 0.0 0.0 1.4 12.0 10:05 NW 17 9.2 14.8 16:20 1.6 6:35 9.1 0.0 0.0 1.4 13.0 14:35 NW 18 13.0 16.2 13:15 9.8 23:45 5.3 0.0 3.4 2.1 18.0 15:20 NW 19 12.7 16.4 13:55 10.2 0:05 5.6 0.0 0.0 0.0 8.0 12:05 WNW 20 13.3 17.9 14:25 9.6 00:00 5.0 0.0 0.0 0.0 9.0 17:20 WNW 21 13.7 18.3 14:05 8.4 7:30 4.7 0.0 0.2 0.3 12.0 22:15 SSE 22 13.9 15.7 15:20 9.5 00:00 4.4 0.0 31.4 0.4 13.0 11:50 SSE 23 11.1 16.1 13:25 5.9 3:25 7.2 0.0 0.4 0.5 11.0 18:50 NW 24 9.3 16.4 13:35 3.1 6:15 9.0 0.0 0.0 0.6 13.0 11:25 NE 25 9.0 13.7 15:00 2.2 5:10 9.3 0.0 3.6 0.6 23.0 23:05 SW 26 11.2 13.8 13:45 5.2 00:00 7.1 0.0 1.4 4.5 20.0 14:05 NW 27 9.7 13.2 15:05 4.4 0:20 8.6 0.0 0.0 3.3 19.0 10:10 NW 28 8.8 13.7 12:55 2.2 4:15 9.5 0.0 2.6 1.4 14.0 21:05 NW 29 12.4 17.7 13:35 7.7 23:50 5.8 0.0 0.0 0.9 16.0 14:15 NE 30 11.3 14.9 15:55 7.2 1:35 7.0 0.0 30.4 1.2 21.0 14:15 SSE ------------------------------------------------------------------------------------- 13.4 23.1 2 1.6 17 153.3 5.3 116.4 1.1 23.0 25 NW Max >= 32.0: 0 Max <= 0.0: 0 Min <= 0.0: 0 Min <= -18.0: 0 Max Rain: 31.39 ON 22/09/22 Days of Rain: 18 (> .2 mm) 11 (> 2 mm) 2 (> 20 mm) Heat Base: 18.3 Cool Base: 18.3 Method: Integration