2023: Jan | Feb | Mar | Apr | May | Jun | Jul | Aug | Sep | Oct | Nov | Dec 
2022: Jan | Feb | Mar | Apr | May | Jun | Jul | Aug | Sep | Oct | Nov | Dec 
2021: Jan | Feb | Mar | Apr | May | Jun | Jul | Aug | Sep | Oct | Nov | Dec 
2020: Jan | Feb | Mar | Apr | May | Jun | Jul | Aug | Sep | Oct | Nov | Dec 
2019: Jan | Feb | Mar | Apr | May | Jun | Jul | Aug | Sep | Oct | Nov | Dec 
2018: Jan | Feb | Mar | Apr | May | Jun | Jul | Aug | Sep | Oct | Nov | Dec 
2017: Jan | Feb | Mar | Apr | May | Jun | Jul | Aug | Sep | Oct | Nov | Dec 
2016: Jan | Feb | Mar | Apr | May | Jun | Jul | Aug | Sep | Oct | Nov | Dec 
2015: Jan | Feb | Mar | Apr | May | Jun | Jul | Aug | Sep | Oct | Nov | Dec 
2014: Jan | Feb | Mar | Apr | May | Jun | Jul | Aug | Sep | Oct | Nov | Dec 
2013: Jan | Feb | Mar | Apr | May | Jun | Jul | Aug | Sep | Oct | Nov | Dec 
2012: Jan | Feb | Mar | Apr | May | Jun | Jul | Aug | Sep | Oct | Nov | Dec 
2011: Jan | Feb | Mar | Apr | May | Jun | Jul | Aug | Sep | Oct | Nov | Dec 
2010: Jan | Feb | Mar | Apr | May | Jun | Jul | Aug | Sep | Oct | Nov | Dec 
2009: Jan | Feb | Mar | Apr | May | Jun | Jul | Aug | Sep | Oct | Nov | Dec 
2008: Jan | Feb | Mar | Apr | May | Jun | Jul | Aug | Sep | Oct | Nov | Dec 
2007: Jan | Feb | Mar | Apr | May | Jun | Jul | Aug | Sep | Oct | Nov | Dec 

Report for 2022 10
MONTHLY CLIMATOLOGICAL SUMMARY for OCT. 2022 NAME: VantagePro2 CITY: Urswick STATE: Cumbria ELEV: 128 ft LAT: 54 09' 33" N LONG: 3 07' 24" W TEMPERATURE (C), RAIN (mm), WIND SPEED (mph) HEAT COOL AVG MEAN DEG DEG WIND DOM DAY TEMP HIGH TIME LOW TIME DAYS DAYS RAIN SPEED HIGH TIME DIR ------------------------------------------------------------------------------------ 1 13.5 15.5 15:45 12.3 7:30 4.8 0.0 0.0 1.2 15.0 13:20 SW 2 12.9 15.5 13:00 10.2 6:20 5.4 0.0 0.0 1.0 18.0 13:15 WNW 3 13.1 15.2 17:10 11.3 8:05 5.2 0.0 0.0 0.2 8.0 13:40 SSE 4 14.7 15.9 12:20 12.9 3:30 3.6 0.0 9.8 1.0 23.0 11:35 SSE 5 12.3 15.4 5:45 10.3 10:55 6.0 0.0 16.2 1.0 18.0 20:35 SW 6 14.1 16.1 15:15 11.4 0:50 4.3 0.0 0.8 2.6 21.0 15:55 SW 7 12.7 14.6 0:05 8.9 20:25 5.6 0.0 8.0 2.2 22.0 9:05 SSE 8 11.2 14.2 13:15 7.1 21:40 7.2 0.0 0.2 0.8 15.0 2:00 WNW 9 11.1 14.1 16:00 7.9 7:20 7.2 0.0 21.4 1.3 19.0 23:15 SE 10 9.9 13.0 13:20 5.3 2:30 8.3 0.0 0.6 1.7 18.0 15:25 NW 11 10.2 13.6 16:35 4.7 7:45 8.2 0.0 0.0 0.0 6.0 14:55 SE 12 11.2 14.3 14:25 7.3 22:55 7.1 0.0 10.4 0.4 13.0 12:00 SSE 13 8.8 13.7 14:25 2.1 7:30 9.5 0.0 3.0 0.0 7.0 22:50 SE 14 10.7 13.0 0:30 4.5 22:35 7.6 0.0 3.8 0.1 10.0 11:40 SSE 15 10.3 13.1 13:15 6.8 0:05 8.0 0.0 16.8 1.7 22.0 16:40 SSE 16 10.7 12.7 12:50 9.3 3:05 7.6 0.0 3.2 1.4 16.0 1:40 SW 17 13.2 15.4 13:55 10.3 0:05 5.1 0.0 0.6 2.0 20.0 12:55 SSE 18 9.3 14.2 15:05 4.0 7:40 9.0 0.0 0.0 0.6 14.0 18:40 ENE 19 10.9 13.3 14:20 8.4 0:05 7.4 0.0 0.4 6.9 27.0 15:35 ENE 20 12.2 12.8 15:50 10.6 00:00 6.2 0.0 8.4 1.3 22.0 0:50 ENE 21 12.8 16.3 14:10 10.1 5:45 5.5 0.0 1.4 0.6 12.0 12:00 ENE 22 13.6 16.5 14:05 11.8 18:10 4.7 0.0 2.6 0.6 15.0 10:25 SSE 23 13.2 14.5 15:05 12.0 21:20 5.1 0.0 6.0 0.7 18.0 10:10 ENE 24 12.3 14.1 14:30 9.6 5:40 6.0 0.0 4.0 0.0 9.0 20:00 SE 25 12.4 14.8 14:40 9.5 8:05 5.9 0.0 9.4 0.1 8.0 13:10 SE 26 14.0 16.4 13:20 12.4 23:50 4.3 0.0 11.0 1.2 14.0 10:30 SSE 27 13.8 16.5 15:00 10.5 2:05 4.5 0.0 2.6 0.0 7.0 22:25 SSE 28 13.6 15.4 14:20 11.3 23:35 4.7 0.0 3.6 0.6 13.0 15:20 SSE 29 12.1 15.5 19:05 9.9 3:30 6.3 0.0 11.2 1.1 19.0 10:20 ENE 30 12.4 14.9 13:05 9.9 1:25 5.9 0.0 0.6 0.7 14.0 13:05 SSE 31 12.2 13.9 13:35 10.9 2:30 6.1 0.0 4.6 1.1 18.0 22:05 SSE ------------------------------------------------------------------------------------- 12.1 16.5 22 2.1 13 192.2 0.0 160.6 1.1 27.0 19 SSE Max >= 32.0: 0 Max <= 0.0: 0 Min <= 0.0: 0 Min <= -18.0: 0 Max Rain: 21.41 ON 09/10/22 Days of Rain: 26 (> .2 mm) 19 (> 2 mm) 1 (> 20 mm) Heat Base: 18.3 Cool Base: 18.3 Method: Integration