2023: Jan | Feb | Mar | Apr | May | Jun | Jul | Aug | Sep | Oct | Nov | Dec 
2022: Jan | Feb | Mar | Apr | May | Jun | Jul | Aug | Sep | Oct | Nov | Dec 
2021: Jan | Feb | Mar | Apr | May | Jun | Jul | Aug | Sep | Oct | Nov | Dec 
2020: Jan | Feb | Mar | Apr | May | Jun | Jul | Aug | Sep | Oct | Nov | Dec 
2019: Jan | Feb | Mar | Apr | May | Jun | Jul | Aug | Sep | Oct | Nov | Dec 
2018: Jan | Feb | Mar | Apr | May | Jun | Jul | Aug | Sep | Oct | Nov | Dec 
2017: Jan | Feb | Mar | Apr | May | Jun | Jul | Aug | Sep | Oct | Nov | Dec 
2016: Jan | Feb | Mar | Apr | May | Jun | Jul | Aug | Sep | Oct | Nov | Dec 
2015: Jan | Feb | Mar | Apr | May | Jun | Jul | Aug | Sep | Oct | Nov | Dec 
2014: Jan | Feb | Mar | Apr | May | Jun | Jul | Aug | Sep | Oct | Nov | Dec 
2013: Jan | Feb | Mar | Apr | May | Jun | Jul | Aug | Sep | Oct | Nov | Dec 
2012: Jan | Feb | Mar | Apr | May | Jun | Jul | Aug | Sep | Oct | Nov | Dec 
2011: Jan | Feb | Mar | Apr | May | Jun | Jul | Aug | Sep | Oct | Nov | Dec 
2010: Jan | Feb | Mar | Apr | May | Jun | Jul | Aug | Sep | Oct | Nov | Dec 
2009: Jan | Feb | Mar | Apr | May | Jun | Jul | Aug | Sep | Oct | Nov | Dec 
2008: Jan | Feb | Mar | Apr | May | Jun | Jul | Aug | Sep | Oct | Nov | Dec 
2007: Jan | Feb | Mar | Apr | May | Jun | Jul | Aug | Sep | Oct | Nov | Dec 

Report for 2022 11
MONTHLY CLIMATOLOGICAL SUMMARY for NOV. 2022 NAME: VantagePro2 CITY: Urswick STATE: Cumbria ELEV: 128 ft LAT: 54 09' 33" N LONG: 3 07' 24" W TEMPERATURE (C), RAIN (mm), WIND SPEED (mph) HEAT COOL AVG MEAN DEG DEG WIND DOM DAY TEMP HIGH TIME LOW TIME DAYS DAYS RAIN SPEED HIGH TIME DIR ------------------------------------------------------------------------------------ 1 10.7 12.9 13:35 7.5 22:35 7.6 0.0 13.8 0.4 12.0 6:20 SSE 2 10.1 12.5 19:30 8.2 0:05 8.2 0.0 19.4 2.7 27.0 19:40 SSE 3 7.3 12.0 12:55 1.9 23:50 11.0 0.0 7.8 0.3 13.0 0:10 SSE 4 6.2 11.0 14:05 -0.4 4:40 12.1 0.0 2.0 0.4 14.0 13:30 WNW 5 8.7 11.9 15:45 4.1 22:35 9.6 0.0 13.6 0.3 10.0 14:05 SSE 6 8.8 10.9 13:10 5.2 0:05 9.5 0.0 7.4 0.4 13.0 20:50 SSE 7 11.2 12.8 23:20 9.1 6:05 7.1 0.0 11.2 0.7 12.0 23:20 SSE 8 10.4 12.6 0:05 9.0 18:45 7.8 0.0 16.6 1.6 22.0 12:35 SSE 9 11.0 12.6 00:00 9.8 7:10 7.3 0.0 4.4 1.0 16.0 22:05 SSE 10 13.6 14.3 20:40 12.6 0:05 4.7 0.0 0.0 5.0 27.0 15:00 SSE 11 14.2 15.8 13:15 13.2 5:30 4.1 0.0 0.0 2.9 23.0 3:00 SSE 12 11.9 13.4 0:05 10.3 9:05 6.4 0.0 0.0 0.2 9.0 11:25 SSW 13 11.9 15.8 13:30 8.7 23:10 6.3 0.0 0.0 1.2 10.0 14:40 ENE 14 10.4 12.9 13:10 7.9 7:00 7.9 0.0 1.4 0.1 8.0 12:00 ENE 15 8.4 11.0 12:10 3.2 19:25 9.9 0.0 26.4 0.2 10.0 13:30 SSW 16 7.7 10.2 13:35 6.3 3:55 10.6 0.0 0.2 1.1 14.0 13:45 ENE 17 8.6 9.4 11:50 7.4 1:10 9.7 0.0 11.6 1.3 10.0 14:35 NW 18 8.9 10.1 13:00 7.6 4:00 9.4 0.0 4.0 3.5 19.0 13:00 WNW 19 6.4 9.3 13:25 2.0 8:30 11.9 0.0 1.0 0.3 9.0 1:00 SSE 20 6.1 9.4 12:25 1.2 23:40 12.2 0.0 18.2 0.5 13.0 12:35 WNW 21 4.6 6.5 10:25 1.1 0:05 13.7 0.0 13.6 2.8 21.0 11:55 ENE 22 6.1 9.4 12:45 2.3 18:10 12.2 0.0 0.0 0.1 7.0 13:40 WNW 23 7.7 10.5 12:45 6.4 4:15 10.6 0.0 19.0 1.1 14.0 10:00 SSE 24 8.2 9.3 2:05 6.7 8:00 10.2 0.0 11.6 2.3 20.0 13:35 SSE 25 9.6 11.3 12:30 7.9 0:05 8.8 0.0 0.2 1.0 16.0 15:05 SW 26 9.6 11.2 23:35 7.9 5:45 8.7 0.0 4.2 1.6 18.0 22:05 SSE 27 9.1 11.9 1:15 6.6 9:30 9.2 0.0 3.6 0.4 12.0 0:05 SSE 28 5.7 9.2 13:35 0.2 23:25 12.6 0.0 0.8 0.1 7.0 0:40 SSE 29 2.5 4.9 13:20 -1.0 7:40 15.8 0.0 0.4 0.0 7.0 20:45 ENE 30 3.6 4.2 21:50 3.1 0:35 14.7 0.0 0.0 0.2 7.0 0:25 ENE ------------------------------------------------------------------------------------- 8.6 15.8 11 -1.0 29 289.8 0.0 212.4 1.1 27.0 2 SSE Max >= 32.0: 0 Max <= 0.0: 0 Min <= 0.0: 2 Min <= -18.0: 0 Max Rain: 26.39 ON 15/11/22 Days of Rain: 24 (> .2 mm) 18 (> 2 mm) 1 (> 20 mm) Heat Base: 18.3 Cool Base: 18.3 Method: Integration