2024: Jan | Feb | Mar | Apr | May | Jun | Jul | Aug | Sep | Oct | Nov | Dec 
2023: Jan | Feb | Mar | Apr | May | Jun | Jul | Aug | Sep | Oct | Nov | Dec 
2022: Jan | Feb | Mar | Apr | May | Jun | Jul | Aug | Sep | Oct | Nov | Dec 
2021: Jan | Feb | Mar | Apr | May | Jun | Jul | Aug | Sep | Oct | Nov | Dec 
2020: Jan | Feb | Mar | Apr | May | Jun | Jul | Aug | Sep | Oct | Nov | Dec 
2019: Jan | Feb | Mar | Apr | May | Jun | Jul | Aug | Sep | Oct | Nov | Dec 
2018: Jan | Feb | Mar | Apr | May | Jun | Jul | Aug | Sep | Oct | Nov | Dec 
2017: Jan | Feb | Mar | Apr | May | Jun | Jul | Aug | Sep | Oct | Nov | Dec 
2016: Jan | Feb | Mar | Apr | May | Jun | Jul | Aug | Sep | Oct | Nov | Dec 
2015: Jan | Feb | Mar | Apr | May | Jun | Jul | Aug | Sep | Oct | Nov | Dec 
2014: Jan | Feb | Mar | Apr | May | Jun | Jul | Aug | Sep | Oct | Nov | Dec 
2013: Jan | Feb | Mar | Apr | May | Jun | Jul | Aug | Sep | Oct | Nov | Dec 
2012: Jan | Feb | Mar | Apr | May | Jun | Jul | Aug | Sep | Oct | Nov | Dec 
2011: Jan | Feb | Mar | Apr | May | Jun | Jul | Aug | Sep | Oct | Nov | Dec 
2010: Jan | Feb | Mar | Apr | May | Jun | Jul | Aug | Sep | Oct | Nov | Dec 
2009: Jan | Feb | Mar | Apr | May | Jun | Jul | Aug | Sep | Oct | Nov | Dec 
2008: Jan | Feb | Mar | Apr | May | Jun | Jul | Aug | Sep | Oct | Nov | Dec 
2007: Jan | Feb | Mar | Apr | May | Jun | Jul | Aug | Sep | Oct | Nov | Dec 

Report for 2024 06
MONTHLY CLIMATOLOGICAL SUMMARY for JUN. 2024 NAME: VantagePro2 CITY: Urswick STATE: Cumbria ELEV: 39 m LAT: 54 09' 33" N LONG: 3 07' 24" W TEMPERATURE (C), RAIN (mm), WIND SPEED (mph) HEAT COOL AVG MEAN DEG DEG WIND DOM DAY TEMP HIGH TIME LOW TIME DAYS DAYS RAIN SPEED HIGH TIME DIR ------------------------------------------------------------------------------------ 1 14.0 19.3 18:00 7.1 4:48 4.4 0.1 0.0 1.0 12.0 13:11 WNW 2 13.4 16.7 14:29 9.2 5:15 4.9 0.0 0.0 2.0 16.0 14:13 WNW 3 14.2 16.5 20:18 12.3 2:45 4.1 0.0 0.0 1.1 13.0 10:39 WNW 4 12.4 14.1 16:28 8.6 23:46 5.9 0.0 6.4 3.7 23.0 17:41 WNW 5 10.2 13.9 14:12 7.3 23:27 8.1 0.0 3.0 2.1 18.0 12:13 SW 6 11.3 15.4 14:51 6.9 1:39 6.9 0.0 0.2 1.3 13.0 12:16 SSW 7 12.1 15.5 14:36 8.4 3:29 6.2 0.0 0.8 1.6 19.0 13:41 SSW 8 12.3 14.7 17:25 9.4 6:28 7.1 0.0 0.8 3.0 20.0 11:21 WNW 9 11.0 14.6 13:44 8.6 22:32 7.3 0.0 7.6 2.7 18.0 10:36 WNW 10 11.2 15.2 17:35 7.0 4:43 7.1 0.0 4.0 2.8 19.0 18:18 WNW 11 10.8 15.5 12:54 6.9 4:01 7.5 0.0 0.0 1.1 11.0 15:13 WNW 12 10.3 14.2 10:48 4.3 23:57 8.0 0.0 0.0 0.9 11.0 14:04 WNW 13 10.4 16.2 11:16 3.6 2:58 7.9 0.0 5.2 1.5 15.0 20:44 SE 14 12.8 17.1 18:05 8.2 23:17 6.5 0.0 3.8 1.0 11.0 12:43 SE 15 10.6 12.8 11:05 7.8 22:37 7.7 0.0 18.4 0.6 8.0 9:13 WNW 16 11.8 17.3 16:12 5.8 5:06 6.5 0.0 4.2 1.4 13.0 10:44 SSW 17 14.0 17.4 13:59 11.4 0:42 4.3 0.0 0.0 2.1 14.0 17:12 WNW 18 13.8 18.4 18:19 11.1 23:56 4.5 0.0 1.6 1.3 10.0 13:03 WNW 19 14.3 19.9 13:44 9.3 5:03 4.1 0.1 0.0 0.7 8.0 17:56 NE 20 15.0 21.7 15:28 8.1 4:23 3.8 0.6 0.0 0.4 8.0 16:04 SE 21 14.3 19.5 14:17 8.1 3:37 4.1 0.1 0.0 0.8 9.0 14:03 SE 22 15.5 19.3 14:42 12.6 5:06 2.8 0.0 1.8 0.9 10.0 10:04 SW 23 16.0 19.5 13:56 10.3 23:54 2.3 0.0 0.6 1.1 10.0 16:39 WNW 24 17.3 23.2 13:22 8.3 4:32 3.0 1.8 0.0 0.8 11.0 17:28 WNW 25 17.2 20.9 13:13 15.4 4:45 0.8 0.2 0.0 0.9 11.0 12:02 WNW 26 27 28 29 30 ------------------------------------------------------------------------------------- 13.1 23.2 24 3.6 13 136.0 2.9 58.4 1.5 23.0 4 WNW Max >= 32.0: 0 Max <= 0.0: 0 Min <= 0.0: 0 Min <= -18.0: 0 Max Rain: 18.39 ON 15/06/24 Days of Rain: 14 (> .2 mm) 8 (> 2 mm) 0 (> 20 mm) Heat Base: 18.3 Cool Base: 18.3 Method: Integration